Calalzo di Cadore, Italia

46° 26.57' N | 012° 23.33' E | 795 meter | Show on map

Climate Summary April 2017

04/21/19 01:05:00 CEST

Station: LaCrosse WS23xx
Software: WeeWX v3.7.0
Weewx uptime: 1 Giorno, 9 Ore, 44 Minuti
Server uptime: 1 Giorno, 9 Ore, 43 Minuti
                   MONTHLY CLIMATOLOGICAL SUMMARY for Apr 2017

NAME: Calalzo di Cadore, Italia                  
ELEV: 795 meter    LAT: 46-26.57 N    LONG: 012-23.33 E

                   TEMPERATURA(°C), PIOGGIA (mm), VENTO (m/s)

                                             AVG                                     HEAT    COOL
         Temp         Temp.                  WIND                   DOM       MEAN   DEG     DEG
Giorno   MAX   ORA    MINIMA  ORA   PIOGGIA  SPEED   HIGH   TIME    DIR       TEMP   DAYS    DAYS
---------------------------------------------------------------------------------------
  01     17.9  15:08    4.1  07:03     0.0    0.6    6.9  13:30    204  
  02     17.9  14:54    1.7  07:19     0.0    0.5    5.2  17:50    193  
  03     21.3  14:34    3.3  07:22     0.0    0.6    8.6  18:35     53  
  04     15.4  14:10    5.8  04:11     2.6    0.4   51.0  01:15     77  
  05     13.9  16:02    4.1  07:54     7.2    0.3    4.3  15:10    175  
  06     17.9  14:59    5.0  08:01     0.0    0.4    5.3  11:35     63  
  07     15.8  14:55    0.9  06:04     0.0    1.1   51.0  04:45    213  
  08     19.8  12:51    4.3  05:17     0.0    1.0    8.5  15:20    216  
  09     19.6  14:51    4.0  07:35     0.0    0.9    8.5  15:30    217  
  10     20.5  14:45    5.2  06:29     1.0    0.8   51.0  10:45    214  
  11     18.4  12:00    6.1  06:43     0.0    0.5    6.4  13:35    222  
  12     15.9  14:59    4.8  06:42     0.0    0.8    7.0  17:20    213  
  13     19.5  15:18    6.1  04:34     0.0    0.8   51.0  10:15    205  
  14     19.1  13:18    6.9  06:15     1.0    1.1    9.2  17:20    209  
  15     15.6  11:46    8.6  05:46     2.1    0.4    6.2  13:25    196  
  16     16.4  16:00    6.3  06:35     0.0    0.5   51.0  12:40     54  
  17     10.9  10:56    3.5  06:48     0.0    1.3    8.8  13:15    211  
  18     10.9  12:04    1.5  23:48     1.0    1.2    9.2  13:05     58  
  19      8.4  12:40   -0.9  05:18     0.0    2.0   10.1  12:20     60  
  20     10.4  14:44   -2.1  06:32     0.0    1.4    8.8  16:50     56  
  21     12.9  14:27   -3.3  07:03     0.0    1.2   51.0  20:15    211  
  22     14.8  14:34   -0.2  06:25     0.0    1.0    9.2  15:00    212  
  23     15.3  14:41    3.2  06:08     0.0    1.7   12.4  15:35    214  
  24     13.9  13:18    6.6  06:58     0.0    1.0    8.8  13:30    218  
  25     10.3  17:50    6.4  06:55     2.6    0.0   51.0  03:45    239  
  26      8.9  13:18    5.8  23:42    26.9    0.1   51.0  06:50    208  
  27     12.6  12:35    5.4  03:29    32.6    0.1    4.5  10:55    182  
  28     11.4  12:29    0.9  23:45    16.6    0.5   51.0  13:50    194  
  29     14.2  14:24   -1.1  05:47     0.0    0.4    5.8  14:00    163  
  30     15.5  08:55    2.3  00:00     0.0    0.7    8.4  11:00    214  
---------------------------------------------------------------------------------------
  T.max      Giorno      T.min.   Giorno    Tot.pioggia    vento
  21.3   03   -3.3  21   93.8   51.0
 286.1 
   0.0 
   0.8     
 04
    197     8.8