Calalzo di Cadore, Veneto

46° 26.33' N | 012° 22.85' E | 800 meter | Show on map

Climate Summary April 2017

28/02/2020 00:05:00 CET

Station: LaCrosse WS-2357
Software: WeeWX v3.9.2
Weewx uptime: 0 giorni, 8 ore, 27 minuti
Server uptime: 4 giorni, 11 ore, 53 minuti
                   MONTHLY CLIMATOLOGICAL SUMMARY for apr 2017


NAME: Calalzo di Cadore, Veneto                  
ELEV: 800 meter    LAT: 46-26.33 N    LONG: 012-22.85 E


                   TEMPERATURE (°C), RAIN (mm), WIND SPEED (km/h)

                                         HEAT   COOL         AVG
      MEAN                               DEG    DEG          WIND                   DOM
DAY   TEMP   HIGH   TIME    LOW   TIME   DAYS   DAYS   RAIN  SPEED   HIGH   TIME    DIR
---------------------------------------------------------------------------------------
 01    4,3    4,4  06:15    4,2  07:10   14,0    0,0    0,0    2,1   24,8  13:30    204
 02    2,8    4,3  02:25    1,8  07:20   15,5    0,0    0,0    1,8   18,7  17:50    193
 03    3,8    4,4  05:05    3,4  07:25   14,5    0,0    0,0    2,0   31,0  18:35     53
 04    N/A    N/A    N/A    N/A    N/A    0,0    0,0    2,6    1,5  183,6  01:15     77
 05    4,3    4,4  07:25    4,2  08:15   14,0    0,0    7,2    1,2   15,5  15:10    175
 06    N/A    N/A    N/A    N/A    N/A    0,0    0,0    0,0    1,4   19,1  11:35     63
 07    2,4    4,4  08:30    1,0  06:05   15,9    0,0    0,0    3,9  183,6  04:45    213
 08    4,4    4,4  07:05    4,3  05:35   13,9    0,0    0,0    3,7   30,6  15:20    216
 09    4,2    4,4  06:25    4,1  07:45   14,1    0,0    0,0    3,2   30,6  15:30    217
 10    N/A    N/A    N/A    N/A    N/A    0,0    0,0    1,0    3,0  183,6  10:45    214
 11    N/A    N/A    N/A    N/A    N/A    0,0    0,0    0,0    1,8   23,0  13:35    222
 12    N/A    N/A    N/A    N/A    N/A    0,0    0,0    0,0    2,7   25,2  17:20    213
 13    N/A    N/A    N/A    N/A    N/A    0,0    0,0    0,0    2,9  183,6  10:15    205
 14    N/A    N/A    N/A    N/A    N/A    0,0    0,0    1,0    4,1   33,1  17:20    209
 15    N/A    N/A    N/A    N/A    N/A    0,0    0,0    2,1    1,4   22,3  13:25    196
 16    N/A    N/A    N/A    N/A    N/A    0,0    0,0    0,0    1,9  183,6  12:40     54
 17    4,1    4,4  22:20    3,6  06:50   14,2    0,0    0,0    4,7   31,7  13:15    211
 18    3,3    4,4  01:40    1,6  23:50   15,1    0,0    1,0    4,4   33,1  13:05     58
 19    1,8    4,4  08:20   -0,9  05:25   16,5    0,0    0,0    7,3   36,4  12:20     60
 20    0,8    4,4  20:40   -2,1  06:50   17,5    0,0    0,0    5,2   31,7  16:50     56
 21   -0,8    4,4  23:15   -3,2  06:00   19,1    0,0    0,0    4,4  183,6  20:15    211
 22    1,4    3,8  08:55   -0,2  06:25   16,9    0,0    0,0    3,6   33,1  15:00    212
 23    3,7    4,4  04:25    3,2  06:45   14,7    0,0    0,0    6,2   44,6  15:35    214
 24    N/A    N/A    N/A    N/A    N/A    0,0    0,0    0,0    3,6   31,7  13:30    218
 25    N/A    N/A    N/A    N/A    N/A    0,0    0,0    2,6    0,1  183,6  03:45    239
 26    N/A    N/A    N/A    N/A    N/A    0,0    0,0   26,9    0,5  183,6  06:50    208
 27    N/A    N/A    N/A    N/A    N/A    0,0    0,0   32,6    0,5   16,2  10:55    182
 28    1,7    4,1  18:25  -17,8  20:40   16,6    0,0   16,6    1,6  183,6  13:50    194
 29    1,0    4,4  18:20  -17,8  21:00   17,3    0,0    0,0    1,3   20,9  14:00    163
 30    3,5    4,4  22:10    2,4  00:05   14,8    0,0    0,0    2,6   30,2  11:00    214
---------------------------------------------------------------------------------------
       1,9    4,4     17  -17,8     28  264,9    0,0   93,8    2,8  183,6     04    197
    
Updated: 10/11/2019 13:25:00