Calalzo di Cadore, Veneto

46° 26.33' N | 012° 22.85' E | 800 meter | Show on map

Climate Summary May 2017

27/02/2020 23:40:00 CET

Station: LaCrosse WS-2357
Software: WeeWX v3.9.2
Weewx uptime: 0 giorni, 8 ore, 2 minuti
Server uptime: 4 giorni, 11 ore, 28 minuti
                   MONTHLY CLIMATOLOGICAL SUMMARY for mag 2017


NAME: Calalzo di Cadore, Veneto                  
ELEV: 800 meter    LAT: 46-26.33 N    LONG: 012-22.85 E


                   TEMPERATURE (°C), RAIN (mm), WIND SPEED (km/h)

                                         HEAT   COOL         AVG
      MEAN                               DEG    DEG          WIND                   DOM
DAY   TEMP   HIGH   TIME    LOW   TIME   DAYS   DAYS   RAIN  SPEED   HIGH   TIME    DIR
---------------------------------------------------------------------------------------
 01    N/A    N/A    N/A    N/A    N/A    0,0    0,0    8,8    3,3   22,7  15:00    200
 02    4,3    4,4  06:30    4,2  04:35   14,0    0,0    0,5    4,1   29,9  14:35    204
 03    N/A    N/A    N/A    N/A    N/A    0,0    0,0    3,1    1,2  183,6  14:35     77
 04    N/A    N/A    N/A    N/A    N/A    0,0    0,0    2,1    1,4  183,6  02:50    199
 05    N/A    N/A    N/A    N/A    N/A    0,0    0,0    0,0    2,6   28,8  16:40    220
 06    N/A    N/A    N/A    N/A    N/A    0,0    0,0   10,4    3,0   32,4  13:50    211
 07    N/A    N/A    N/A    N/A    N/A    0,0    0,0    1,0    1,1  183,6  02:10    206
 08    N/A    N/A    N/A    N/A    N/A    0,0    0,0    0,0    0,9   21,2  18:05    215
 09    N/A    N/A    N/A    N/A    N/A    0,0    0,0    0,0    3,8  183,6  16:20    219
 10    N/A    N/A    N/A    N/A    N/A    0,0    0,0    0,0    4,4   30,6  16:15    214
 11    N/A    N/A    N/A    N/A    N/A    0,0    0,0    3,1    2,9  183,6  01:25    206
 12    N/A    N/A    N/A    N/A    N/A    0,0    0,0    5,2    1,9  183,6  21:10    211
 13    N/A    N/A    N/A    N/A    N/A    0,0    0,0    0,0    2,0   29,9  14:40    209
 14    N/A    N/A    N/A    N/A    N/A    0,0    0,0    8,3    2,9   25,6  16:45    203
 15    N/A    N/A    N/A    N/A    N/A    0,0    0,0    9,8    0,5   14,8  15:05     18
 16    N/A    N/A    N/A    N/A    N/A    0,0    0,0    0,0    2,8   25,6  16:25    216
 17    N/A    N/A    N/A    N/A    N/A    0,0    0,0    0,0    3,3   27,7  17:40    204
 18    N/A    N/A    N/A    N/A    N/A    0,0    0,0    0,0    3,3  183,6  21:10    209
 19    N/A    N/A    N/A    N/A    N/A    0,0    0,0    2,6    2,3   33,1  18:25    209
 20    N/A    N/A    N/A    N/A    N/A    0,0    0,0    0,0    1,5  183,6  07:05    190
 21    N/A    N/A    N/A    N/A    N/A    0,0    0,0    0,0    1,4   15,5  16:30    114
 22    N/A    N/A    N/A    N/A    N/A    0,0    0,0    1,0    0,7   20,2  22:50     27
 23    N/A    N/A    N/A    N/A    N/A    0,0    0,0    0,0    0,9  183,6  03:05     97
 24    N/A    N/A    N/A    N/A    N/A    0,0    0,0    0,0    0,3  183,6  00:10    347
 25    N/A    N/A    N/A    N/A    N/A    0,0    0,0    0,0    4,1   29,5  14:40    213
 26    N/A    N/A    N/A    N/A    N/A    0,0    0,0    0,0    2,6  183,6  04:35    215
 27    N/A    N/A    N/A    N/A    N/A    0,0    0,0    0,0    2,9  183,6  19:30    215
 28    N/A    N/A    N/A    N/A    N/A    0,0    0,0    0,0    3,8   26,6  15:15    209
 29    N/A    N/A    N/A    N/A    N/A    0,0    0,0    0,0    3,4  183,6  02:25    206
 30    N/A    N/A    N/A    N/A    N/A    0,0    0,0    2,1    0,7   23,8  11:45    208
 31    N/A    N/A    N/A    N/A    N/A    0,0    0,0    2,1    2,8  183,6  08:55    187
---------------------------------------------------------------------------------------
       4,3    4,4     02    4,2     02   14,0    0,0   60,1    2,4  183,6     03    209
    
Updated: 10/11/2019 13:25:00