Calalzo di Cadore, Italia

46° 26.57' N | 012° 23.33' E | 795 meter | Show on map

Climate Summary May 2017

02/16/19 01:12:00 CET

Station: LaCrosse WS23xx
Software: WeeWX v3.7.0
Weewx uptime: 6 Giorni, 2 Ore, 0 Minuti
Server uptime: 38 Giorni, 11 Ore, 3 Minuti
                   MONTHLY CLIMATOLOGICAL SUMMARY for May 2017

NAME: Calalzo di Cadore, Italia                  
ELEV: 795 meter    LAT: 46-26.57 N    LONG: 012-23.33 E

                   TEMPERATURA(°C), PIOGGIA (mm), VENTO (m/s)

                                             AVG                                     HEAT    COOL
         Temp         Temp.                  WIND                   DOM       MEAN   DEG     DEG
Giorno   MAX   ORA    MINIMA  ORA   PIOGGIA  SPEED   HIGH   TIME    DIR       TEMP   DAYS    DAYS
---------------------------------------------------------------------------------------
  01     14.8  12:00    4.5  00:00     8.8    0.9    6.3  15:00    200  
  02     15.5  16:02    4.2  04:30     0.5    1.2    8.3  14:35    204  
  03     11.9  13:30    5.1  05:53     3.1    0.3   51.0  14:35     77  
  04     11.7  16:28    5.5  06:05     2.1    0.4   51.0  02:50    199  
  05     17.8  12:42    4.9  05:33     0.0    0.7    8.0  16:40    220  
  06     15.5  12:09    7.3  22:31    10.4    0.8    9.0  13:50    211  
  07     17.5  13:08    6.8  05:37     1.0    0.3   51.0  02:10    206  
  08     18.0  14:13    4.9  05:29     0.0    0.3    5.9  18:05    215  
  09     16.2  13:40    6.6  06:14     0.0    1.1   51.0  16:20    219  
  10     13.9  14:16    6.9  07:45     0.0    1.2    8.5  16:15    214  
  11     16.7  13:57  -30.0  04:41     3.1    0.8   51.0  01:25    206  
  12     19.5  15:30    9.3  06:28     5.2    0.5   51.0  21:10    211  
  13     20.1  14:33    9.6  06:12     0.0    0.6    8.3  14:40    209  
  14     22.1  13:34   10.8  23:56     8.3    0.8    7.1  16:45    203  
  15     21.0  15:27    9.3  05:18     9.8    0.1    4.1  15:05     18  
  16     22.7  15:21    6.6  06:02     0.0    0.8    7.1  16:25    216  
  17     22.8  14:13    8.9  06:05     0.0    0.9    7.7  17:40    204  
  18     21.3  16:03   14.2  23:55     0.0    0.9   51.0  21:10    209  
  19     21.2  13:48   10.6  23:04     2.6    0.6    9.2  18:25    209  
  20     17.0  13:28    8.9  05:35     0.0    0.4   51.0  07:05    190  
  21     22.9  14:58    7.1  05:33     0.0    0.4    4.3  16:30    114  
  22     14.9  08:53    7.9  06:09     1.0    0.2    5.6  22:50     27  
  23     24.9  15:36    8.3  05:32     0.0    0.2   51.0  03:05     97  
  24     23.6  15:13   12.4  05:55     0.0    0.1   51.0  00:10    347  
  25     21.0  12:51   10.8  05:48     0.0    1.1    8.2  14:40    213  
  26     21.8  15:05    9.9  05:42     0.0    0.7   51.0  04:35    215  
  27     24.4  14:55   10.6  05:10     0.0    0.8   51.0  19:30    215  
  28     25.6  15:24   13.2  06:08     0.0    1.1    7.4  15:15    209  
  29     25.8  15:48   12.5  06:03     0.0    1.0   51.0  02:25    206  
  30     24.4  11:45   13.3  04:53     2.1    0.2    6.6  11:45    208  
  31     25.5  14:13   12.1  05:54     2.1    0.8   51.0  08:55    187  
---------------------------------------------------------------------------------------
  T.max      Giorno      T.min.   Giorno    Tot.pioggia    vento
  25.8   29  -30.0  11   60.1   51.0
 149.3 
   2.3 
   0.7     
 03
    209    13.7