Calalzo di Cadore, Italia

46° 26.57' N | 012° 23.33' E | 795 meter | Show on map

Climate Summary July 2017

02/16/19 01:12:00 CET

Station: LaCrosse WS23xx
Software: WeeWX v3.7.0
Weewx uptime: 6 Giorni, 2 Ore, 0 Minuti
Server uptime: 38 Giorni, 11 Ore, 3 Minuti
                   MONTHLY CLIMATOLOGICAL SUMMARY for lug 2017

NAME: Calalzo di Cadore, Italia                  
ELEV: 795 meter    LAT: 46-26.57 N    LONG: 012-23.33 E

                   TEMPERATURA(°C), PIOGGIA (mm), VENTO (m/s)

                                             AVG                                     HEAT    COOL
         Temp         Temp.                  WIND                   DOM       MEAN   DEG     DEG
Giorno   MAX   ORA    MINIMA  ORA   PIOGGIA  SPEED   HIGH   TIME    DIR       TEMP   DAYS    DAYS
---------------------------------------------------------------------------------------
  01     22,3  14:37    8,6  04:09     1,6    0,7   51,0  01:30    205  
  02     22,2  15:04    9,8  06:02     0,0    0,0    1,1  14:15    176  
  03     25,3  12:23   11,2  06:26     0,5    0,3    6,9  16:00    211  
  04     24,9  14:42   14,4  06:05     2,1    0,3    6,3  18:00    209  
  05     26,8  14:39   14,9  23:25     1,6    0,2    7,0  16:25    173  
  06     28,4  15:38   12,9  05:03     0,5    0,4   25,5  06:30    221  
  07     28,3  12:31   15,3  23:10     0,0    0,1   51,0  02:40     31  
  08     29,3  14:21   14,6  05:34     7,2    0,3   51,0  07:40    217  
  09     28,6  14:14   15,2  05:50     1,6    0,3    7,7  15:55    210  
  10     26,1  11:33   17,3  06:03     0,5    0,5    6,7  17:05    195  
  11     25,8  15:28   15,3  04:40     2,6    0,4    9,3  17:40    208  
  12     25,9  12:44   14,4  06:05     0,0    0,4   51,0  22:15    194  
  13     26,5  11:36   14,9  06:00     7,8    0,7    6,7  16:25    192  
  14     22,9  16:25   14,9  05:25    22,8    0,3    4,7  14:10    183  
  15     24,8  16:22   12,2  06:19     0,5    0,5    7,2  13:35     43  
  16     24,7  15:05    8,8  05:48     0,0    0,8   51,0  01:25    181  
  17     24,9  16:07    9,9  05:27     0,0    0,5   51,0  10:00    206  
  18     27,1  15:15   15,6  04:49     4,7    0,5    8,1  15:55    197  
  19     25,9  13:54   14,1  05:55    12,9    0,1    7,3  14:20    325  
  20     25,7  13:55   15,2  03:40     0,0    0,6    6,8  13:05    188  
  21     27,8  15:09   14,3  06:05     0,0    0,6    7,7  16:10    187  
  22     27,9  13:54   15,7  05:33     0,0    0,4   51,0  02:25    185  
  23     27,6  14:19   17,1  05:10     0,0    0,8   10,4  17:55    192  
  24     23,2  13:01   10,3  23:57    39,4    0,3    6,6  06:40    136  
  25     21,3  14:47    8,3  05:28     1,0    0,3    3,5  12:20    135  
  26     19,9  17:07    8,6  05:34     0,0    0,2   51,0  02:50    186  
  27     23,6  14:10   11,1  06:07     0,0    0,4    4,9  16:10    199  
  28     24,8  14:27   12,7  05:58     0,0    0,4   51,0  23:40    193  
  29     26,6  15:26   16,3  01:10     0,0    0,6   51,0  14:25    195  
  30     25,7  15:56   15,9  23:59     7,2    0,4    6,3  23:10    201  
  31     28,5  16:23   13,6  06:23     1,5    0,4   51,0  00:15    228  
---------------------------------------------------------------------------------------
  T.max      Giorno      T.min.   Giorno    Tot.pioggia    vento
  29,3   08    8,3  25  116,0   51,0
  21,2 
  42,4 
   0,4     
 01
    197    19,0