Calalzo di Cadore, Veneto

46° 26.33' N | 012° 22.85' E | 800 meter | Show on map

Climate Summary July 2017

28/02/2020 01:30:00 CET

Station: LaCrosse WS-2357
Software: WeeWX v3.9.2
Weewx uptime: 0 giorni, 9 ore, 52 minuti
Server uptime: 4 giorni, 13 ore, 18 minuti
                   MONTHLY CLIMATOLOGICAL SUMMARY for lug 2017


NAME: Calalzo di Cadore, Veneto                  
ELEV: 800 meter    LAT: 46-26.33 N    LONG: 012-22.85 E


                   TEMPERATURE (°C), RAIN (mm), WIND SPEED (km/h)

                                         HEAT   COOL         AVG
      MEAN                               DEG    DEG          WIND                   DOM
DAY   TEMP   HIGH   TIME    LOW   TIME   DAYS   DAYS   RAIN  SPEED   HIGH   TIME    DIR
---------------------------------------------------------------------------------------
 01    N/A    N/A    N/A    N/A    N/A    0,0    0,0    1,6    2,5  183,6  01:30    205
 02    N/A    N/A    N/A    N/A    N/A    0,0    0,0    0,0    0,0    4,0  14:15    176
 03    N/A    N/A    N/A    N/A    N/A    0,0    0,0    0,5    0,9   24,8  16:00    211
 04    N/A    N/A    N/A    N/A    N/A    0,0    0,0    2,1    1,0   22,7  18:00    209
 05    N/A    N/A    N/A    N/A    N/A    0,0    0,0    1,6    0,8   25,2  16:25    173
 06    N/A    N/A    N/A    N/A    N/A    0,0    0,0    0,5    1,5   91,8  06:30    221
 07    N/A    N/A    N/A    N/A    N/A    0,0    0,0    0,0    0,5  183,6  02:40     31
 08    N/A    N/A    N/A    N/A    N/A    0,0    0,0    7,2    1,2  183,6  07:40    217
 09    N/A    N/A    N/A    N/A    N/A    0,0    0,0    1,6    1,2   27,7  15:55    210
 10    N/A    N/A    N/A    N/A    N/A    0,0    0,0    0,5    1,9   24,1  17:05    195
 11    N/A    N/A    N/A    N/A    N/A    0,0    0,0    2,6    1,6   33,5  17:40    208
 12    N/A    N/A    N/A    N/A    N/A    0,0    0,0    0,0    1,4  183,6  22:15    194
 13    N/A    N/A    N/A    N/A    N/A    0,0    0,0    7,8    2,4   24,1  16:25    192
 14    N/A    N/A    N/A    N/A    N/A    0,0    0,0   22,8    1,1   16,9  14:10    183
 15    N/A    N/A    N/A    N/A    N/A    0,0    0,0    0,5    1,8   25,9  13:35     43
 16    N/A    N/A    N/A    N/A    N/A    0,0    0,0    0,0    2,8  183,6  01:25    181
 17    N/A    N/A    N/A    N/A    N/A    0,0    0,0    0,0    1,8  183,6  10:00    206
 18    N/A    N/A    N/A    N/A    N/A    0,0    0,0    4,7    2,0   29,2  15:55    197
 19    N/A    N/A    N/A    N/A    N/A    0,0    0,0   12,9    0,4   26,3  14:20    325
 20    N/A    N/A    N/A    N/A    N/A    0,0    0,0    0,0    2,3   24,5  13:05    188
 21    N/A    N/A    N/A    N/A    N/A    0,0    0,0    0,0    2,1   27,7  16:10    187
 22    N/A    N/A    N/A    N/A    N/A    0,0    0,0    0,0    1,4  183,6  02:25    185
 23    N/A    N/A    N/A    N/A    N/A    0,0    0,0    0,0    3,1   37,4  17:55    192
 24    N/A    N/A    N/A    N/A    N/A    0,0    0,0   39,4    1,1   23,8  06:40    136
 25    N/A    N/A    N/A    N/A    N/A    0,0    0,0    1,0    1,1   12,6  12:20    135
 26    N/A    N/A    N/A    N/A    N/A    0,0    0,0    0,0    0,6  183,6  02:50    186
 27    N/A    N/A    N/A    N/A    N/A    0,0    0,0    0,0    1,4   17,6  16:10    199
 28    N/A    N/A    N/A    N/A    N/A    0,0    0,0    0,0    1,4  183,6  23:40    193
 29    N/A    N/A    N/A    N/A    N/A    0,0    0,0    0,0    2,3  183,6  14:25    195
 30    N/A    N/A    N/A    N/A    N/A    0,0    0,0    7,2    1,5   22,7  23:10    201
 31    N/A    N/A    N/A    N/A    N/A    0,0    0,0    1,5    1,3  183,6  00:15    228
---------------------------------------------------------------------------------------
       N/A    N/A       N/A    N/A       N/A    0,0    0,0  116,0    1,5  183,6     01    197
    
Updated: 10/11/2019 13:25:00