Calalzo di Cadore, Italia

46° 26.57' N | 012° 23.33' E | 795 meter | Show on map

Climate Summary August 2017

02/16/19 01:12:00 CET

Station: LaCrosse WS23xx
Software: WeeWX v3.7.0
Weewx uptime: 6 Giorni, 2 Ore, 0 Minuti
Server uptime: 38 Giorni, 11 Ore, 3 Minuti
                   MONTHLY CLIMATOLOGICAL SUMMARY for Aug 2017

NAME: Calalzo di Cadore, Italia                  
ELEV: 795 meter    LAT: 46-26.57 N    LONG: 012-23.33 E

                   TEMPERATURA(°C), PIOGGIA (mm), VENTO (m/s)

                                             AVG                                     HEAT    COOL
         Temp         Temp.                  WIND                   DOM       MEAN   DEG     DEG
Giorno   MAX   ORA    MINIMA  ORA   PIOGGIA  SPEED   HIGH   TIME    DIR       TEMP   DAYS    DAYS
---------------------------------------------------------------------------------------
  01     30.6  15:11   15.3  06:30     0.0    0.7    8.6  17:35    208  
  02     31.8  14:09   17.0  06:22     4.7    0.5    9.0  17:10    202  
  03     31.5  14:12   14.9  05:48     0.0    0.5    8.2  18:55    203  
  04     31.5  13:21   18.4  06:10     2.6    0.7   51.0  19:05    200  
  05     31.6  14:55   18.5  05:45     6.7    0.4   51.0  03:20    165  
  06     30.1  12:18   14.9  23:35     9.8    0.3   51.0  01:25    165  
  07     25.8  13:23   11.8  06:29     0.0    0.5   51.0  05:05    200  
  08     26.6  15:11   15.1  04:38     0.0    0.7   51.0  05:55    200  
  09     28.8  15:06   16.4  05:34     1.6    0.4   51.0  04:30    181  
  10     26.0  13:03   14.4  23:45     5.2    0.4    7.4  13:45    158  
  11     23.8  15:32   11.8  23:56     1.6    0.6    8.7  13:00    209  
  12     23.6  12:49   10.3  06:39     0.5    0.4   51.0  10:50    154  
  13     24.4  16:24    8.6  06:03     0.0    0.6    7.9  15:05    194  
  14     23.6  16:47   14.3  06:40     0.0    0.5    6.0  10:50    195  
  15     27.2  15:04   12.7  06:34     0.0    0.5   51.0  03:15    200  
  16     25.0  12:44   14.2  06:13     0.0    0.3   51.0  19:50    184  
  17     27.8  15:26   13.5  06:10     0.0    0.4    5.9  14:55    191  
  18     29.8  14:48   14.2  05:55     0.0    0.6    6.4  16:25    203  
  19     24.5  14:55   12.9  23:06    15.0    0.4    7.7  20:15     89  
  20     23.6  15:09    9.4  06:20     0.5    0.5   51.0  01:20     61  
  21     21.9  14:35    7.1  07:15     0.0    0.7    6.4  17:45    206  
  22     21.4  15:18    9.3  05:42     0.0    0.7    7.8  16:15    204  
  23     23.4  14:51    9.5  06:17     0.0    0.6    5.9  13:00    197  
  24     27.2  14:53   11.3  06:45     0.0    0.6   51.0  05:15    205  
  25     26.9  15:11   16.1  05:38     0.0    0.4   51.0  00:15    191  
  26     28.6  15:47   15.6  07:32     0.0    0.5    7.7  16:55    202  
  27     29.6  14:04   14.3  06:46     1.0    0.4    5.6  14:55    217  
  28     27.3  15:43   12.5  23:53     3.1    0.3   51.0  01:55    225  
  29     25.5  15:26    9.5  07:15     0.5    0.6   51.0  00:10    201  
  30     26.7  15:03   12.5  06:32     0.0    0.6    6.4  12:45    205  
  31     26.1  12:40   14.2  06:22     0.0    0.8   51.0  20:00    209  
---------------------------------------------------------------------------------------
  T.max      Giorno      T.min.   Giorno    Tot.pioggia    vento
  31.8   02    7.1  21   52.8   51.0
  19.0 
  51.7 
   0.5     
 04
    198    19.4