Calalzo di Cadore, Veneto

46° 26.33' N | 012° 22.85' E | 800 meter | Show on map

Climate Summary August 2017

28/02/2020 01:15:00 CET

Station: LaCrosse WS-2357
Software: WeeWX v3.9.2
Weewx uptime: 0 giorni, 9 ore, 37 minuti
Server uptime: 4 giorni, 13 ore, 3 minuti
                   MONTHLY CLIMATOLOGICAL SUMMARY for ago 2017


NAME: Calalzo di Cadore, Veneto                  
ELEV: 800 meter    LAT: 46-26.33 N    LONG: 012-22.85 E


                   TEMPERATURE (°C), RAIN (mm), WIND SPEED (km/h)

                                         HEAT   COOL         AVG
      MEAN                               DEG    DEG          WIND                   DOM
DAY   TEMP   HIGH   TIME    LOW   TIME   DAYS   DAYS   RAIN  SPEED   HIGH   TIME    DIR
---------------------------------------------------------------------------------------
 01    N/A    N/A    N/A    N/A    N/A    0,0    0,0    0,0    2,5   31,0  17:35    208
 02    N/A    N/A    N/A    N/A    N/A    0,0    0,0    4,7    1,7   32,4  17:10    202
 03    N/A    N/A    N/A    N/A    N/A    0,0    0,0    0,0    1,8   29,5  18:55    203
 04    N/A    N/A    N/A    N/A    N/A    0,0    0,0    2,6    2,5  183,6  19:05    200
 05    N/A    N/A    N/A    N/A    N/A    0,0    0,0    6,7    1,6  183,6  03:20    165
 06    N/A    N/A    N/A    N/A    N/A    0,0    0,0    9,8    1,0  183,6  01:25    165
 07    N/A    N/A    N/A    N/A    N/A    0,0    0,0    0,0    2,0  183,6  05:05    200
 08    N/A    N/A    N/A    N/A    N/A    0,0    0,0    0,0    2,4  183,6  05:55    200
 09    N/A    N/A    N/A    N/A    N/A    0,0    0,0    1,6    1,3  183,6  04:30    181
 10    N/A    N/A    N/A    N/A    N/A    0,0    0,0    5,2    1,5   26,6  13:45    158
 11    N/A    N/A    N/A    N/A    N/A    0,0    0,0    1,6    2,2   31,3  13:00    209
 12    N/A    N/A    N/A    N/A    N/A    0,0    0,0    0,5    1,3  183,6  10:50    154
 13    N/A    N/A    N/A    N/A    N/A    0,0    0,0    0,0    2,2   28,4  15:05    194
 14    N/A    N/A    N/A    N/A    N/A    0,0    0,0    0,0    1,9   21,6  10:50    195
 15    N/A    N/A    N/A    N/A    N/A    0,0    0,0    0,0    1,7  183,6  03:15    200
 16    N/A    N/A    N/A    N/A    N/A    0,0    0,0    0,0    1,1  183,6  19:50    184
 17    N/A    N/A    N/A    N/A    N/A    0,0    0,0    0,0    1,5   21,2  14:55    191
 18    N/A    N/A    N/A    N/A    N/A    0,0    0,0    0,0    2,1   23,0  16:25    203
 19    N/A    N/A    N/A    N/A    N/A    0,0    0,0   15,0    1,4   27,7  20:15     89
 20    N/A    N/A    N/A    N/A    N/A    0,0    0,0    0,5    1,7  183,6  01:20     61
 21    N/A    N/A    N/A    N/A    N/A    0,0    0,0    0,0    2,4   23,0  17:45    206
 22    N/A    N/A    N/A    N/A    N/A    0,0    0,0    0,0    2,7   28,1  16:15    204
 23    N/A    N/A    N/A    N/A    N/A    0,0    0,0    0,0    2,0   21,2  13:00    197
 24    N/A    N/A    N/A    N/A    N/A    0,0    0,0    0,0    2,1  183,6  05:15    205
 25    N/A    N/A    N/A    N/A    N/A    0,0    0,0    0,0    1,5  183,6  00:15    191
 26    N/A    N/A    N/A    N/A    N/A    0,0    0,0    0,0    1,7   27,7  16:55    202
 27    N/A    N/A    N/A    N/A    N/A    0,0    0,0    1,0    1,3   20,2  14:55    217
 28    N/A    N/A    N/A    N/A    N/A    0,0    0,0    3,1    1,2  183,6  01:55    225
 29    N/A    N/A    N/A    N/A    N/A    0,0    0,0    0,5    2,2  183,6  00:10    201
 30    N/A    N/A    N/A    N/A    N/A    0,0    0,0    0,0    2,0   23,0  12:45    205
 31    N/A    N/A    N/A    N/A    N/A    0,0    0,0    0,0    2,7  183,6  20:00    209
---------------------------------------------------------------------------------------
       N/A    N/A       N/A    N/A       N/A    0,0    0,0   52,8    1,8  183,6     04    198
    
Updated: 10/11/2019 13:25:00