Calalzo di Cadore, Italia

46° 26.57' N | 012° 23.33' E | 795 meter | Show on map

Climate Summary September 2017

04/21/19 01:05:00 CEST

Station: LaCrosse WS23xx
Software: WeeWX v3.7.0
Weewx uptime: 1 Giorno, 9 Ore, 44 Minuti
Server uptime: 1 Giorno, 9 Ore, 43 Minuti
                   MONTHLY CLIMATOLOGICAL SUMMARY for Sep 2017

NAME: Calalzo di Cadore, Italia                  
ELEV: 795 meter    LAT: 46-26.57 N    LONG: 012-23.33 E

                   TEMPERATURA(°C), PIOGGIA (mm), VENTO (m/s)

                                             AVG                                     HEAT    COOL
         Temp         Temp.                  WIND                   DOM       MEAN   DEG     DEG
Giorno   MAX   ORA    MINIMA  ORA   PIOGGIA  SPEED   HIGH   TIME    DIR       TEMP   DAYS    DAYS
---------------------------------------------------------------------------------------
  01     18.6  00:05   11.9  23:32    18.1    0.6   51.1  09:35    317  
  02     19.2  12:58    9.0  23:13     6.7    0.5   51.0  08:40     45  
  03     18.9  12:44    7.6  06:51     3.1    0.2    3.8  13:40     56  
  04     19.9  14:49    5.1  05:35     0.0    0.6    6.8  17:20    200  
  05     21.6  15:43    9.9  06:23     0.0    0.3    4.4  16:00    195  
  06     20.3  13:20   10.8  06:58     2.6    0.5   51.0  21:45    210  
  07     22.6  12:41   13.2  06:45     0.0    0.3    7.0  15:40    205  
  08     22.1  14:01   10.6  07:10     0.0    0.6   51.0  10:40    195  
  09     20.4  15:03   12.6  07:26    12.4    0.2   51.0  02:40    185  
  10     14.4  17:05   12.0  07:56    22.8    0.0   51.1  14:00    152  
  11     18.6  13:57   12.2  04:23     2.1    0.1   51.1  09:40    167  
  12     14.3  00:05    6.3  23:07    34.7    0.3   51.1  13:45     20  
  13     16.5  15:20    4.1  07:02     0.5    0.3   51.1  01:05    194  
  14     17.2  14:11   10.6  06:43     2.6    0.3   51.1  19:10    205  
  15     14.8  12:46    5.5  07:19     4.1    0.1   51.0  18:35    138  
  16     16.8  15:43    9.5  23:30    13.5    0.2   51.1  03:55    231  
  17     14.2  10:41    7.3  23:51     2.6    0.2    6.5  11:55    189  
  18     16.2  12:29    6.9  06:50     2.1    0.4   51.1  07:45    189  
  19      9.1  15:34    5.9  23:57     6.7    0.0    2.2  04:10      2  
  20     16.3  12:46    4.3  07:00     0.0    0.3   51.0  07:30     43  
  21     17.9  13:40    1.8  07:05     0.0    0.4   51.0  05:30    212  
  22     17.9  14:31    3.5  06:05     0.0    0.4    5.9  14:25    209  
  23     19.1  15:06    8.5  00:46     0.0    0.5    5.8  13:30    210  
  24     11.9  00:00   10.1  08:28    29.5    0.0   51.0  20:25    251  
  25     14.9  14:18    7.9  07:32     0.0    0.2   51.1  14:10    199  
  26     18.8  13:35    6.3  07:23     0.5    0.3   51.1  13:50    191  
  27     19.9  15:50    8.1  04:50     0.0    0.2    3.9  15:20     66  
  28     19.8  14:34    6.5  07:06     0.0    0.4    6.0  15:25    207  
  29     18.4  13:57    9.1  08:03     1.0    0.5    5.4  16:55    205  
  30     17.0  15:07   10.1  06:54     0.5    0.5   51.1  06:50    207  
---------------------------------------------------------------------------------------
  T.max      Giorno      T.min.   Giorno    Tot.pioggia    vento
  22.6   07    1.8  21  166.3   51.1
 184.6 
   0.0 
   0.3     
 01
    205    12.2