Calalzo di Cadore, Veneto

46° 26.33' N | 012° 22.85' E | 800 meter | Show on map

Climate Summary September 2017

28/02/2020 00:55:00 CET

Station: LaCrosse WS-2357
Software: WeeWX v3.9.2
Weewx uptime: 0 giorni, 9 ore, 17 minuti
Server uptime: 4 giorni, 12 ore, 43 minuti
                   MONTHLY CLIMATOLOGICAL SUMMARY for set 2017


NAME: Calalzo di Cadore, Veneto                  
ELEV: 800 meter    LAT: 46-26.33 N    LONG: 012-22.85 E


                   TEMPERATURE (°C), RAIN (mm), WIND SPEED (km/h)

                                         HEAT   COOL         AVG
      MEAN                               DEG    DEG          WIND                   DOM
DAY   TEMP   HIGH   TIME    LOW   TIME   DAYS   DAYS   RAIN  SPEED   HIGH   TIME    DIR
---------------------------------------------------------------------------------------
 01    N/A    N/A    N/A    N/A    N/A    0,0    0,0   18,1    2,0  184,0  09:35    317
 02    N/A    N/A    N/A    N/A    N/A    0,0    0,0    6,7    1,7  183,6  08:40     45
 03    N/A    N/A    N/A    N/A    N/A    0,0    0,0    3,1    0,7   13,7  13:40     56
 04    N/A    N/A    N/A    N/A    N/A    0,0    0,0    0,0    2,1   24,5  17:20    200
 05    N/A    N/A    N/A    N/A    N/A    0,0    0,0    0,0    1,1   15,8  16:00    195
 06    N/A    N/A    N/A    N/A    N/A    0,0    0,0    2,6    1,8  183,6  21:45    210
 07    N/A    N/A    N/A    N/A    N/A    0,0    0,0    0,0    1,1   25,2  15:40    205
 08    N/A    N/A    N/A    N/A    N/A    0,0    0,0    0,0    2,2  183,6  10:40    195
 09    N/A    N/A    N/A    N/A    N/A    0,0    0,0   12,4    0,8  183,6  02:40    185
 10    N/A    N/A    N/A    N/A    N/A    0,0    0,0   22,8    0,1  184,0  14:00    152
 11    N/A    N/A    N/A    N/A    N/A    0,0    0,0    2,1    0,3  184,0  09:40    167
 12    N/A    N/A    N/A    N/A    N/A    0,0    0,0   34,7    1,2  184,0  13:45     20
 13    4,3    4,4  07:25    4,2  07:05   14,0    0,0    0,5    1,0  184,0  01:05    194
 14    N/A    N/A    N/A    N/A    N/A    0,0    0,0    2,6    0,9  184,0  19:10    205
 15    N/A    N/A    N/A    N/A    N/A    0,0    0,0    4,1    0,4  183,6  18:35    138
 16    N/A    N/A    N/A    N/A    N/A    0,0    0,0   13,5    0,9  184,0  03:55    231
 17    N/A    N/A    N/A    N/A    N/A    0,0    0,0    2,6    0,6   23,4  11:55    189
 18    N/A    N/A    N/A    N/A    N/A    0,0    0,0    2,1    1,3  184,0  07:45    189
 19    N/A    N/A    N/A    N/A    N/A    0,0    0,0    6,7    0,1    7,9  04:10      2
 20    4,4    4,4  08:15    4,3  07:35   14,0    0,0    0,0    1,1  183,6  07:30     43
 21    2,6    4,4  01:00  -17,8  05:00   15,7    0,0    0,0    1,3  183,6  05:30    212
 22    3,8    4,4  04:10    3,6  07:50   14,5    0,0    0,0    1,5   21,2  14:25    209
 23    N/A    N/A    N/A    N/A    N/A    0,0    0,0    0,0    1,8   20,9  13:30    210
 24    N/A    N/A    N/A    N/A    N/A    0,0    0,0   29,5    0,1  183,6  20:25    251
 25    N/A    N/A    N/A    N/A    N/A    0,0    0,0    0,0    0,6  184,0  14:10    199
 26    N/A    N/A    N/A    N/A    N/A    0,0    0,0    0,5    0,9  184,0  13:50    191
 27    N/A    N/A    N/A    N/A    N/A    0,0    0,0    0,0    0,7   14,0  15:20     66
 28    N/A    N/A    N/A    N/A    N/A    0,0    0,0    0,0    1,3   21,6  15:25    207
 29    N/A    N/A    N/A    N/A    N/A    0,0    0,0    1,0    1,8   19,4  16:55    205
 30    N/A    N/A    N/A    N/A    N/A    0,0    0,0    0,5    1,7  184,0  06:50    207
---------------------------------------------------------------------------------------
       3,3    4,4     13  -17,8     21   58,2    0,0  166,3    1,1  184,0     01    205
    
Updated: 10/11/2019 13:25:00