Calalzo di Cadore, Italia

46° 26.57' N | 012° 23.33' E | 795 meter | Show on map

Climate Summary October 2017

02/16/19 01:12:00 CET

Station: LaCrosse WS23xx
Software: WeeWX v3.7.0
Weewx uptime: 6 Giorni, 2 Ore, 0 Minuti
Server uptime: 38 Giorni, 11 Ore, 3 Minuti
                   MONTHLY CLIMATOLOGICAL SUMMARY for ott 2017

NAME: Calalzo di Cadore, Italia                  
ELEV: 795 meter    LAT: 46-26.57 N    LONG: 012-23.33 E

                   TEMPERATURA(°C), PIOGGIA (mm), VENTO (m/s)

                                             AVG                                     HEAT    COOL
         Temp         Temp.                  WIND                   DOM       MEAN   DEG     DEG
Giorno   MAX   ORA    MINIMA  ORA   PIOGGIA  SPEED   HIGH   TIME    DIR       TEMP   DAYS    DAYS
---------------------------------------------------------------------------------------
  01     13,6  12:25    9,7  08:04     0,0    0,2    3,4  14:40    201  
  02     17,3  14:45    9,6  00:20     0,0    0,5   51,0  21:55    214  
  03     12,4  13:43    8,4  23:23     1,0    0,0   51,0  22:35    296  
  04     17,6  14:43    7,3  06:25     0,0    0,3   51,0  20:25    188  
  05     17,8  13:12    7,9  06:38     0,0    0,5    6,7  15:50    212  
  06     18,9  12:27    6,1  23:58     0,0    0,6   25,5  07:10     29  
  07     17,6  13:32    2,8  06:33     0,0    0,4    5,6  15:05    208  
  08     15,4  13:07    4,9  07:56     0,0    0,3   51,0  00:30    200  
  09     17,3  14:00    2,8  08:35     0,0    0,6   51,0  18:15    209  
  10     16,9  13:27    5,9  07:55     0,0    0,4   51,0  22:40    215  
  11     15,8  14:00    5,1  07:43     0,0    0,6   51,0  22:05    221  
  12     18,2  14:18    4,8  08:18     0,0    0,3   51,0  22:25    204  
  13     19,4  14:34    5,9  07:34     0,0    0,2   51,0  09:40    204  
  14     21,3  14:49    4,3  07:36     0,0    0,2   51,0  06:10    228  
  15     22,3  14:51    5,5  07:08     0,0    0,1   51,0  23:10    312  
  16     22,3  15:13    5,8  07:38     0,0    0,2   51,0  19:25    259  
  17     21,4  14:18    5,4  07:26     0,0    0,1   51,0  02:40    266  
  18     18,7  14:43    5,1  07:43     0,0    0,3    5,8  14:00    217  
  19     17,8  14:45    3,3  08:21     0,0    0,3   51,0  14:40    211  
  20     16,9  14:15    3,4  07:30     0,0    0,3   51,0  02:50    209  
  21     14,3  14:10    6,2  07:25     0,0    0,5   51,0  06:50    191  
  22      9,5  13:38    4,4  23:26    13,5    0,5   51,0  17:20     37  
  23     14,4  14:20    2,6  06:45     0,0    0,5   51,1  09:25    330  
  24     18,4  14:21    3,8  03:49     0,0    0,6   51,0  09:00     16  
  25     16,1  14:36    2,2  06:19     0,0    0,2   51,0  01:25    176  
  26     17,9  15:10    3,8  07:31     0,0    0,2    4,4  14:40    230  
  27     16,8  16:29    5,0  05:16     0,0    0,5   51,0  04:00    320  
  28     13,5  14:58    1,5  08:10     0,0    0,2    4,9  15:15    308  
  29     19,8  14:55    0,4  02:59     0,0    0,8   51,0  11:10    242  
  30     14,6  13:09    1,3  23:34     0,0    0,4    6,0  15:25    235  
  31     11,9  13:20   -1,8  07:23     0,0    0,3   51,0  02:00    215  
---------------------------------------------------------------------------------------
  T.max      Giorno      T.min.   Giorno    Tot.pioggia    vento
  22,3   15   -1,8  31   14,5   51,1
 269,6 
   0,0 
   0,4     
 23
    220     9,6