Calalzo di Cadore, Veneto

46° 26.33' N | 012° 22.85' E | 800 meter | Show on map

Climate Summary October 2017

28/02/2020 01:25:00 CET

Station: LaCrosse WS-2357
Software: WeeWX v3.9.2
Weewx uptime: 0 giorni, 9 ore, 47 minuti
Server uptime: 4 giorni, 13 ore, 13 minuti
                   MONTHLY CLIMATOLOGICAL SUMMARY for ott 2017


NAME: Calalzo di Cadore, Veneto                  
ELEV: 800 meter    LAT: 46-26.33 N    LONG: 012-22.85 E


                   TEMPERATURE (°C), RAIN (mm), WIND SPEED (km/h)

                                         HEAT   COOL         AVG
      MEAN                               DEG    DEG          WIND                   DOM
DAY   TEMP   HIGH   TIME    LOW   TIME   DAYS   DAYS   RAIN  SPEED   HIGH   TIME    DIR
---------------------------------------------------------------------------------------
 01    N/A    N/A    N/A    N/A    N/A    0,0    0,0    0,0    0,7   12,2  14:40    201
 02    N/A    N/A    N/A    N/A    N/A    0,0    0,0    0,0    1,8  183,6  21:55    214
 03    N/A    N/A    N/A    N/A    N/A    0,0    0,0    1,0    0,1  183,6  22:35    296
 04    N/A    N/A    N/A    N/A    N/A    0,0    0,0    0,0    1,1  183,6  20:25    188
 05    N/A    N/A    N/A    N/A    N/A    0,0    0,0    0,0    1,9   24,1  15:50    212
 06    N/A    N/A    N/A    N/A    N/A    0,0    0,0    0,0    2,1   91,8  07:10     29
 07    3,5    4,4  03:25    2,8  07:45   14,8    0,0    0,0    1,5   20,2  15:05    208
 08    N/A    N/A    N/A    N/A    N/A    0,0    0,0    0,0    1,3  183,6  00:30    200
 09    3,6    4,4  03:10    2,8  08:40   14,7    0,0    0,0    2,2  183,6  18:15    209
 10    N/A    N/A    N/A    N/A    N/A    0,0    0,0    0,0    1,5  183,6  22:40    215
 11    N/A    N/A    N/A    N/A    N/A    0,0    0,0    0,0    2,1  183,6  22:05    221
 12    N/A    N/A    N/A    N/A    N/A    0,0    0,0    0,0    1,2  183,6  22:25    204
 13    N/A    N/A    N/A    N/A    N/A    0,0    0,0    0,0    0,6  183,6  09:40    204
 14    4,4    4,4  07:30    4,3  08:15   13,9    0,0    0,0    0,8  183,6  06:10    228
 15    N/A    N/A    N/A    N/A    N/A    0,0    0,0    0,0    0,3  183,6  23:10    312
 16    N/A    N/A    N/A    N/A    N/A    0,0    0,0    0,0    0,8  183,6  19:25    259
 17    N/A    N/A    N/A    N/A    N/A    0,0    0,0    0,0    0,5  183,6  02:40    266
 18    N/A    N/A    N/A    N/A    N/A    0,0    0,0    0,0    1,3   20,9  14:00    217
 19    3,8    4,4  04:20    3,3  08:30   14,6    0,0    0,0    0,9  183,6  14:40    211
 20    3,9    4,4  04:45    3,4  07:30   14,5    0,0    0,0    1,2  183,6  02:50    209
 21    N/A    N/A    N/A    N/A    N/A    0,0    0,0    0,0    1,6  183,6  06:50    191
 22    4,4    4,4  23:40    4,4  23:35   13,9    0,0   13,5    1,8  183,6  17:20     37
 23    3,3    4,4  00:20    2,6  06:45   15,0    0,0    0,0    1,6  184,0  09:25    330
 24    4,2    4,4  01:10    3,8  04:35   14,1    0,0    0,0    2,1  183,6  09:00     16
 25    3,2    4,4  01:05    2,2  06:25   15,2    0,0    0,0    0,6  183,6  01:25    176
 26    4,1    4,4  09:15    3,8  07:40   14,2    0,0    0,0    0,6   15,8  14:40    230
 27    N/A    N/A    N/A    N/A    N/A    0,0    0,0    0,0    1,9  183,6  04:00    320
 28    2,8    4,4  02:50    1,5  08:25   15,5    0,0    0,0    0,9   17,6  15:15    308
 29    1,3    4,1  09:25    0,4  02:05   17,1    0,0    0,0    2,9  183,6  11:10    242
 30    3,0    4,4  05:45  -17,8  22:05   15,4    0,0    0,0    1,5   21,6  15:25    235
 31    0,7    4,4  19:45   -1,7  07:25   17,6    0,0    0,0    1,0  183,6  02:00    215
---------------------------------------------------------------------------------------
       2,7    4,4     20  -17,8     30  210,5    0,0   14,5    1,3  184,0     23    220
    
Updated: 10/11/2019 13:25:00