Calalzo di Cadore, Italia

46° 26.57' N | 012° 23.33' E | 795 meter | Show on map

Climate Summary November 2017

04/21/19 01:05:00 CEST

Station: LaCrosse WS23xx
Software: WeeWX v3.7.0
Weewx uptime: 1 Giorno, 9 Ore, 44 Minuti
Server uptime: 1 Giorno, 9 Ore, 43 Minuti
                   MONTHLY CLIMATOLOGICAL SUMMARY for Nov 2017

NAME: Calalzo di Cadore, Italia                  
ELEV: 795 meter    LAT: 46-26.57 N    LONG: 012-23.33 E

                   TEMPERATURA(°C), PIOGGIA (mm), VENTO (m/s)

                                             AVG                                     HEAT    COOL
         Temp         Temp.                  WIND                   DOM       MEAN   DEG     DEG
Giorno   MAX   ORA    MINIMA  ORA   PIOGGIA  SPEED   HIGH   TIME    DIR       TEMP   DAYS    DAYS
---------------------------------------------------------------------------------------
  01     12.1  14:00   -1.2  06:10     0.0    0.2   51.0  05:50    207  
  02     10.5  14:02    0.1  05:35     0.0    0.2   51.0  14:55    201  
  03     13.9  13:21    0.6  08:16     0.0    0.2   51.0  07:40    211  
  04     12.0  13:43    3.3  03:35     0.0    0.2   51.0  04:35    203  
  05      8.6  15:50    5.1  23:07    26.4    0.2    4.3  22:55     46  
 06
 07
 08
 09
 10
 11
  12      3.2  23:06    1.3  23:46     4.1    0.2    1.0  23:46    338  
  13      2.7  20:44    0.2  06:26     6.2    0.8   51.0  14:10     19  
  14      8.3  13:01   -1.9  23:11     0.0    0.3   51.0  03:00    352  
  15      8.3  14:12   -3.1  06:15     0.0    0.1    2.1  02:10    353  
  16     13.4  13:19    1.3  23:31     0.0    0.1   51.0  21:25    339  
  17     10.3  12:04   -0.4  06:20     0.0    0.1   51.0  07:55    358  
  18     10.3  12:55  -30.0  15:59     0.0    0.1    2.1  15:55    333  
  19      9.3  13:19   -3.1  06:15     0.0    0.3   51.0  23:40    291  
  20      7.9  14:12   -3.2  08:26     0.0    0.4   51.0  00:50    272  
  21      8.7  14:09   -3.2  05:18     0.0    0.2   51.0  06:00    205  
  22      8.6  14:01   -2.4  06:46     0.0    0.1   51.0  13:50    251  
  23      6.9  14:22   -0.7  23:29     0.0    0.1   51.0  10:30    238  
  24      8.9  13:43   -1.9  04:57     0.0    0.1   51.0  20:40    217  
  25      3.2  22:57   -1.0  05:36     4.7    0.0   51.0  04:25    289  
  26      5.7  13:41   -3.4  23:55     0.5    0.9   51.0  08:50     28  
  27      5.9  12:24   -5.2  07:45     0.0    0.1   51.0  06:00    313  
  28      1.4  13:57   -5.1  04:39     0.0    0.1    2.6  15:00    186  
  29     -0.1  13:50   -2.2  04:10     0.0    0.0   51.0  01:55    255  
  30      1.9  13:45   -5.7  23:54     0.5    0.0   51.0  23:25     91  
---------------------------------------------------------------------------------------
  T.max      Giorno      T.min.   Giorno    Tot.pioggia    vento
  13.9   03  -30.0  18   42.5   51.0
 387.9 
   0.0 
   0.2     
 01
    352     2.2