Calalzo di Cadore, Veneto

46° 26.33' N | 012° 22.85' E | 800 meter | Show on map

Climate Summary November 2017

28/02/2020 01:10:00 CET

Station: LaCrosse WS-2357
Software: WeeWX v3.9.2
Weewx uptime: 0 giorni, 9 ore, 32 minuti
Server uptime: 4 giorni, 12 ore, 58 minuti
                   MONTHLY CLIMATOLOGICAL SUMMARY for nov 2017


NAME: Calalzo di Cadore, Veneto                  
ELEV: 800 meter    LAT: 46-26.33 N    LONG: 012-22.85 E


                   TEMPERATURE (°C), RAIN (mm), WIND SPEED (km/h)

                                         HEAT   COOL         AVG
      MEAN                               DEG    DEG          WIND                   DOM
DAY   TEMP   HIGH   TIME    LOW   TIME   DAYS   DAYS   RAIN  SPEED   HIGH   TIME    DIR
---------------------------------------------------------------------------------------
 01    1,0    4,4  10:30  -17,8  09:10   17,4    0,0    0,0    0,7  183,6  05:50    207
 02    1,3    4,4  23:55    0,1  05:40   17,0    0,0    0,0    0,8  183,6  14:55    201
 03    2,5    4,4  09:15    0,6  08:20   15,8    0,0    0,0    0,6  183,6  07:40    211
 04    3,7    4,4  08:40    3,3  03:40   14,6    0,0    0,0    0,6  183,6  04:35    203
 05    N/A    N/A    N/A    N/A    N/A    0,0    0,0   26,4    0,6   15,5  22:55     46
 06
 07
 08
 09
 10
 11
 12    2,2    3,2  23:06    1,3  23:46   16,2    0,0    4,1    0,7    3,6  23:46    338
 13    1,5    2,6  20:50    0,2  06:26   16,9    0,0    6,2    2,8  183,6  14:10     19
 14    0,8    4,3  14:30   -1,8  23:15   17,5    0,0    0,0    1,0  183,6  03:00    352
 15    0,7    4,4  17:40   -3,1  06:20   17,7    0,0    0,0    0,3    7,6  02:10    353
 16    2,5    4,4  19:10  -17,8  03:40   15,8    0,0    0,0    0,4  183,6  21:25    339
 17    1,3    4,4  10:15   -0,4  08:15   17,1    0,0    0,0    0,3  183,6  07:55    358
 18    0,1    4,4  16:00   -1,9  00:00   18,2    0,0    0,0    0,3    7,6  15:55    333
 19   -0,7    4,4  11:10   -3,1  06:15   19,1    0,0    0,0    1,2  183,6  23:40    291
 20   -0,4    4,4  11:10   -3,2  08:30   18,8    0,0    0,0    1,6  183,6  00:50    272
 21   -0,8    4,4  16:30  -17,8  18:10   19,1    0,0    0,0    0,6  183,6  06:00    205
 22   -0,1    4,4  16:30   -2,3  06:50   18,4    0,0    0,0    0,3  183,6  13:50    251
 23    1,4    4,4  11:45   -0,7  23:35   17,0    0,0    0,0    0,2  183,6  10:30    238
 24    0,4    4,2  16:55   -1,9  06:55   17,9    0,0    0,0    0,4  183,6  20:40    217
 25    1,4    3,2  00:00  -17,8  17:20   17,0    0,0    4,7    0,1  183,6  04:25    289
 26    1,9    4,3  12:55   -3,4  00:00   16,5    0,0    0,5    3,3  183,6  08:50     28
 27   -2,2    4,3  12:05   -5,2  07:45   20,5    0,0    0,0    0,4  183,6  06:00    313
 28   -2,0    1,4  14:20   -5,0  04:45   20,4    0,0    0,0    0,2    9,4  15:00    186
 29   -1,0   -0,1  13:50   -2,2  04:10   19,4    0,0    0,0    0,1  183,6  01:55    255
 30   -1,3    1,8  13:50   -5,7  00:00   19,6    0,0    0,5    0,0  183,6  23:25     91
---------------------------------------------------------------------------------------
       0,3    4,4     02  -17,8     01  407,6    0,0   42,5    0,7  183,6     01    352
    
Updated: 10/11/2019 13:25:00