Calalzo di Cadore, Italia

46° 26.57' N | 012° 23.33' E | 795 meter | Show on map

Climate Summary December 2017

04/21/19 01:05:00 CEST

Station: LaCrosse WS23xx
Software: WeeWX v3.7.0
Weewx uptime: 1 Giorno, 9 Ore, 44 Minuti
Server uptime: 1 Giorno, 9 Ore, 43 Minuti
                   MONTHLY CLIMATOLOGICAL SUMMARY for dic 2017

NAME: Calalzo di Cadore, Italia                  
ELEV: 795 meter    LAT: 46-26.57 N    LONG: 012-23.33 E

                   TEMPERATURA(°C), PIOGGIA (mm), VENTO (km/h)

                                             AVG                                     HEAT    COOL
         Temp         Temp.                  WIND                   DOM       MEAN   DEG     DEG
Giorno   MAX   ORA    MINIMA  ORA   PIOGGIA  SPEED   HIGH   TIME    DIR       TEMP   DAYS    DAYS
---------------------------------------------------------------------------------------
  01     -1,6  12:41   -8,8  07:10     1,0    0,0    3,6  09:20     62  
  02      1,4  13:27   -7,2  06:31     1,0    0,4  183,6  09:35    338  
  03      1,4  12:18   -8,8  07:55     0,0    0,3  183,6  04:20    330  
  04     -0,2  12:59   -9,3  04:06     0,0    0,8  183,6  15:05    302  
  05      5,6  13:09   -3,6  00:02     0,0    0,6  183,6  17:15    318  
  06      7,8  12:43   -4,1  06:19     0,0    0,2  183,6  07:15    319  
  07      4,2  12:34   -5,5  07:19     0,0    0,5  183,6  08:50    226  
  08      0,6  22:28   -5,5  03:14     0,0    0,2  183,6  07:25     94  
  09      3,3  12:03   -8,4  23:51     3,1    0,9  183,6  00:25    345  
  10     -3,1  16:03  -10,5  07:52     0,0    0,2    5,0  14:35    330  
  11      2,2  23:02   -4,1  01:14     0,5    0,0    4,7  12:20     91  
  12      5,6  10:58    1,9  00:05    11,9    0,4   12,6  13:20    336  
 13
  14      4,9  12:21   -1,5  07:06     0,0    1,3  183,6  15:36    200  
  15      3,9  13:06    0,1  07:21     0,5    1,5  183,6  19:36    357  
  16      5,6  12:48   -4,7  23:44     0,0    0,4  183,6  01:20      2  
  17      1,9  11:59   -6,6  05:53     0,0    0,2    4,7  15:35    352  
  18     -0,8  14:00   -8,6  23:45     0,0    0,4  183,6  17:30    335  
  19      1,2  13:17  -10,4  07:31     0,0    0,2  183,6  17:20    342  
  20      3,1  13:09   -7,8  07:57     0,0    0,2    8,3  10:45    331  
  21      1,8  13:39   -8,6  06:15     0,0    0,4  183,6  13:45    302  
  22      4,4  13:46   -4,6  05:26     0,0    0,2    4,7  22:50    329  
  23      7,1  12:35   -3,2  03:17     0,0    0,4  183,6  04:55    336  
  24      8,4  12:08   -1,8  07:16     0,0    0,6  183,6  14:40    315  
  25      7,9  12:46   -3,9  23:24     0,0    0,4   20,9  14:10    251  
  26      4,8  13:44   -5,7  06:30     0,0    0,1    7,6  15:55    264  
  27      1,5  11:48   -0,5  00:55    10,9    0,1  183,6  00:25     99  
  28      1,5  13:18   -1,6  23:51     2,6    0,1    6,5  10:30    339  
  29      1,5  13:08   -7,4  23:48     0,0    0,1  183,6  15:45    349  
  30     -0,9  12:17   -9,1  07:46     0,5    0,3  183,6  05:05    303  
  31      3,1  12:43   -6,0  08:00     0,0    0,0    2,9  09:25    316  
---------------------------------------------------------------------------------------
  T.max     Giorno      T.min.   Giorno    Tot.pioggia    vento max
   8,4       24         -10,5     10        32,1           183,6

 616,4 
   0,0 
   0,4     
 02
    320    -2,3