Calalzo di Cadore, Veneto

46° 26.33' N | 012° 22.85' E | 800 meter | Show on map

Climate Summary December 2017

28/02/2020 00:50:00 CET

Station: LaCrosse WS-2357
Software: WeeWX v3.9.2
Weewx uptime: 0 giorni, 9 ore, 12 minuti
Server uptime: 4 giorni, 12 ore, 38 minuti
                   MONTHLY CLIMATOLOGICAL SUMMARY for dic 2017


NAME: Calalzo di Cadore, Veneto                  
ELEV: 800 meter    LAT: 46-26.33 N    LONG: 012-22.85 E


                   TEMPERATURE (°C), RAIN (mm), WIND SPEED (km/h)

                                         HEAT   COOL         AVG
      MEAN                               DEG    DEG          WIND                   DOM
DAY   TEMP   HIGH   TIME    LOW   TIME   DAYS   DAYS   RAIN  SPEED   HIGH   TIME    DIR
---------------------------------------------------------------------------------------
 01   -4,9   -1,6  12:50   -8,8  07:10   23,2    0,0    1,0    0,0    3,6  09:20     62
 02   -4,0    1,3  13:30   -7,2  06:35   22,3    0,0    1,0    0,4  183,6  09:35    338
 03   -5,7    1,3  12:20   -8,8  08:00   24,1    0,0    0,0    0,3  183,6  04:20    330
 04   -5,5   -0,3  13:40   -9,2  04:10   23,8    0,0    0,0    0,8  183,6  15:05    302
 05   -1,1    4,4  12:10   -3,5  00:05   19,4    0,0    0,0    0,6  183,6  17:15    318
 06   -1,6    4,4  11:10   -4,1  06:25   19,9    0,0    0,0    0,2  183,6  07:15    319
 07   -2,1    4,1  12:35   -5,5  07:25   20,4    0,0    0,0    0,5  183,6  08:50    226
 08   -2,4    0,5  22:35   -5,5  03:20   20,7    0,0    0,0    0,2  183,6  07:25     94
 09   -2,7    3,0  12:05   -8,3  23:55   21,1    0,0    3,1    0,9  183,6  00:25    345
 10   -6,4   -3,1  16:10  -10,5  08:00   24,7    0,0    0,0    0,2    5,0  14:35    330
 11   -1,2    2,1  23:05   -4,1  01:20   19,5    0,0    0,5    0,0    4,7  12:20     91
 12    3,0    4,4  14:05  -17,8  17:45   15,4    0,0   11,9    0,4   12,6  13:20    336
 13
 14    1,0    4,4  12:51  -17,8  10:46   17,3    0,0    0,0    1,3  183,6  15:36    200
 15    1,5    3,9  13:06  -17,8  16:16   16,8    0,0    0,5    1,5  183,6  19:36    357
 16   -0,9    4,4  12:35   -4,6  00:00   19,2    0,0    0,0    0,4  183,6  01:20      2
 17   -3,5    1,8  12:05   -6,6  06:05   21,8    0,0    0,0    0,2    4,7  15:35    352
 18   -5,8   -0,9  14:05   -8,6  23:45   24,1    0,0    0,0    0,4  183,6  17:30    335
 19   -6,3    1,0  13:20  -10,4  07:35   24,7    0,0    0,0    0,2  183,6  17:20    342
 20   -4,5    3,0  13:15   -7,8  08:10   22,8    0,0    0,0    0,2    8,3  10:45    331
 21   -4,2    1,7  13:45   -8,6  06:20   22,6    0,0    0,0    0,4  183,6  13:45    302
 22   -1,2    4,3  13:50   -4,6  05:30   19,6    0,0    0,0    0,2    4,7  22:50    329
 23   -0,7    4,4  14:20   -3,2  06:15   19,0    0,0    0,0    0,4  183,6  04:55    336
 24    0,2    4,3  16:20   -1,8  07:20   18,1    0,0    0,0    0,6  183,6  14:40    315
 25   -1,1    4,4  15:15   -3,9  23:30   19,4    0,0    0,0    0,4   20,9  14:10    251
 26   -1,7    4,4  13:50   -5,7  06:40   20,0    0,0    0,0    0,1    7,6  15:55    264
 27    0,4    1,5  12:10   -0,5  01:05   18,0    0,0   10,9    0,1  183,6  00:25     99
 28    0,3    1,5  14:00   -1,6  00:00   18,1    0,0    2,6    0,1    6,5  10:30    339
 29   -3,3    1,4  13:10   -7,3  23:50   21,6    0,0    0,0    0,1  183,6  15:45    349
 30   -4,9   -1,0  14:55   -9,1  07:50   23,2    0,0    0,5    0,3  183,6  05:05    303
 31   -2,8    2,8  12:45   -5,9  08:05   21,1    0,0    0,0    0,0    2,9  09:25    316
---------------------------------------------------------------------------------------
      -2,6    4,4     12  -17,8     12  622,0    0,0   32,1    0,4  183,6     02    320
    
Updated: 10/11/2019 13:25:00