Calalzo di Cadore, Veneto

46° 26.33' N | 012° 22.85' E | 800 meter | Show on map

Climate Summary 2017

06/26/19 04:50:00 CEST

Station: LaCrosse WS-2357
Software: WeeWX v3.9.1
Weewx uptime: 0 giorni, 16 ore, 37 minuti
Server uptime: 6 giorni, 14 ore, 47 minuti
                     CLIMATOLOGICAL SUMMARY for year 2017


NAME: Calalzo di Cadore, Veneto                  
ELEV: 800 meters    LAT: 46-26.33 N    LONG: 012-22.85 E


                                       TEMPERATURE (C)

                              HEAT    COOL                              MAX    MAX    MIN    MIN
          MEAN   MEAN         DEG     DEG                                >=     <=     <=     <=
 YR  MO   MAX    MIN    MEAN  DAYS    DAYS      HI  DAY     LOW  DAY     30      0      0    -20
------------------------------------------------------------------------------------------------
2017 01
2017 02
2017 03    4.4   -1.5    2.6  262.7    0.0     4.4   14   -17.8   14      0      0      5      0
2017 04    4.4   -0.5    1.9  264.9    0.0     4.4   17   -17.8   28      0      0      6      0
2017 05    4.4    4.2    4.3   14.0    0.0     4.4   02     4.2   02      0      0      0      0
2017 06    N/A    N/A    N/A    0.0    0.0     N/A  N/A     N/A  N/A    N/A    N/A    N/A    N/A
2017 07    N/A    N/A    N/A    0.0    0.0     N/A  N/A     N/A  N/A    N/A    N/A    N/A    N/A
2017 08    N/A    N/A    N/A    0.0    0.0     N/A  N/A     N/A  N/A    N/A    N/A    N/A    N/A
2017 09    4.4   -1.4    3.3   58.2    0.0     4.4   13   -17.8   21      0      0      1      0
2017 10    4.4    1.1    2.7  210.5    0.0     4.4   20   -17.8   30      0      0      2      0
2017 11    3.8   -4.6    0.3  407.6    0.0     4.4   02   -17.8   01      0      1     18      0
2017 12    2.3   -7.3   -2.6  622.0    0.0     4.4   12   -17.8   12      0      5     30      0
------------------------------------------------------------------------------------------------
           3.7   -3.2   -0.6 1839.9    0.0     4.4  Nov   -17.8  Mar      0      6     62      0


                  PRECIPITATION (cm)

                  MAX         ---DAYS OF RAIN---
                  OBS.               OVER
 YR  MO  TOTAL    DAY  DATE   0.03   0.30   3.00
------------------------------------------------
2017 01
2017 02
2017 03   0.36   0.16    26      3      0      0
2017 04   9.38   3.26    27     10      4      1
2017 05   6.01   1.04    06     14      7      0
2017 06  11.55   2.80    28     15     11      0
2017 07  11.60   3.94    24     18      7      1
2017 08   5.28   1.50    19     13      6      0
2017 09  16.63   3.47    12     19     10      1
2017 10   1.45   1.35    22      2      1      0
2017 11   4.25   2.64    05      6      4      0
2017 12   3.21   1.19    12      9      3      0
------------------------------------------------
         69.72   3.94   Jul    109     53      3


           WIND SPEED (km/h)

                                DOM
 YR  MO    AVG     HI   DATE    DIR
-----------------------------------
2017 01
2017 02
2017 03    2.8  183.6     12    212
2017 04    2.8  183.6     04    197
2017 05    2.4  183.6     03    209
2017 06    1.9  183.6     02    204
2017 07    1.5  183.6     01    197
2017 08    1.8  183.6     04    198
2017 09    1.1  184.0     01    205
2017 10    1.3  184.0     23    220
2017 11    0.7  183.6     01    352
2017 12    0.4  183.6     02    320
-----------------------------------
           1.7  184.0    Sep    206