Calalzo di Cadore, Italia

46° 26.57' N | 012° 23.33' E | 795 meter | Show on map

Climate Summary 2017

04/21/19 01:05:00 CEST

Station: LaCrosse WS23xx
Software: WeeWX v3.7.0
Weewx uptime: 1 Giorno, 9 Ore, 44 Minuti
Server uptime: 1 Giorno, 9 Ore, 43 Minuti
                     CLIMATOLOGICAL SUMMARY for year 2017


NAME: Calalzo di Cadore, Italia                  
ELEV: 795 meter    LAT: 46-26.57 N    LONG: 012-23.33 E


                                       TEMPERATURE (°C)

                              HEAT    COOL                              MAX    MAX    MIN    MIN
          MEAN   MEAN         DEG     DEG                                >=     <=     <=     <=
 YR  MO   MAX    MIN    MEAN  DAYS    DAYS      HI  DAY     LOW  DAY     30      0      0    -20
------------------------------------------------------------------------------------------------
2017 01
2017 02
2017 03   16,3    1,0    8,7  192,7    0,0    20,9   29   -29,2   28      0      0      3      1
2017 04   15,2    3,5    8,8  286,1    0,0    21,3   03    -3,3   21      0      0      5      0
2017 05   19,7    7,5   13,7  149,3    2,3    25,8   29   -30,0   11      0      0      1      1
2017 06   25,3   12,7   18,3   30,4   30,7    30,4   24     4,8   08      1      0      0      0
2017 07   25,6   13,3   19,0   21,2   42,4    29,3   08     8,3   25      0      0      0      0
2017 08   26,8   13,2   19,4   19,0   51,7    31,8   02     7,1   21      6      0      0      0
2017 09   17,6    8,2   12,2  184,6    0,0    22,6   07     1,8   21      0      0      0      0
2017 10   17,0    4,6    9,6  269,6    0,0    22,3   15    -1,8   31      0      0      1      0
2017 11    7,6   -2,6    2,2  387,9    0,0    13,9   03   -30,0   18      0      1     17      1
2017 12    2,9   -5,5   -2,3  616,4    0,0     8,4   24   -10,5   10      0      5     28      0
------------------------------------------------------------------------------------------------
          17,7    6,0   11,4 2157,3  127,1    31,8  ago   -30,0  mag      7      6     55      3


                  PRECIPITATION (mm)

                  MAX         ---DAYS OF RAIN---
                  OBS.               OVER
 YR  MO  TOTAL    DAY  DATE   0.30   3.00  30.00
------------------------------------------------
2017 01
2017 02
2017 03    3,6    1,6    26      3      0      0
2017 04   93,8   32,6    27     10      4      1
2017 05   60,1   10,4    06     14      7      0
2017 06  115,5   28,0    28     15     11      0
2017 07  116,0   39,4    24     18      7      1
2017 08   52,8   15,0    19     13      6      0
2017 09  166,3   34,7    12     19     10      1
2017 10   14,5   13,5    22      2      1      0
2017 11   42,5   26,4    05      6      4      0
2017 12   32,1   11,9    12      9      3      0
------------------------------------------------
         697,2   39,4   lug    109     53      3


           WIND SPEED (km/h)

                                DOM
 YR  MO    AVG     HI   DATE    DIR
-----------------------------------
2017 01
2017 02
2017 03    2,8  183,6     12    212 
2017 04    2,8  183,6     04    197 
2017 05    2,4  183,6     03    209 
2017 06    1,9  183,6     02    204 
2017 07    1,5  183,6     01    197 
2017 08    1,8  183,6     04    198 
2017 09    1,1  184,0     01    205 
2017 10    1,3  184,0     23    220 
2017 11    0,7  183,6     01    352 
2017 12    0,4  183,6     02    320 
-----------------------------------
           1,7  184,0    set    206