Calalzo di Cadore, Veneto

46° 26.33' N | 012° 22.85' E | 800 meter | Show on map

Climate Summary January 2018

28/02/2020 01:05:00 CET

Station: LaCrosse WS-2357
Software: WeeWX v3.9.2
Weewx uptime: 0 giorni, 9 ore, 27 minuti
Server uptime: 4 giorni, 12 ore, 53 minuti
                   MONTHLY CLIMATOLOGICAL SUMMARY for gen 2018


NAME: Calalzo di Cadore, Veneto                  
ELEV: 800 meter    LAT: 46-26.33 N    LONG: 012-22.85 E


                   TEMPERATURE (°C), RAIN (mm), WIND SPEED (km/h)

                                         HEAT   COOL         AVG
      MEAN                               DEG    DEG          WIND                   DOM
DAY   TEMP   HIGH   TIME    LOW   TIME   DAYS   DAYS   RAIN  SPEED   HIGH   TIME    DIR
---------------------------------------------------------------------------------------
 01   -1,4    0,6  16:45   -3,5  00:10   19,8    0,0    0,0    0,1   11,9  16:30    242
 02   -0,9    4,3  13:25   -4,1  00:00   19,3    0,0    2,1    0,5    8,6  12:35    352
 03   -3,1    1,0  12:25   -5,6  07:20   21,4    0,0    0,0    0,4   11,2  19:25    315
 04   -1,3    1,5  15:50   -3,6  00:15   19,6    0,0    0,0    0,1    6,1  21:35    325
 05   -1,0    1,4  14:40   -3,9  08:00   19,3    0,0    0,0    0,1    6,1  14:15    307
 06    1,3    2,6  11:50    0,4  03:40   17,0    0,0    0,0    0,0    4,3  16:30    313
 07    1,9    4,2  13:05    1,0  07:35   16,5    0,0    0,0    0,1    6,1  08:55    324
 08    2,2    4,4  13:45  -17,8  21:55   16,2    0,0    3,1    0,1    4,3  17:45    282
 09    1,7    3,4  06:20  -17,8  08:00   16,6    0,0   34,7    0,2    7,6  05:45    331
 10    1,7    4,4  11:25  -17,8  16:35   16,7    0,0    0,0    0,1    5,8  12:00    305
 11    0,8    4,4  11:05   -1,9  07:35   17,5    0,0    0,0    0,1    4,0  15:35    323
 12   -0,4    4,4  13:40   -2,3  07:10   18,7    0,0    0,0    0,1    4,0  05:40    342
 13   -0,1    4,3  14:05   -2,6  23:55   18,5    0,0    0,0    0,0    5,0  01:40    334
 14   -0,2    1,9  13:10   -2,6  01:15   18,6    0,0    0,0    0,6   15,1  15:35    221
 15    0,4    4,4  13:05   -1,7  08:20   18,0    0,0    0,0    0,3   11,2  01:35    233
 16   -0,1    4,4  13:25   -1,7  07:45   18,4    0,0    0,0    0,8   16,2  16:15    215
 17    0,1    4,4  14:55   -2,6  07:50   18,2    0,0    0,0    2,5   39,2  13:25     15
 18   -0,9    4,4  12:35   -3,8  22:55   19,3    0,0    0,0    0,6    7,6  11:20    340
 19   -2,1    4,4  14:20   -6,0  08:05   20,4    0,0    0,0    0,7   13,3  15:35    319
 20   -1,1    4,4  13:10   -5,3  05:50   19,4    0,0    0,0    1,0   24,8  15:50    228
 21    0,1    4,4  16:00   -2,5  23:55   18,2    0,0    0,0    2,0   27,7  15:15     24
 22   -0,9    4,3  12:40   -3,5  02:15   19,2    0,0    0,0    0,7   13,0  14:00    246
 23   -0,9    4,4  15:05   -3,9  05:35   19,2    0,0    0,0    1,4   19,4  10:55    265
 24   -0,9    4,4  15:55   -3,7  08:35   19,3    0,0    0,0    0,3   10,8  14:10    291
 25   -0,8    4,4  13:10   -3,9  07:05   19,1    0,0    0,0    0,7   17,3  13:35    226
 26    1,1    4,4  12:05   -0,8  00:05   17,2    0,0    0,0    0,1    4,7  15:30    274
 27    0,3    4,4  16:50   -1,6  08:51   18,0    0,0    0,0    0,6   16,2  14:05    251
 28   -0,2    4,3  17:15   -2,9  07:15   18,5    0,0    0,0    0,4    7,2  12:50    311
 29    0,1    4,4  17:30  -17,8  19:10   18,3    0,0    0,0    0,3    6,8  14:50    328
 30   -0,4    4,4  10:20   -1,8  07:20   18,7    0,0    0,0    1,0   22,0  13:00    215
 31    0,0    4,4  13:10   -3,6  06:05   18,3    0,0    0,0    1,4   23,0  15:25    220
---------------------------------------------------------------------------------------
      -0,2    4,4     31  -17,8     08  573,2    0,0   39,9    0,6   39,2     17    261
    
Updated: 10/11/2019 13:25:00