Calalzo di Cadore, Italia

46° 26.57' N | 012° 23.33' E | 795 meter | Show on map

Climate Summary January 2018

02/16/19 01:12:00 CET

Station: LaCrosse WS23xx
Software: WeeWX v3.7.0
Weewx uptime: 6 Giorni, 2 Ore, 0 Minuti
Server uptime: 38 Giorni, 11 Ore, 3 Minuti
                   MONTHLY CLIMATOLOGICAL SUMMARY for Jan 2018

NAME: Calalzo di Cadore, Italia                  
ELEV: 795 meter    LAT: 46-26.57 N    LONG: 012-23.33 E

                   TEMPERATURA(°C), PIOGGIA (mm), VENTO (km/h)

                                             AVG                                     HEAT    COOL
         Temp         Temp.                  WIND                   DOM       MEAN   DEG     DEG
Giorno   MAX   ORA    MINIMA  ORA   PIOGGIA  SPEED   HIGH   TIME    DIR       TEMP   DAYS    DAYS
---------------------------------------------------------------------------------------
  01      0.7  16:40   -3.6  00:07     0.0    0.1   11.9  16:30    242  
  02      4.3  13:17   -4.2  23:53     2.1    0.5    8.6  12:35    352  
  03      1.2  11:44   -5.6  07:13     0.0    0.4   11.2  19:25    315  
  04      1.6  15:47   -3.6  00:15     0.0    0.1    6.1  21:35    325  
  05      1.4  14:33   -3.9  07:56     0.0    0.1    6.1  14:15    307  
  06      2.8  11:45    0.4  03:34     0.0    0.0    4.3  16:30    313  
  07      4.2  12:50    1.0  05:13     0.0    0.1    6.1  08:55    324  
  08      4.6  13:28    0.9  00:33     3.1    0.1    4.3  17:45    282  
  09      3.5  06:18    1.1  22:03    34.7    0.2    7.6  05:45    331  
  10      8.6  13:14    0.8  04:38     0.0    0.1    5.8  12:00    305  
  11      5.5  12:33   -1.9  07:30     0.0    0.1    4.0  15:35    323  
  12      6.4  12:44   -2.4  07:08     0.0    0.1    4.0  05:40    342  
  13      5.6  14:24   -2.7  23:54     0.0    0.0    5.0  01:40    334  
  14      1.9  13:03   -2.7  01:13     0.0    0.6   15.1  15:35    221  
  15      4.8  13:08   -1.8  08:17     0.0    0.3   11.2  01:35    233  
  16      6.8  14:07   -1.7  07:35     0.0    0.8   16.2  16:15    215  
  17      7.3  13:47   -2.6  07:36     0.0    2.5   39.2  13:25     15  
  18      6.6  12:57   -3.8  22:48     0.0    0.6    7.6  11:20    340  
  19      4.7  14:00   -6.1  08:00     0.0    0.7   13.3  15:35    319  
  20      4.8  13:01   -5.3  05:45     0.0    1.0   24.8  15:50    228  
  21      6.3  14:08   -2.6  23:55     0.0    2.0   27.7  15:15     24  
  22      5.6  13:42   -3.6  02:14     0.0    0.7   13.0  14:00    246  
  23      7.8  14:03   -3.9  04:53     0.0    1.4   19.4  10:55    265  
  24      8.6  13:04   -3.8  08:30     0.0    0.3   10.8  14:10    291  
  25      6.8  14:19   -3.9  06:58     0.0    0.7   17.3  13:35    226  
  26      7.1  13:06   -0.8  00:00     0.0    0.1    4.7  15:30    274  
  27      8.3  12:49   -1.6  08:51     0.0    0.6   16.2  14:05    251  
  28     10.4  13:27   -2.9  07:05     0.0    0.4    7.2  12:50    311  
  29     12.1  12:28   -1.6  05:14     0.0    0.3    6.8  14:50    328  
  30      7.8  14:27   -1.9  07:17     0.0    1.0   22.0  13:00    215  
  31      4.9  13:16   -3.7  06:04     0.0    1.4   23.0  15:25    220  
---------------------------------------------------------------------------------------
  T.max     Giorno      T.min.   Giorno    Tot.pioggia    vento max
  12.1       29          -6.1     19        39.9            39.2

 557.5 
   0.0 
   0.6     
 17
    261     0.3