Calalzo di Cadore, Italia

46° 26.57' N | 012° 23.33' E | 795 meter | Show on map

Climate Summary February 2018

04/21/19 01:05:00 CEST

Station: LaCrosse WS23xx
Software: WeeWX v3.7.0
Weewx uptime: 1 Giorno, 9 Ore, 44 Minuti
Server uptime: 1 Giorno, 9 Ore, 43 Minuti
                   MONTHLY CLIMATOLOGICAL SUMMARY for Feb 2018

NAME: Calalzo di Cadore, Italia                  
ELEV: 795 meter    LAT: 46-26.57 N    LONG: 012-23.33 E

                   TEMPERATURA(°C), PIOGGIA (mm), VENTO (km/h)

                                             AVG                                     HEAT    COOL
         Temp         Temp.                  WIND                   DOM       MEAN   DEG     DEG
Giorno   MAX   ORA    MINIMA  ORA   PIOGGIA  SPEED   HIGH   TIME    DIR       TEMP   DAYS    DAYS
---------------------------------------------------------------------------------------
  01      2.3  13:20    0.1  20:35     5.2    0.1   11.9  11:25    224  
  02      1.4  15:10   -0.9  23:45     2.1    0.2    9.4  05:35    350  
  03      2.4  14:55   -3.2  23:20     1.0    1.2   15.8  06:45    356  
  04      4.9  12:56  -17.8  11:36     1.6    0.2    7.2  13:56    236  
  05      4.3  13:30   -4.9  04:15     0.0    0.6   14.8  15:00    232  
  06      4.3  14:45   -7.1  07:20     0.0    0.4    8.3  12:55    189  
  07      6.7  13:50   -0.9  01:30     0.5    0.2    5.0  16:30    277  
  08      7.4  14:25   -0.3  07:15     0.0    0.7   21.2  14:55    214  
  09      5.1  11:15   -0.1  07:30     0.0    0.9   18.7  13:05    202  
  10      7.6  14:15   -2.8  22:45     0.0    0.3    6.1  14:05     74  
  11      4.1  14:35   -6.7  07:25     0.0    1.5   18.7  14:25    217  
  12      1.8  12:45   -2.9  00:00     2.1    0.6   11.9  17:55     40  
  13      4.2  12:20   -5.4  08:05     0.0    0.5   11.5  13:10     69  
  14      5.2  13:50   -9.6  08:20     0.0    0.7   11.2  15:25    242  
  15      1.9  12:55  -11.5  06:55     0.0    1.3   16.9  13:20    224  
  16      7.5  14:25   -7.1  07:25     0.0    0.6   14.0  13:55    222  
  17      6.8  11:45   -3.6  07:05     0.0    1.6   24.5  14:00    219  
  18      6.1  14:05   -0.5  03:45     3.1    2.9   20.9  17:40     39  
  19      5.1  13:45   -2.8  23:25     0.0    3.0   18.4  00:40     55  
  20      5.4  13:15  -17.8  18:15     0.0    2.4   21.2  15:30     40  
  21      6.4  13:40   -1.7  06:25     0.0    6.0   24.8  10:55     38  
  22      3.7  16:25   -1.0  08:30     0.5    5.4   23.0  03:35     42  
  23      6.5  14:30  -17.8  20:01     0.0    4.5   24.8  12:40     46  
  24     11.1  14:20   -0.1  00:00     0.0    1.9   15.5  18:50    194  
  25      0.2  14:15   -7.1  23:45     0.0    6.3   31.3  09:30     54  
  26      5.7  18:30  -10.7  07:20     0.0    6.6   33.8  11:50     46  
  27     -2.8  13:14   -9.6  06:48     0.0    2.0   15.5  11:42     81  
  28     -2.8  12:49  -12.4  07:23     0.0    3.0   27.7  16:36    210  
---------------------------------------------------------------------------------------
  T.max     Giorno      T.min.   Giorno    Tot.pioggia    vento max
  11.1       24         -17.8     04        16.1            33.8

 541.5 
   0.0 
   2.0     
 26
     47    -1.0