Calalzo di Cadore, Veneto

46° 26.33' N | 012° 22.85' E | 800 meter | Show on map

Climate Summary February 2018

28/02/2020 00:45:00 CET

Station: LaCrosse WS-2357
Software: WeeWX v3.9.2
Weewx uptime: 0 giorni, 9 ore, 7 minuti
Server uptime: 4 giorni, 12 ore, 33 minuti
                   MONTHLY CLIMATOLOGICAL SUMMARY for feb 2018


NAME: Calalzo di Cadore, Veneto                  
ELEV: 800 meter    LAT: 46-26.33 N    LONG: 012-22.85 E


                   TEMPERATURE (°C), RAIN (mm), WIND SPEED (km/h)

                                         HEAT   COOL         AVG
      MEAN                               DEG    DEG          WIND                   DOM
DAY   TEMP   HIGH   TIME    LOW   TIME   DAYS   DAYS   RAIN  SPEED   HIGH   TIME    DIR
---------------------------------------------------------------------------------------
 01    1,1    2,3  13:20    0,1  20:35   17,3    0,0    5,2    0,1   11,9  11:25    224
 02    0,2    1,4  15:10   -0,9  23:45   18,1    0,0    2,1    0,2    9,4  05:35    350
 03   -1,1    2,4  14:55   -3,2  23:20   19,4    0,0    1,0    1,2   15,8  06:45    356
 04   -2,6    3,9  12:21  -17,8  11:36   20,9    0,0    1,6    0,2    7,2  13:56    236
 05   -2,1    4,3  13:30   -4,9  04:15   20,4    0,0    0,0    0,6   14,8  15:00    232
 06   -2,1    4,3  14:45   -7,1  07:20   20,4    0,0    0,0    0,4    8,3  12:55    189
 07    0,5    4,2  14:45   -0,9  01:30   17,8    0,0    0,5    0,2    5,0  16:30    277
 08    1,2    4,4  12:45   -0,3  07:15   17,2    0,0    0,0    0,7   21,2  14:55    214
 09    1,0    4,4  10:20   -0,1  07:30   17,4    0,0    0,0    0,9   18,7  13:05    202
 10   -0,1    4,4  11:25   -2,8  22:45   18,5    0,0    0,0    0,3    6,1  14:05     74
 11   -1,9    4,1  14:35   -6,7  07:25   20,2    0,0    0,0    1,5   18,7  14:25    217
 12   -1,2    1,8  12:45   -2,9  00:00   19,6    0,0    2,1    0,6   11,9  17:55     40
 13   -1,8    4,2  12:20   -5,4  08:05   20,1    0,0    0,0    0,5   11,5  13:10     69
 14   -4,0    4,4  14:10   -9,6  08:20   22,3    0,0    0,0    0,7   11,2  15:25    242
 15   -4,9    1,9  12:55  -11,5  06:55   23,3    0,0    0,0    1,3   16,9  13:20    224
 16   -2,4    4,4  16:35   -7,1  07:25   20,7    0,0    0,0    0,6   14,0  13:55    222
 17   -0,3    4,4  17:00   -3,6  07:05   18,7    0,0    0,0    1,6   24,5  14:00    219
 18    1,2    4,4  16:40   -0,5  03:45   17,1    0,0    3,1    2,9   20,9  17:40     39
 19    0,7    4,4  14:10   -2,8  23:25   17,6    0,0    0,0    3,0   18,4  00:40     55
 20   -0,1    4,4  14:20  -17,8  18:15   18,5    0,0    0,0    2,4   21,2  15:30     40
 21    1,0    4,4  17:20   -1,7  06:25   17,4    0,0    0,0    6,0   24,8  10:55     38
 22    0,7    3,7  16:25   -1,0  08:30   17,6    0,0    0,5    5,4   23,0  03:35     42
 23    1,1    4,4  17:10  -17,8  20:01   17,2    0,0    0,0    4,5   24,8  12:40     46
 24    1,7    4,4  18:55   -0,1  00:00   16,7    0,0    0,0    1,9   15,5  18:50    194
 25   -2,7    0,2  14:15   -7,1  23:45   21,0    0,0    0,0    6,3   31,3  09:30     54
 26   -7,4   -1,7  16:25  -10,7  07:20   25,7    0,0    0,0    6,6   33,8  11:50     46
 27   -7,2   -2,8  13:14   -9,6  06:48   25,5    0,0    0,0    2,0   15,5  11:42     81
 28   -7,7   -2,9  12:50  -12,3  07:26   26,1    0,0    0,0    3,0   27,7  16:36    210
---------------------------------------------------------------------------------------
      -1,5    4,4     20  -17,8     04  552,6    0,0   16,1    2,0   33,8     26     47
    
Updated: 10/11/2019 13:25:00