Calalzo di Cadore, Italia

46° 26.57' N | 012° 23.33' E | 795 meter | Show on map

Climate Summary March 2018

02/16/19 01:12:00 CET

Station: LaCrosse WS23xx
Software: WeeWX v3.7.0
Weewx uptime: 6 Giorni, 2 Ore, 0 Minuti
Server uptime: 38 Giorni, 11 Ore, 3 Minuti
                   MONTHLY CLIMATOLOGICAL SUMMARY for Mar 2018


NAME: Calalzo di Cadore, Italia                  
ELEV: 795 meter    LAT: 46-26.57 N    LONG: 012-23.33 E


                   TEMPERATURE (°C), RAIN (mm), WIND SPEED (km/h)

                                         HEAT   COOL         AVG
      MEAN                               DEG    DEG          WIND                   DOM
DAY   TEMP   HIGH   TIME    LOW   TIME   DAYS   DAYS   RAIN  SPEED   HIGH   TIME    DIR
---------------------------------------------------------------------------------------
 01   -5.9   -2.5  15:30   -8.8  05:26   24.3    0.0    0.5    0.5   10.8  13:47    185
 02   -1.0    3.0  14:49   -4.5  02:20   19.3    0.0    0.0    0.2    8.6  16:26    204
 03    0.3    2.1  12:32   -1.9  00:18   18.1    0.0    2.1    0.5   14.8  18:06    206
 04    2.9    9.9  13:36   -1.1  07:48   15.4    0.0    0.0    1.8   29.2  16:04    219
 05    3.2    7.8  14:48   -0.2  02:34   15.1    0.0    1.0    0.6    9.0  16:46    210
 06    2.4    4.4  11:42    0.9  06:44   16.0    0.0    2.6    1.1   14.8  13:30    210
 07    2.6    4.7  10:28    0.9  23:44   15.8    0.0    2.6    0.5   13.3  16:24    196
 08    3.3    9.8  14:11   -1.9  07:16   15.1    0.0    0.0    2.3   33.8  16:40    212
 09    4.2   10.5  13:48   -0.7  07:00   14.2    0.0    0.0    2.2   25.9  15:04    214
 10    4.6    8.9  12:50    2.4  06:42   13.7    0.0    0.0    1.0   18.4  14:14    208
 11    4.3    6.9  13:08    0.9  00:00   14.0    0.0   19.2    0.1    9.0  18:22    225
 12    4.1    9.3  15:28    0.9  00:02   14.3    0.0    1.0    0.5   20.9  16:12    206
 13    4.9   12.2  12:34    1.6  23:42   13.5    0.0    2.6    0.9   23.4  12:38    146
 14    4.8   11.9  13:14   -0.2  04:48   13.6    0.0    0.0    1.5   25.9  16:28    215
 15    4.4    8.5  11:52    2.3  05:04   13.9    0.0    3.1    2.0   26.6  12:14    210
 16    5.2   12.4  14:00    0.5  04:04   13.1    0.0    4.2    1.6   31.0  17:16    215
 17    5.4    9.8  13:07    2.9  23:39   12.9    0.0    0.5    2.0   18.4  13:14     58
 18    3.9    7.3  11:46    1.6  03:59   14.4    0.0    1.0    1.6   19.1  21:46     54
 19    2.6    4.6  15:10   -0.1  23:04   15.7    0.0    0.0    4.0   19.1  12:40     57
 20    1.9    8.2  12:06   -2.1  06:37   16.4    0.0    0.0    3.7   33.8  23:28    160
 21    1.6    6.5  14:32   -3.2  06:49   16.8    0.0    0.0    6.0   32.8  12:12     52
 22    2.4   11.2  14:33   -5.6  06:41   15.9    0.0    0.0    2.9   25.2  17:34     52
 23    3.7   11.8  14:00   -1.9  04:50   14.6    0.0    0.0    2.8   25.2  12:48     94
 24    2.9    9.1  13:26   -2.1  02:26   15.4    0.0    0.0    3.2   45.4  17:34    215
 25    5.1   10.6  15:07    0.7  00:00   13.3    0.0    0.0    3.6   23.8  14:44    207
 26    4.6   12.6  13:26   -2.2  06:25   13.8    0.0    0.0    3.1   25.2  15:26    212
 27    5.3   11.1  14:04    1.0  07:18   13.0    0.0    0.0    3.9   31.7  15:52    214
 28    6.9   12.4  14:16    2.7  06:08   11.5    0.0    0.5    3.2   25.2  17:26    202
 29    5.8    8.1  15:12    4.8  22:45   12.5    0.0    4.1    0.4   14.8  16:14    217
 30    5.8    8.3  17:27    4.2  06:48   12.5    0.0   19.2    0.0    1.8  21:24     27
 31    4.7    9.2  14:14    2.4  23:58   13.6    0.0   21.2    0.9   18.7  21:10    107
---------------------------------------------------------------------------------------
       3.5   12.6     26   -8.8     01  461.5    0.0   85.5    1.9   45.4     24    187
    
Updated: 04/01/18 00:00:00