Calalzo di Cadore, Veneto

46° 26.33' N | 012° 22.85' E | 800 meter | Show on map

Climate Summary March 2018

28/02/2020 00:25:00 CET

Station: LaCrosse WS-2357
Software: WeeWX v3.9.2
Weewx uptime: 0 giorni, 8 ore, 47 minuti
Server uptime: 4 giorni, 12 ore, 13 minuti
                   MONTHLY CLIMATOLOGICAL SUMMARY for mar 2018


NAME: Calalzo di Cadore, Veneto                  
ELEV: 800 meter    LAT: 46-26.33 N    LONG: 012-22.85 E


                   TEMPERATURE (°C), RAIN (mm), WIND SPEED (km/h)

                                         HEAT   COOL         AVG
      MEAN                               DEG    DEG          WIND                   DOM
DAY   TEMP   HIGH   TIME    LOW   TIME   DAYS   DAYS   RAIN  SPEED   HIGH   TIME    DIR
---------------------------------------------------------------------------------------
 01   -5,9   -2,5  15:30   -8,8  05:26   24,3    0,0    0,5    0,5   10,8  13:47    185
 02   -1,0    3,0  14:49   -4,5  02:20   19,3    0,0    0,0    0,2    8,6  16:26    204
 03    0,3    2,1  12:32   -1,9  00:18   18,1    0,0    2,1    0,5   14,8  18:06    206
 04    0,7    4,4  18:14   -1,1  07:48   17,7    0,0    0,0    1,8   29,2  16:04    219
 05    1,6    4,4  18:10   -0,2  02:34   16,8    0,0    1,0    0,6    9,0  16:46    210
 06    2,4    4,4  11:42    0,9  06:44   16,0    0,0    2,6    1,1   14,8  13:30    210
 07    2,5    4,4  13:16    0,9  23:44   15,8    0,0    2,6    0,5   13,3  16:24    196
 08    0,8    4,4  18:44   -1,9  07:16   17,5    0,0    0,0    2,3   33,8  16:40    212
 09    1,8    4,4  19:26   -0,7  07:00   16,6    0,0    0,0    2,2   25,9  15:04    214
 10    3,2    4,4  21:20    2,4  06:42   15,1    0,0    0,0    1,0   18,4  14:14    208
 11    3,5    4,4  11:14    0,9  00:00   14,8    0,0   19,2    0,1    9,0  18:22    225
 12    1,9    4,4  23:44    0,9  00:02   16,4    0,0    1,0    0,5   20,9  16:12    206
 13    3,3    4,4  17:22    1,6  23:42   15,1    0,0    2,6    0,9   23,4  12:38    146
 14    1,5    4,4  21:18   -0,2  04:48   16,8    0,0    0,0    1,5   25,9  16:28    215
 15    3,1    4,4  18:24    2,3  05:04   15,2    0,0    3,1    2,0   26,6  12:14    210
 16    1,6    4,4  10:30    0,5  04:04   16,7    0,0    4,2    1,6   31,0  17:16    215
 17    3,7    4,4  02:40    2,9  23:42   14,6    0,0    0,5    2,0   18,4  13:14     58
 18    2,8    4,4  10:20    1,6  04:02   15,6    0,0    1,0    1,6   19,1  21:46     54
 19    2,6    4,4  15:40   -0,0  23:06   15,7    0,0    0,0    4,0   19,1  12:40     57
 20    0,8    4,4  09:48   -2,1  06:40   17,5    0,0    0,0    3,7   33,8  23:28    160
 21    0,2    4,4  10:30   -3,2  06:54   18,1    0,0    0,0    6,0   32,8  12:12     52
 22   -1,1    4,4  19:30   -5,6  06:46   19,4    0,0    0,0    2,9   25,2  17:34     52
 23    0,2    4,4  18:54   -1,9  04:50   18,2    0,0    0,0    2,8   25,2  12:48     94
 24    0,7    4,4  18:34   -2,1  02:26   17,6    0,0    0,0    3,2   45,4  17:34    215
 25    2,2    4,4  20:34    0,7  00:00   16,1    0,0    0,0    3,6   23,8  14:44    207
 26   -0,3    4,4  22:54   -2,2  06:30   18,7    0,0    0,0    3,1   25,2  15:26    212
 27    2,3    4,4  23:28    1,0  07:20   16,0    0,0    0,0    3,9   31,7  15:52    214
 28    3,2    4,3  08:46    2,8  06:14   15,1    0,0    0,5    3,2   25,2  17:26    202
 29    N/A    N/A    N/A    N/A    N/A    0,0    0,0    4,1    0,4   14,8  16:14    217
 30    4,4    4,4  05:48    4,2  06:54   14,0    0,0   19,2    0,0    1,8  21:24     27
 31    3,7    4,4  01:56    2,4  00:00   14,7    0,0   21,2    0,9   18,7  21:10    107
---------------------------------------------------------------------------------------
       1,3    4,4     18   -8,8     01  503,4    0,0   85,5    1,9   45,4     24    187
    
Updated: 10/11/2019 13:25:00