Calalzo di Cadore, Italia

46° 26.57' N | 012° 23.33' E | 795 meter | Show on map

Climate Summary June 2018

04/21/19 01:05:00 CEST

Station: LaCrosse WS23xx
Software: WeeWX v3.7.0
Weewx uptime: 1 Giorno, 9 Ore, 44 Minuti
Server uptime: 1 Giorno, 9 Ore, 43 Minuti
                   MONTHLY CLIMATOLOGICAL SUMMARY for Jun 2018


NAME: Calalzo di Cadore, Italia                  
ELEV: 795 meter    LAT: 46-26.57 N    LONG: 012-23.33 E


                   TEMPERATURE (°C), RAIN (mm), WIND SPEED (km/h)

                                         HEAT   COOL         AVG
      MEAN                               DEG    DEG          WIND                   DOM
DAY   TEMP   HIGH   TIME    LOW   TIME   DAYS   DAYS   RAIN  SPEED   HIGH   TIME    DIR
---------------------------------------------------------------------------------------
 01   18.6   25.2  13:58   12.7  05:55    0.0    0.3    0.0    2.7   25.9  15:38    193
 02   15.8   23.6  11:58   11.9  23:38    2.5    0.0   15.0    1.2   25.2  13:46    188
 03   16.7   24.3  16:37    9.3  05:53    1.7    0.0    0.5    1.8   27.4  15:42    197
 04   16.9   25.8  14:54   11.8  05:36    1.4    0.0    6.2    1.5   24.8  15:26    193
 05   17.0   24.6  14:54   10.7  05:40    1.3    0.0    0.0    0.8   16.6  12:44    188
 06   18.8   25.6  15:42   13.3  03:42    0.0    0.5    0.0    0.7   25.6  17:48    209
 07   18.8   23.3  15:29   14.3  23:59    0.0    0.5    1.0    0.0    7.2  17:20    207
 08   16.3   22.2  16:06   13.6  04:08    2.0    0.0    5.2    0.0    0.0  00:02     90
 09   17.8   25.4  15:20   11.5  05:32    0.5    0.0    0.5    1.6   20.9  13:22    204
 10   20.1   26.2  16:11   13.3  04:00    0.0    1.7    3.1    1.8   23.4  12:46    210
 11   19.6   27.2  13:09   14.6  23:59    0.0    1.2    5.2    2.0   23.0  13:50    191
 12   15.7   20.5  10:36   12.8  22:56    2.7    0.0   10.9    0.5   22.3  15:56    346
 13   15.2   20.4  14:21   12.5  05:44    3.1    0.0    0.5    0.4   14.4  17:02    100
 14   17.0   23.9  14:34   11.9  05:24    1.3    0.0    0.0    1.3   21.6  16:06    206
 15   16.7   23.3  15:52    9.2  05:57    1.6    0.0    0.0    2.8   27.7  17:12    205
 16   18.1   24.8  15:04   10.3  05:42    0.2    0.0    0.0    2.2   22.0  16:00    197
 17   19.8   26.8  15:10   13.3  05:11    0.0    1.4    0.0    1.7   17.6  14:08    179
 18   18.6   27.3  13:59   13.9  05:20    0.0    0.3    0.0    1.3   29.5  17:44    197
 19   19.4   26.8  13:49   10.8  05:46    0.0    1.0    0.0    2.2   24.1  17:04    205
 20   20.6   26.8  14:57   14.7  05:41    0.0    2.3    0.0    2.6   25.6  16:48    201
 21   20.0   26.4  13:04   14.9  04:59    0.0    1.7    7.3    2.3   28.8  13:08    194
 22   16.6   22.1  11:48   11.1  23:36    1.7    0.0    2.1    2.9   32.4  16:06    210
 23   14.0   19.9  14:04    6.7  06:06    4.3    0.0    0.0    3.0   33.8  16:38    204
 24   15.2   19.9  12:56   11.4  05:12    3.2    0.0    0.5    2.5   23.8  15:30    199
 25   15.0   20.2  14:49   12.1  03:38    3.3    0.0    1.0    1.9   22.0  14:50    205
 26   16.1   22.9  15:40    7.8  05:39    2.3    0.0    0.0    2.0   23.0  17:44    198
 27   15.9   23.2  12:19   10.8  05:55    2.5    0.0    0.0    2.0   26.6  15:44     56
 28   14.6   19.6  14:08  -30.0  10:53    3.7    0.0    0.0    0.3   10.4  14:12    176
 29   17.4   25.6  16:54   10.5  05:25    0.9    0.0    0.0    0.9   16.6  15:46    186
 30   20.9   28.6  14:06   12.2  05:56    0.0    2.6    0.0    2.6   21.6  19:24    201
---------------------------------------------------------------------------------------
      17.4   28.6     30  -30.0     28   40.2   13.5   59.0    1.7   33.8     23    200
    
Updated: 07/01/18 00:00:00