Calalzo di Cadore, Veneto

46° 26.33' N | 012° 22.85' E | 800 meter | Show on map

Climate Summary June 2018

27/02/2020 23:20:00 CET

Station: LaCrosse WS-2357
Software: WeeWX v3.9.2
Weewx uptime: 0 giorni, 7 ore, 42 minuti
Server uptime: 4 giorni, 11 ore, 8 minuti
                   MONTHLY CLIMATOLOGICAL SUMMARY for giu 2018


NAME: Calalzo di Cadore, Veneto                  
ELEV: 800 meter    LAT: 46-26.33 N    LONG: 012-22.85 E


                   TEMPERATURE (°C), RAIN (mm), WIND SPEED (km/h)

                                         HEAT   COOL         AVG
      MEAN                               DEG    DEG          WIND                   DOM
DAY   TEMP   HIGH   TIME    LOW   TIME   DAYS   DAYS   RAIN  SPEED   HIGH   TIME    DIR
---------------------------------------------------------------------------------------
 01    N/A    N/A    N/A    N/A    N/A    0,0    0,0    0,0    2,7   25,9  15:38    193
 02    N/A    N/A    N/A    N/A    N/A    0,0    0,0   15,0    1,2   25,2  13:46    188
 03    N/A    N/A    N/A    N/A    N/A    0,0    0,0    0,5    1,8   27,4  15:42    197
 04    N/A    N/A    N/A    N/A    N/A    0,0    0,0    6,2    1,5   24,8  15:26    193
 05    N/A    N/A    N/A    N/A    N/A    0,0    0,0    0,0    0,8   16,6  12:44    188
 06    N/A    N/A    N/A    N/A    N/A    0,0    0,0    0,0    0,7   25,6  17:48    209
 07    N/A    N/A    N/A    N/A    N/A    0,0    0,0    1,0    0,0    7,2  17:20    207
 08    N/A    N/A    N/A    N/A    N/A    0,0    0,0    5,2    0,0    0,0  00:02     90
 09    N/A    N/A    N/A    N/A    N/A    0,0    0,0    0,5    1,6   20,9  13:22    204
 10    N/A    N/A    N/A    N/A    N/A    0,0    0,0    3,1    1,8   23,4  12:46    210
 11    N/A    N/A    N/A    N/A    N/A    0,0    0,0    5,2    2,0   23,0  13:50    191
 12    N/A    N/A    N/A    N/A    N/A    0,0    0,0   10,9    0,5   22,3  15:56    346
 13    N/A    N/A    N/A    N/A    N/A    0,0    0,0    0,5    0,4   14,4  17:02    100
 14    N/A    N/A    N/A    N/A    N/A    0,0    0,0    0,0    1,3   21,6  16:06    206
 15    N/A    N/A    N/A    N/A    N/A    0,0    0,0    0,0    2,8   27,7  17:12    205
 16    N/A    N/A    N/A    N/A    N/A    0,0    0,0    0,0    2,2   22,0  16:00    197
 17    N/A    N/A    N/A    N/A    N/A    0,0    0,0    0,0    1,7   17,6  14:08    179
 18    N/A    N/A    N/A    N/A    N/A    0,0    0,0    0,0    1,3   29,5  17:44    197
 19    N/A    N/A    N/A    N/A    N/A    0,0    0,0    0,0    2,2   24,1  17:04    205
 20    N/A    N/A    N/A    N/A    N/A    0,0    0,0    0,0    2,6   25,6  16:48    201
 21    N/A    N/A    N/A    N/A    N/A    0,0    0,0    7,3    2,3   28,8  13:08    194
 22    N/A    N/A    N/A    N/A    N/A    0,0    0,0    2,1    2,9   32,4  16:06    210
 23    N/A    N/A    N/A    N/A    N/A    0,0    0,0    0,0    3,0   33,8  16:38    204
 24    N/A    N/A    N/A    N/A    N/A    0,0    0,0    0,5    2,5   23,8  15:30    199
 25    N/A    N/A    N/A    N/A    N/A    0,0    0,0    1,0    1,9   22,0  14:50    205
 26    N/A    N/A    N/A    N/A    N/A    0,0    0,0    0,0    2,0   23,0  17:44    198
 27    N/A    N/A    N/A    N/A    N/A    0,0    0,0    0,0    2,0   26,6  15:44     56
 28    3,9    3,9  10:54    3,9  10:54   14,4    0,0    0,0    0,3   10,4  14:12    176
 29    N/A    N/A    N/A    N/A    N/A    0,0    0,0    0,0    0,9   16,6  15:46    186
 30    N/A    N/A    N/A    N/A    N/A    0,0    0,0    0,0    2,6   21,6  19:24    201
---------------------------------------------------------------------------------------
       3,9    3,9     28    3,9     28   14,4    0,0   59,0    1,7   33,8     23    200
    
Updated: 10/11/2019 13:25:00