Calalzo di Cadore, Veneto

46° 26.33' N | 012° 22.85' E | 800 meter | Show on map

Climate Summary July 2018

28/02/2020 01:35:00 CET

Station: LaCrosse WS-2357
Software: WeeWX v3.9.2
Weewx uptime: 0 giorni, 9 ore, 57 minuti
Server uptime: 4 giorni, 13 ore, 23 minuti
                   MONTHLY CLIMATOLOGICAL SUMMARY for lug 2018


NAME: Calalzo di Cadore, Veneto                  
ELEV: 800 meter    LAT: 46-26.33 N    LONG: 012-22.85 E


                   TEMPERATURE (°C), RAIN (mm), WIND SPEED (km/h)

                                         HEAT   COOL         AVG
      MEAN                               DEG    DEG          WIND                   DOM
DAY   TEMP   HIGH   TIME    LOW   TIME   DAYS   DAYS   RAIN  SPEED   HIGH   TIME    DIR
---------------------------------------------------------------------------------------
 01    N/A    N/A    N/A    N/A    N/A    0,0    0,0    0,0    3,2   29,2  12:56    202
 02    N/A    N/A    N/A    N/A    N/A    0,0    0,0   12,4    2,4   28,1  15:04    197
 03    N/A    N/A    N/A    N/A    N/A    0,0    0,0    6,2    1,7   23,0  16:44    176
 04    N/A    N/A    N/A    N/A    N/A    0,0    0,0    1,6    0,7   19,1  14:24    203
 05    N/A    N/A    N/A    N/A    N/A    0,0    0,0    6,7    1,3   22,7  15:28    115
 06    N/A    N/A    N/A    N/A    N/A    0,0    0,0    0,5    0,6   12,2  15:00    178
 07    N/A    N/A    N/A    N/A    N/A    0,0    0,0    0,0    1,2   15,8  16:46    201
 08    N/A    N/A    N/A    N/A    N/A    0,0    0,0    0,0    1,4   15,5  15:40    188
 09    N/A    N/A    N/A    N/A    N/A    0,0    0,0    0,0    2,1   25,2  16:12    198
 10    N/A    N/A    N/A    N/A    N/A    0,0    0,0    4,7    1,2   18,0  16:00     87
 11    N/A    N/A    N/A    N/A    N/A    0,0    0,0    9,3    1,8   21,6  15:14    162
 12    N/A    N/A    N/A    N/A    N/A    0,0    0,0    9,3    1,9   19,4  16:34    189
 13    N/A    N/A    N/A    N/A    N/A    0,0    0,0    4,7    2,2   23,4  15:12    196
 14    N/A    N/A    N/A    N/A    N/A    0,0    0,0    2,1    2,2   21,2  18:30    194
 15    N/A    N/A    N/A    N/A    N/A    0,0    0,0   14,5    1,1   16,9  14:36    167
 16    N/A    N/A    N/A    N/A    N/A    0,0    0,0    1,6    1,8   22,0  15:26    193
 17    N/A    N/A    N/A    N/A    N/A    0,0    0,0    0,0    0,8   10,8  15:30    135
 18    N/A    N/A    N/A    N/A    N/A    0,0    0,0    0,0    1,2   14,4  15:28    191
 19    N/A    N/A    N/A    N/A    N/A    0,0    0,0    0,0    2,2   27,7  16:10    198
 20    N/A    N/A    N/A    N/A    N/A    0,0    0,0   35,7    1,0   22,7  12:46    154
 21    N/A    N/A    N/A    N/A    N/A    0,0    0,0    9,3    0,3   19,4  05:48    162
 22    N/A    N/A    N/A    N/A    N/A    0,0    0,0    1,0    0,9   20,9  17:08    163
 23    N/A    N/A    N/A    N/A    N/A    0,0    0,0    0,0    3,0   27,7  13:18     56
 24    N/A    N/A    N/A    N/A    N/A    0,0    0,0    0,0    2,2   22,0  14:52    199
 25    N/A    N/A    N/A    N/A    N/A    0,0    0,0    0,0    1,2   15,8  16:12    191
 26    N/A    N/A    N/A    N/A    N/A    0,0    0,0    0,0    2,1   25,9  16:52    212
 27    N/A    N/A    N/A    N/A    N/A    0,0    0,0    0,0    1,8   18,0  12:52    197
 28    N/A    N/A    N/A    N/A    N/A    0,0    0,0    2,1    2,8   29,5  18:04    197
 29    N/A    N/A    N/A    N/A    N/A    0,0    0,0    0,0    1,1   14,8  15:36    182
 30    N/A    N/A    N/A    N/A    N/A    0,0    0,0    1,6    2,0   25,2  16:12    201
 31    N/A    N/A    N/A    N/A    N/A    0,0    0,0    0,5    1,9   23,0  18:38    206
---------------------------------------------------------------------------------------
       N/A    N/A       N/A    N/A       N/A    0,0    0,0  123,8    1,6   29,5     28    189
    
Updated: 10/11/2019 13:25:00