Calalzo di Cadore, Italia

46° 26.57' N | 012° 23.33' E | 795 meter | Show on map

Climate Summary July 2018

04/21/19 01:05:00 CEST

Station: LaCrosse WS23xx
Software: WeeWX v3.7.0
Weewx uptime: 1 Giorno, 9 Ore, 44 Minuti
Server uptime: 1 Giorno, 9 Ore, 43 Minuti
                   MONTHLY CLIMATOLOGICAL SUMMARY for Jul 2018


NAME: Calalzo di Cadore, Italia                  
ELEV: 795 meter    LAT: 46-26.57 N    LONG: 012-23.33 E


                   TEMPERATURE (°C), RAIN (mm), WIND SPEED (km/h)

                                         HEAT   COOL         AVG
      MEAN                               DEG    DEG          WIND                   DOM
DAY   TEMP   HIGH   TIME    LOW   TIME   DAYS   DAYS   RAIN  SPEED   HIGH   TIME    DIR
---------------------------------------------------------------------------------------
 01   20.4   24.5  12:32   17.9  06:15    0.0    2.1    0.0    3.2   29.2  12:56    202
 02   18.7   23.8  15:49   16.1  22:27    0.0    0.4   12.4    2.4   28.1  15:04    197
 03   17.7   24.8  13:49   14.6  22:50    0.7    0.0    6.2    1.7   23.0  16:44    176
 04   17.6   25.6  14:20   13.6  04:48    0.7    0.0    1.6    0.7   19.1  14:24    203
 05   17.1   24.6  16:22  -30.0  18:44    1.2    0.0    6.7    1.3   22.7  15:28    115
 06   16.9   23.3  16:07   13.5  23:57    1.4    0.0    0.5    0.6   12.2  15:00    178
 07   18.5   26.1  16:23  -30.0  07:32    0.0    0.2    0.0    1.2   15.8  16:46    201
 08   18.1   25.3  16:58   10.8  06:06    0.3    0.0    0.0    1.4   15.5  15:40    188
 09   19.6   27.2  14:34   13.5  04:30    0.0    1.2    0.0    2.1   25.2  16:12    198
 10   17.7   22.7  14:46   14.4  05:22    0.6    0.0    4.7    1.2   18.0  16:00     87
 11   17.3   22.6  13:18   13.4  06:05    1.1    0.0    9.3    1.8   21.6  15:14    162
 12   18.0   23.6  13:20   13.5  03:18    0.3    0.0    9.3    1.9   19.4  16:34    189
 13   18.8   25.4  15:18   12.8  05:27    0.0    0.4    4.7    2.2   23.4  15:12    196
 14   19.9   26.9  14:41   15.4  06:01    0.0    1.5    2.1    2.2   21.2  18:30    194
 15   18.2   25.1  15:08   14.8  06:02    0.1    0.0   14.5    1.1   16.9  14:36    167
 16   18.0   25.3  14:43   12.8  05:19    0.4    0.0    1.6    1.8   22.0  15:26    193
 17   18.1   26.9  16:21   11.8  05:13    0.2    0.0    0.0    0.8   10.8  15:30    135
 18   19.3   28.4  14:08   10.6  06:10    0.0    1.0    0.0    1.2   14.4  15:28    191
 19   20.5   28.3  12:24   12.1  05:52    0.0    2.2    0.0    2.2   27.7  16:10    198
 20   17.8   27.1  12:24   14.4  23:52    0.5    0.0   35.7    1.0   22.7  12:46    154
 21   16.5   20.5  16:41   13.9  07:44    1.9    0.0    9.3    0.3   19.4  05:48    162
 22   18.6   24.4  16:39   14.3  06:15    0.0    0.3    1.0    0.9   20.9  17:08    163
 23   20.0   26.1  13:34   14.6  06:22    0.0    1.7    0.0    3.0   27.7  13:18     56
 24   19.6   27.1  16:10  -26.1  18:32    0.0    1.3    0.0    2.2   22.0  14:52    199
 25   21.1   29.3  13:16   14.1  05:56    0.0    2.8    0.0    1.2   15.8  16:12    191
 26   19.7   26.2  14:43   14.2  04:36    0.0    1.4    0.0    2.1   25.9  16:52    212
 27   20.0   26.5  15:44   13.4  05:23    0.0    1.7    0.0    1.8   18.0  12:52    197
 28   20.7   28.5  15:33   14.5  06:09    0.0    2.3    2.1    2.8   29.5  18:04    197
 29   21.2   28.7  15:03   14.8  06:14    0.0    2.8    0.0    1.1   14.8  15:36    182
 30   22.4   30.4  14:40   16.6  06:14    0.0    4.1    1.6    2.0   25.2  16:12    201
 31   23.4   30.8  15:16   16.5  06:03    0.0    5.0    0.5    1.9   23.0  18:38    206
---------------------------------------------------------------------------------------
      19.1   30.8     31  -30.0     05    9.4   32.4  123.8    1.6   29.5     28    189
    
Updated: 08/01/18 00:00:00