Calalzo di Cadore, Veneto

46° 26.33' N | 012° 22.85' E | 800 meter | Show on map

Climate Summary August 2018

06/26/19 04:50:00 CEST

Station: LaCrosse WS-2357
Software: WeeWX v3.9.1
Weewx uptime: 0 giorni, 16 ore, 37 minuti
Server uptime: 6 giorni, 14 ore, 47 minuti
                   MONTHLY CLIMATOLOGICAL SUMMARY for Aug 2018


NAME: Calalzo di Cadore, Veneto                  
ELEV: 800 meters    LAT: 46-26.33 N    LONG: 012-22.85 E


                   TEMPERATURE (C), RAIN (cm), WIND SPEED (km/h)

                                         HEAT   COOL         AVG
      MEAN                               DEG    DEG          WIND                   DOM
DAY   TEMP   HIGH   TIME    LOW   TIME   DAYS   DAYS   RAIN  SPEED   HIGH   TIME    DIR
---------------------------------------------------------------------------------------
 01    N/A    N/A    N/A    N/A    N/A    0.0    0.0   0.67    2.8   37.4  23:12    205
 02    N/A    N/A    N/A    N/A    N/A    0.0    0.0   0.21    1.2   18.0  16:04    169
 03    N/A    N/A    N/A    N/A    N/A    0.0    0.0   0.00    1.2   15.5  14:44    186
 04    N/A    N/A    N/A    N/A    N/A    0.0    0.0   0.00    1.9   20.9  16:58    205
 05    N/A    N/A    N/A    N/A    N/A    0.0    0.0   0.05    1.6   23.0  14:18    202
 06    N/A    N/A    N/A    N/A    N/A    0.0    0.0   0.00    1.4   24.8  14:20    197
 07    N/A    N/A    N/A    N/A    N/A    0.0    0.0   0.00    2.6   25.2  18:50    204
 08    N/A    N/A    N/A    N/A    N/A    0.0    0.0   0.00    2.1   28.8  16:10    196
 09    N/A    N/A    N/A    N/A    N/A    0.0    0.0   0.00    1.8   23.8  14:20    200
 10    N/A    N/A    N/A    N/A    N/A    0.0    0.0   0.00    1.3   22.7  16:12    204
 11    N/A    N/A    N/A    N/A    N/A    0.0    0.0   1.66    1.7   22.7  18:14     87
 12    N/A    N/A    N/A    N/A    N/A    0.0    0.0   0.00    1.3   25.2  16:46    181
 13    N/A    N/A    N/A    N/A    N/A    0.0    0.0   0.41    2.4   30.6  16:48    198
 14    N/A    N/A    N/A    N/A    N/A    0.0    0.0   0.41    0.5   13.7  14:12    162
 15    N/A    N/A    N/A    N/A    N/A    0.0    0.0   0.00    0.9   15.8  14:04    185
 16    N/A    N/A    N/A    N/A    N/A    0.0    0.0   0.00    1.9   19.4  17:32    199
 17    N/A    N/A    N/A    N/A    N/A    0.0    0.0   1.71    1.9   24.1  14:32    184
 18    N/A    N/A    N/A    N/A    N/A    0.0    0.0   0.00    1.1   17.3  15:04     51
 19    N/A    N/A    N/A    N/A    N/A    0.0    0.0   0.00    1.0   13.7  14:12    205
 20    N/A    N/A    N/A    N/A    N/A    0.0    0.0   0.00    0.8   19.1  14:08    117
 21    N/A    N/A    N/A    N/A    N/A    0.0    0.0   0.00    1.5   19.1  18:26    198
 22    N/A    N/A    N/A    N/A    N/A    0.0    0.0   0.62    0.3   16.6  15:34    312
 23    N/A    N/A    N/A    N/A    N/A    0.0    0.0   0.00    0.7   21.2  12:58    187
 24    N/A    N/A    N/A    N/A    N/A    0.0    0.0   1.19    0.3    8.6  15:30     65
 25    N/A    N/A    N/A    N/A    N/A    0.0    0.0   2.02    0.8   28.4  15:06    186
 26    N/A    N/A    N/A    N/A    N/A    0.0    0.0   2.18    1.7   43.2  02:02     23
 27    N/A    N/A    N/A    N/A    N/A    0.0    0.0   0.00    1.7   21.6  15:30    204
 28    N/A    N/A    N/A    N/A    N/A    0.0    0.0   0.00    1.6   27.4  18:02    224
 29    N/A    N/A    N/A    N/A    N/A    0.0    0.0   0.00    1.2   22.7  14:40    206
 30    N/A    N/A    N/A    N/A    N/A    0.0    0.0   1.04    0.4   21.6  14:12     80
 31    N/A    N/A    N/A    N/A    N/A    0.0    0.0   1.24    0.1   15.1  14:44    302
---------------------------------------------------------------------------------------
       N/A    N/A       N/A    N/A       N/A    0.0    0.0  13.42    1.3   43.2     26    197