Calalzo di Cadore, Italia

46° 26.57' N | 012° 23.33' E | 795 meter | Show on map

Climate Summary August 2018

02/16/19 01:12:00 CET

Station: LaCrosse WS23xx
Software: WeeWX v3.7.0
Weewx uptime: 6 Giorni, 2 Ore, 0 Minuti
Server uptime: 38 Giorni, 11 Ore, 3 Minuti
                   MONTHLY CLIMATOLOGICAL SUMMARY for Aug 2018


NAME: Calalzo di Cadore, Italia                  
ELEV: 795 meter    LAT: 46-26.57 N    LONG: 012-23.33 E


                   TEMPERATURE (°C), RAIN (mm), WIND SPEED (km/h)

                                         HEAT   COOL         AVG
      MEAN                               DEG    DEG          WIND                   DOM
DAY   TEMP   HIGH   TIME    LOW   TIME   DAYS   DAYS   RAIN  SPEED   HIGH   TIME    DIR
---------------------------------------------------------------------------------------
 01   24.0   31.5  14:14   16.1  23:28    0.0    5.7    6.7    2.8   37.4  23:12    205
 02   20.3   28.9  14:40   15.6  05:25    0.0    2.0    2.1    1.2   18.0  16:04    169
 03   22.6   30.3  13:14   15.6  05:38    0.0    4.3    0.0    1.2   15.5  14:44    186
 04   22.7   30.2  14:55   15.9  05:45    0.0    4.4    0.0    1.9   20.9  16:58    205
 05   21.9   29.8  15:18  -29.7  12:33    0.0    3.5    0.5    1.6   23.0  14:18    202
 06   21.8   29.5  14:12   17.1  06:10    0.0    3.5    0.0    1.4   24.8  14:20    197
 07   21.9   29.8  15:06   14.6  06:42    0.0    3.6    0.0    2.6   25.2  18:50    204
 08   21.4   29.8  13:59   16.4  00:00    0.0    3.1    0.0    2.1   28.8  16:10    196
 09   20.8   29.8  13:53   13.9  06:54    0.0    2.5    0.0    1.8   23.8  14:20    200
 10   20.2   27.9  15:00   15.2  05:51    0.0    1.9    0.0    1.3   22.7  16:12    204
 11   20.5   27.3  15:56   -6.1  03:29    0.0    2.1   16.6    1.7   22.7  18:14     87
 12   19.5   26.6  15:48   14.5  05:24    0.0    1.2    0.0    1.3   25.2  16:46    181
 13   19.5   27.8  14:41   13.9  06:30    0.0    1.1    4.1    2.4   30.6  16:48    198
 14   17.3   24.6  12:56   14.8  23:42    1.0    0.0    4.1    0.5   13.7  14:12    162
 15   17.6   24.6  12:25   11.8  06:54    0.7    0.0    0.0    0.9   15.8  14:04    185
 16   18.6   26.4  15:03   11.2  06:19    0.0    0.2    0.0    1.9   19.4  17:32    199
 17   19.0   27.0  15:28   12.5  06:30    0.0    0.7   17.1    1.9   24.1  14:32    184
 18   19.6   27.0  13:18   14.8  06:26    0.0    1.2    0.0    1.1   17.3  15:04     51
 19   21.0   29.1  15:31   14.4  06:20    0.0    2.6    0.0    1.0   13.7  14:12    205
 20   20.6   29.4  13:44   14.2  06:14    0.0    2.3    0.0    0.8   19.1  14:08    117
 21   21.5   28.9  14:15   15.3  06:43    0.0    3.1    0.0    1.5   19.1  18:26    198
 22   20.5   28.3  14:54   15.6  06:06    0.0    2.1    6.2    0.3   16.6  15:34    312
 23   19.0   26.6  13:18   14.0  06:49    0.0    0.7    0.0    0.7   21.2  12:58    187
 24   17.6   25.4  12:50   14.0  06:03    0.8    0.0   11.9    0.3    8.6  15:30     65
 25   16.6   21.2  12:58   11.6  23:59    1.8    0.0   20.2    0.8   28.4  15:06    186
 26   10.6   16.6  16:21    6.8  04:17    7.8    0.0   21.8    1.7   43.2  02:02     23
 27   12.6   21.8  15:17    4.5  06:37    5.7    0.0    0.0    1.7   21.6  15:30    204
 28   16.2   25.3  13:42    8.5  05:49    2.1    0.0    0.0    1.6   27.4  18:02    224
 29   17.1   24.9  15:17   10.0  06:51    1.2    0.0    0.0    1.2   22.7  14:40    206
 30   14.8   21.8  12:59   11.9  07:16    3.6    0.0   10.4    0.4   21.6  14:12     80
 31   15.5   20.3  12:50   13.3  06:00    2.9    0.0   12.4    0.1   15.1  14:44    302
---------------------------------------------------------------------------------------
      19.1   31.5     01  -29.7     05   27.5   51.9  134.2    1.3   43.2     26    197
    
Updated: 09/01/18 00:00:00