Calalzo di Cadore, Veneto

46° 26.33' N | 012° 22.85' E | 800 meter | Show on map

Climate Summary September 2018

28/02/2020 00:55:00 CET

Station: LaCrosse WS-2357
Software: WeeWX v3.9.2
Weewx uptime: 0 giorni, 9 ore, 17 minuti
Server uptime: 4 giorni, 12 ore, 43 minuti
                   MONTHLY CLIMATOLOGICAL SUMMARY for set 2018


NAME: Calalzo di Cadore, Veneto                  
ELEV: 800 meter    LAT: 46-26.33 N    LONG: 012-22.85 E


                   TEMPERATURE (°C), RAIN (mm), WIND SPEED (km/h)

                                         HEAT   COOL         AVG
      MEAN                               DEG    DEG          WIND                   DOM
DAY   TEMP   HIGH   TIME    LOW   TIME   DAYS   DAYS   RAIN  SPEED   HIGH   TIME    DIR
---------------------------------------------------------------------------------------
 01    N/A    N/A    N/A    N/A    N/A    0,0    0,0   13,5    0,4   11,2  12:52     35
 02    N/A    N/A    N/A    N/A    N/A    0,0    0,0    8,3    0,2    8,3  15:46    168
 03    N/A    N/A    N/A    N/A    N/A    0,0    0,0    0,0    0,9   18,7  16:58    215
 04    N/A    N/A    N/A    N/A    N/A    0,0    0,0    0,5    0,7   20,9  14:34    215
 05    N/A    N/A    N/A    N/A    N/A    0,0    0,0    0,5    1,2   25,2  14:24    211
 06    N/A    N/A    N/A    N/A    N/A    0,0    0,0   26,4    1,0   17,6  15:10    171
 07    N/A    N/A    N/A    N/A    N/A    0,0    0,0    0,0    0,2    7,6  14:18    101
 08    N/A    N/A    N/A    N/A    N/A    0,0    0,0    0,0    2,1   23,0  16:06    203
 09    N/A    N/A    N/A    N/A    N/A    0,0    0,0    0,0    1,3   21,2  13:58    208
 10    N/A    N/A    N/A    N/A    N/A    0,0    0,0    0,0    1,7   23,4  15:36    197
 11    N/A    N/A    N/A    N/A    N/A    0,0    0,0    0,0    1,0   18,4  16:42    214
 12    N/A    N/A    N/A    N/A    N/A    0,0    0,0    0,0    1,0   23,8  15:14    216
 13    N/A    N/A    N/A    N/A    N/A    0,0    0,0    0,0    0,3   20,2  16:54    247
 14    N/A    N/A    N/A    N/A    N/A    0,0    0,0    2,6    0,0    4,3  16:20    236
 15    N/A    N/A    N/A    N/A    N/A    0,0    0,0    1,5    0,0    6,1  12:28    176
 16    N/A    N/A    N/A    N/A    N/A    0,0    0,0    0,0    0,9   20,2  15:28    199
 17    N/A    N/A    N/A    N/A    N/A    0,0    0,0    0,0    1,7   22,7  17:06    209
 18    N/A    N/A    N/A    N/A    N/A    0,0    0,0    1,0    1,7   24,1  14:08    199
 19    N/A    N/A    N/A    N/A    N/A    0,0    0,0    0,0    0,8   23,8  15:38    224
 20    N/A    N/A    N/A    N/A    N/A    0,0    0,0    0,0    1,2   20,9  15:58    210
 21    N/A    N/A    N/A    N/A    N/A    0,0    0,0    0,0    2,2   29,5  16:42    213
 22    N/A    N/A    N/A    N/A    N/A    0,0    0,0    0,0    1,3   19,4  15:34    199
 23  -19,7  -19,6  15:32  -19,7  18:48   38,0    0,0    0,0    1,7   21,6  17:44    204
 24    N/A    N/A    N/A    N/A    N/A    0,0    0,0    1,0    N/A    N/A    N/A     90
 25    3,1    4,4  02:52    2,1  08:02   15,2    0,0    0,0    N/A    N/A    N/A     90
 26    2,7    4,4  08:36    1,5  08:02   15,7    0,0    0,0    N/A    N/A    N/A     90
 27    4,4    4,4  07:48    4,3  06:46   13,9    0,0    0,0    N/A    N/A    N/A     90
 28    N/A    N/A    N/A    N/A    N/A    0,0    0,0    0,0    N/A    N/A    N/A     90
 29    N/A    N/A    N/A    N/A    N/A    0,0    0,0    1,0    N/A    N/A    N/A     90
 30    N/A    N/A    N/A    N/A    N/A    0,0    0,0    0,0    N/A    N/A    N/A     90
---------------------------------------------------------------------------------------
       2,0    4,4     27  -19,7     23   82,9    0,0   56,5    1,0   29,5     21    206
    
Updated: 10/11/2019 13:25:00