Calalzo di Cadore, Italia

46° 26.57' N | 012° 23.33' E | 795 meter | Show on map

Climate Summary September 2018

02/16/19 01:12:00 CET

Station: LaCrosse WS23xx
Software: WeeWX v3.7.0
Weewx uptime: 6 Giorni, 2 Ore, 0 Minuti
Server uptime: 38 Giorni, 11 Ore, 3 Minuti
                   MONTHLY CLIMATOLOGICAL SUMMARY for Sep 2018


NAME: Calalzo di Cadore, Italia                  
ELEV: 795 meter    LAT: 46-26.57 N    LONG: 012-23.33 E


                   TEMPERATURE (°C), RAIN (mm), WIND SPEED (km/h)

                                         HEAT   COOL         AVG
      MEAN                               DEG    DEG          WIND                   DOM
DAY   TEMP   HIGH   TIME    LOW   TIME   DAYS   DAYS   RAIN  SPEED   HIGH   TIME    DIR
---------------------------------------------------------------------------------------
 01   13.8   15.7  11:55   12.2  22:29    4.5    0.0   13.5    0.4   11.2  12:52     35
 02   14.4   20.6  15:11   11.7  23:59    3.9    0.0    8.3    0.2    8.3  15:46    168
 03   13.9   20.4  12:50    8.5  06:45    4.4    0.0    0.0    0.9   18.7  16:58    215
 04   15.4   22.5  12:33   10.8  06:41    2.9    0.0    0.5    0.7   20.9  14:34    215
 05   16.4   24.6  14:48   10.2  06:33    1.9    0.0    0.5    1.2   25.2  14:24    211
 06   16.5   22.5  12:58   12.8  06:54    1.8    0.0   26.4    1.0   17.6  15:10    171
 07   15.5   20.9  14:42   12.4  06:03    2.9    0.0    0.0    0.2    7.6  14:18    101
 08   17.4   23.9  15:14   13.1  07:18    1.0    0.0    0.0    2.1   23.0  16:06    203
 09   16.7   24.3  14:57   10.6  07:42    1.6    0.0    0.0    1.3   21.2  13:58    208
 10   17.7   25.0  13:58   11.5  07:06    0.7    0.0    0.0    1.7   23.4  15:36    197
 11   17.8   25.6  14:58   12.1  06:44    0.6    0.0    0.0    1.0   18.4  16:42    214
 12   18.3   26.1  13:50   11.9  06:50    0.0    0.0    0.0    1.0   23.8  15:14    216
 13   18.7   26.2  14:44   13.4  07:34    0.0    0.4    0.0    0.3   20.2  16:54    247
 14   17.0   24.0  15:02   11.9  06:23    1.3    0.0    2.6    0.0    4.3  16:20    236
 15   17.6   24.6  14:56   14.0  06:33    0.7    0.0    1.5    0.0    6.1  12:28    176
 16   18.1   24.8  15:12   12.6  07:28    0.3    0.0    0.0    0.9   20.2  15:28    199
 17   18.4   24.9  15:09   13.9  06:44    0.0    0.0    0.0    1.7   22.7  17:06    209
 18   17.8   24.5  13:17   14.2  02:26    0.6    0.0    1.0    1.7   24.1  14:08    199
 19   17.4   24.9  15:25   12.3  07:38    0.9    0.0    0.0    0.8   23.8  15:38    224
 20   17.5   25.3  14:45   11.6  06:22    0.8    0.0    0.0    1.2   20.9  15:58    210
 21   17.7   24.9  14:53   11.4  07:08    0.6    0.0    0.0    2.2   29.5  16:42    213
 22   18.0   22.3  14:11   14.7  07:20    0.4    0.0    0.0    1.3   19.4  15:34    199
 23   17.5   29.4  15:17  -19.7  18:45    0.8    0.0    0.0    1.7   21.6  17:44    204
 24   14.8   19.9  12:45    6.7  00:00    3.6    0.0    1.0    N/A    N/A    N/A     90
 25    8.5   16.1  14:20    2.1  08:02    9.8    0.0    0.0    N/A    N/A    N/A     90
 26    7.8   15.5  14:49    1.5  08:02   10.5    0.0    0.0    N/A    N/A    N/A     90
 27   11.7   22.5  14:50    4.3  06:43    6.6    0.0    0.0    N/A    N/A    N/A     90
 28   13.3   24.1  15:33    5.4  07:06    5.1    0.0    0.0    N/A    N/A    N/A     90
 29   14.1   20.9  13:43    9.3  04:58    4.2    0.0    1.0    N/A    N/A    N/A     90
 30   12.7   18.6  14:09    7.6  23:50    5.6    0.0    0.0    N/A    N/A    N/A     90
---------------------------------------------------------------------------------------
      15.7   29.4     23  -19.7     23   78.0    0.4   56.5    1.0   29.5     21    206
    
Updated: 10/01/18 00:00:00