Calalzo di Cadore, Veneto

46° 26.33' N | 012° 22.85' E | 800 meter | Show on map

Climate Summary October 2018

06/26/19 04:50:00 CEST

Station: LaCrosse WS-2357
Software: WeeWX v3.9.1
Weewx uptime: 0 giorni, 16 ore, 37 minuti
Server uptime: 6 giorni, 14 ore, 47 minuti
                   MONTHLY CLIMATOLOGICAL SUMMARY for Oct 2018


NAME: Calalzo di Cadore, Veneto                  
ELEV: 800 meters    LAT: 46-26.33 N    LONG: 012-22.85 E


                   TEMPERATURE (C), RAIN (cm), WIND SPEED (km/h)

                                         HEAT   COOL         AVG
      MEAN                               DEG    DEG          WIND                   DOM
DAY   TEMP   HIGH   TIME    LOW   TIME   DAYS   DAYS   RAIN  SPEED   HIGH   TIME    DIR
---------------------------------------------------------------------------------------
 01    N/A    N/A    N/A    N/A    N/A    0.0    0.0   0.78    N/A    N/A    N/A     90
 02    4.2    4.4  07:52    4.1  08:26   14.1    0.0   0.05    N/A    N/A    N/A     90
 03    3.8    4.4  04:06    3.3  07:32   14.5    0.0   0.00    N/A    N/A    N/A     90
 04    N/A    N/A    N/A    N/A    N/A    0.0    0.0   0.00    N/A    N/A    N/A     90
 05    N/A    N/A    N/A    N/A    N/A    0.0    0.0   0.00    N/A    N/A    N/A     90
 06    N/A    N/A    N/A    N/A    N/A    0.0    0.0   0.98    N/A    N/A    N/A     90
 07    N/A    N/A    N/A    N/A    N/A    0.0    0.0   0.10    N/A    N/A    N/A     90
 08    N/A    N/A    N/A    N/A    N/A    0.0    0.0   0.00    N/A    N/A    N/A     90
 09    N/A    N/A    N/A    N/A    N/A    0.0    0.0   0.00    N/A    N/A    N/A     90
 10    N/A    N/A    N/A    N/A    N/A    0.0    0.0   0.00    0.0    0.0  11:14     90
 11    N/A    N/A    N/A    N/A    N/A    0.0    0.0   0.00    N/A    N/A    N/A     90
 12    N/A    N/A    N/A    N/A    N/A    0.0    0.0   0.00    N/A    N/A    N/A     90
 13    N/A    N/A    N/A    N/A    N/A    0.0    0.0   0.00    N/A    N/A    N/A     90
 14    N/A    N/A    N/A    N/A    N/A    0.0    0.0   0.00    N/A    N/A    N/A     90
 15    N/A    N/A    N/A    N/A    N/A    0.0    0.0   0.00    N/A    N/A    N/A     90
 16    N/A    N/A    N/A    N/A    N/A    0.0    0.0   0.00    N/A    N/A    N/A     90
 17    N/A    N/A    N/A    N/A    N/A    0.0    0.0   0.00    N/A    N/A    N/A     90
 18    N/A    N/A    N/A    N/A    N/A    0.0    0.0   0.00    N/A    N/A    N/A     90
 19    N/A    N/A    N/A    N/A    N/A    0.0    0.0   0.00    N/A    N/A    N/A     90
 20    N/A    N/A    N/A    N/A    N/A    0.0    0.0   0.00    N/A    N/A    N/A     90
 21    4.2    4.4  23:42    4.1  23:50   14.2    0.0   0.00    N/A    N/A    N/A     90
 22    1.8    4.4  23:46    0.1  06:34   16.5    0.0   0.00    0.5    5.4  17:48    331
 23    2.7    4.4  00:30    1.6  07:02   15.6    0.0   0.00    1.4   20.9  16:02    212
 24    N/A    N/A    N/A    N/A    N/A    0.0    0.0   0.00    4.5   34.9  17:26     33
 25    N/A    N/A    N/A    N/A    N/A    0.0    0.0   0.00    2.1   23.4  13:56    224
 26    N/A    N/A    N/A    N/A    N/A    0.0    0.0   0.00    0.0    0.7  20:46    338
 27    N/A    N/A    N/A    N/A    N/A    0.0    0.0   4.97    0.2   10.8  11:58     81
 28    N/A    N/A    N/A    N/A    N/A    0.0    0.0   4.82    0.5   19.1  09:50    227
 29    N/A    N/A    N/A    N/A    N/A    0.0    0.0  17.09    1.6   73.4  21:16    219
 30    4.2    4.4  20:18    3.9  21:20   14.1    0.0   0.00    2.9   36.4  00:54    208
 31    4.1    4.4  08:18    3.4  01:48   14.2    0.0   0.00    0.2    8.6  11:24     74
---------------------------------------------------------------------------------------
       3.1    4.4     31    0.1     22  103.3    0.0  28.80    1.4   73.4     29    219