Calalzo di Cadore, Italia

46° 26.57' N | 012° 23.33' E | 795 meter | Show on map

Climate Summary October 2018

04/21/19 01:05:00 CEST

Station: LaCrosse WS23xx
Software: WeeWX v3.7.0
Weewx uptime: 1 Giorno, 9 Ore, 44 Minuti
Server uptime: 1 Giorno, 9 Ore, 43 Minuti
                   MONTHLY CLIMATOLOGICAL SUMMARY for Oct 2018


NAME: Calalzo di Cadore, Italia                  
ELEV: 795 meter    LAT: 46-26.57 N    LONG: 012-23.33 E


                   TEMPERATURE (°C), RAIN (mm), WIND SPEED (km/h)

                                         HEAT   COOL         AVG
      MEAN                               DEG    DEG          WIND                   DOM
DAY   TEMP   HIGH   TIME    LOW   TIME   DAYS   DAYS   RAIN  SPEED   HIGH   TIME    DIR
---------------------------------------------------------------------------------------
 01    7.7   10.1  13:38    5.0  05:50   10.6    0.0    7.8    N/A    N/A    N/A     90
 02    8.9   16.9  15:06    4.1  08:11    9.4    0.0    0.5    N/A    N/A    N/A     90
 03    9.8   18.6  14:49    3.3  07:17    8.5    0.0    0.0    N/A    N/A    N/A     90
 04   10.7   18.8  14:54    4.6  07:26    7.7    0.0    0.0    N/A    N/A    N/A     90
 05   11.5   20.9  15:30    5.1  06:47    6.9    0.0    0.0    N/A    N/A    N/A     90
 06   11.2   13.0  15:46    9.8  05:14    7.2    0.0    9.8    N/A    N/A    N/A     90
 07   13.4   18.9  15:13   10.3  06:10    4.9    0.0    1.0    N/A    N/A    N/A     90
 08   14.5   19.6  14:20   11.3  08:20    3.8    0.0    0.0    N/A    N/A    N/A     90
 09   13.8   20.5  14:54    9.3  07:22    4.5    0.0    0.0    N/A    N/A    N/A     90
 10   12.6   20.9  14:29    7.4  08:03    5.8    0.0    0.0    0.0    0.0  11:14     90
 11   12.2   20.6  14:42    6.3  06:56    6.2    0.0    0.0    N/A    N/A    N/A     90
 12   13.4   21.2  14:57    8.9  07:04    5.0    0.0    0.0    N/A    N/A    N/A     90
 13   12.5   21.5  14:42    7.0  07:45    5.8    0.0    0.0    N/A    N/A    N/A     90
 14   11.4   20.0  14:35    5.3  07:12    6.9    0.0    0.0    N/A    N/A    N/A     90
 15   10.3   14.1  15:45    7.8  03:16    8.1    0.0    0.0    N/A    N/A    N/A     90
 16    9.6   16.4  15:07    5.8  07:18    8.7    0.0    0.0    N/A    N/A    N/A     90
 17    9.6   14.1  13:56    5.1  06:04    8.7    0.0    0.0    N/A    N/A    N/A     90
 18   12.6   20.2  15:03    7.5  08:43    5.7    0.0    0.0    N/A    N/A    N/A     90
 19   12.9   19.9  14:03    7.5  07:02    5.4    0.0    0.0    N/A    N/A    N/A     90
 20   12.2   19.3  15:02    7.3  08:50    6.1    0.0    0.0    N/A    N/A    N/A     90
 21    9.4   17.5  14:02    4.1  23:47    8.9    0.0    0.0    N/A    N/A    N/A     90
 22    6.8   16.9  14:54    0.1  06:34   11.6    0.0    0.0    0.5    5.4  17:48    331
 23    7.4   15.8  15:10    1.6  06:59   10.9    0.0    0.0    1.4   20.9  16:02    212
 24   14.2   24.9  12:30    4.7  04:30    4.1    0.0    0.0    4.5   34.9  17:26     33
 25   12.0   16.6  13:23    7.5  08:52    6.3    0.0    0.0    2.1   23.4  13:56    224
 26   10.2   11.9  15:21    9.0  08:14    8.1    0.0    0.0    0.0    0.7  20:46    338
 27    9.8   11.2  12:13    8.4  03:58    8.5    0.0   49.7    0.2   10.8  11:58     81
 28   11.0   12.5  14:21    9.2  23:59    7.4    0.0   48.2    0.5   19.1  09:50    227
 29    9.6   13.8  20:23    8.3  23:42    8.7    0.0  170.9    1.6   73.4  21:16    219
 30    6.7   11.1  00:28    3.9  21:20   11.7    0.0    0.0    2.9   36.4  00:54    208
 31    6.3   12.4  13:08    3.4  01:45   12.0    0.0    0.0    0.2    8.6  11:24     74
---------------------------------------------------------------------------------------
      10.8   24.9     24    0.1     22  234.1    0.0  288.0    1.4   73.4     29    219
    
Updated: 11/01/18 00:00:00