Calalzo di Cadore, Italia

46° 26.57' N | 012° 23.33' E | 795 meter | Show on map

Climate Summary November 2018

04/21/19 01:05:00 CEST

Station: LaCrosse WS23xx
Software: WeeWX v3.7.0
Weewx uptime: 1 Giorno, 9 Ore, 44 Minuti
Server uptime: 1 Giorno, 9 Ore, 43 Minuti
                   MONTHLY CLIMATOLOGICAL SUMMARY for Nov 2018


NAME: Calalzo di Cadore, Italia                  
ELEV: 795 meter    LAT: 46-26.57 N    LONG: 012-23.33 E


                   TEMPERATURE (°C), RAIN (mm), WIND SPEED (km/h)

                                         HEAT   COOL         AVG
      MEAN                               DEG    DEG          WIND                   DOM
DAY   TEMP   HIGH   TIME    LOW   TIME   DAYS   DAYS   RAIN  SPEED   HIGH   TIME    DIR
---------------------------------------------------------------------------------------
 01    6.0    6.4  10:01    5.4  22:08   12.4    0.0   30.0    0.1   12.6  10:18     36
 02    7.5    8.9  15:00    5.6  01:28   10.9    0.0   10.9    0.0    4.0  10:48    193
 03    9.8   15.0  13:30    7.3  05:32    8.5    0.0    0.0    0.1    5.4  11:36     56
 04    9.6   16.1  12:31    6.2  07:22    8.7    0.0    0.0    0.0    0.0  00:02     90
 05    9.3   10.6  15:25    8.1  03:52    9.1    0.0   13.5    0.0    7.2  11:00    174
 06    9.8   10.9  14:43    8.9  04:10    8.5    0.0    5.2    0.0    2.9  12:42    171
 07   10.2   13.1  10:41    8.9  06:40    8.2    0.0    1.0    0.2    6.8  13:12    184
 08    9.7   15.1  12:47    7.3  07:19    8.7    0.0    0.0    0.2    8.6  13:10    163
 09    9.5   13.8  14:38    7.4  07:21    8.8    0.0    0.0    0.0    3.2  11:52     95
 10    9.5   13.8  13:10    7.0  07:07    8.9    0.0    0.0    1.2   20.2  15:02    218
 11    9.1   11.2  14:59    7.9  05:05    9.3    0.0    0.0    0.0    4.0  16:18    199
 12    9.8   15.5  12:32    7.6  07:19    8.5    0.0    0.0    0.5   13.3  15:22    189
 13    8.5   12.4  13:06    5.3  23:48    9.8    0.0    0.0    0.1   12.2  14:58    233
 14    6.8   14.2  13:09    3.1  06:05   11.5    0.0    0.0    0.3   14.8  13:18    211
 15    4.8   11.5  13:04    1.3  07:48   13.5    0.0    0.0    0.1    8.6  12:50    176
 16    2.4    8.3  14:07   -0.6  23:17   15.9    0.0    0.0    0.4   10.1  15:52      2
 17    1.9   10.2  13:00   -2.0  03:13   16.4    0.0    0.0    0.3    8.3  20:20    313
 18    1.8    9.5  13:19   -2.1  04:51   16.5    0.0    0.0    0.3    7.9  14:06    265
 19    0.8    2.7  14:12   -0.7  06:25   17.5    0.0    0.0    1.2   11.9  09:54    165
 20    0.9    4.4  14:13   -1.0  23:32   17.4    0.0    0.5    1.6   17.3  05:58     39
 21    2.8   10.1  13:13   -0.8  00:23   15.5    0.0    0.0    0.2    5.0  03:38    325
 22    4.7    8.7  14:32    1.9  02:18   13.6    0.0    0.5    0.3   12.6  15:24    219
 23    5.8    9.1  13:05    4.3  23:15   12.5    0.0    4.1    0.3   14.4  15:24    213
 24    4.7    6.4  15:21    3.1  07:38   13.6    0.0   13.5    0.0    4.7  05:04     59
 25    4.6    5.8  13:05    3.6  23:43   13.7    0.0    0.0    0.1    6.1  13:10     73
 26    4.4    7.7  14:45    2.2  05:57   13.9    0.0    0.0    0.1    6.1  13:40    206
 27    4.7    7.6  14:44    2.1  05:09   13.6    0.0    0.0    1.4   19.1  17:10      1
 28    1.3    9.1  12:57   -2.4  22:50   17.0    0.0    0.0    1.0    8.6  00:18    323
 29   -0.2    6.9  12:54   -3.9  07:38   18.5    0.0    0.0    0.3    8.6  02:22    313
 30    0.2    3.6  12:02   -1.7  07:22   18.1    0.0    0.0    0.8   16.2  13:44    211
---------------------------------------------------------------------------------------
       5.7   16.1     04   -3.9     29  379.1    0.0   79.2    0.4   20.2     10    303
    
Updated: 12/01/18 00:00:00