Calalzo di Cadore, Veneto

46° 26.33' N | 012° 22.85' E | 800 meter | Show on map

Climate Summary November 2018

28/02/2020 01:10:00 CET

Station: LaCrosse WS-2357
Software: WeeWX v3.9.2
Weewx uptime: 0 giorni, 9 ore, 32 minuti
Server uptime: 4 giorni, 12 ore, 58 minuti
                   MONTHLY CLIMATOLOGICAL SUMMARY for nov 2018


NAME: Calalzo di Cadore, Veneto                  
ELEV: 800 meter    LAT: 46-26.33 N    LONG: 012-22.85 E


                   TEMPERATURE (°C), RAIN (mm), WIND SPEED (km/h)

                                         HEAT   COOL         AVG
      MEAN                               DEG    DEG          WIND                   DOM
DAY   TEMP   HIGH   TIME    LOW   TIME   DAYS   DAYS   RAIN  SPEED   HIGH   TIME    DIR
---------------------------------------------------------------------------------------
 01    N/A    N/A    N/A    N/A    N/A    0,0    0,0   30,0    0,1   12,6  10:18     36
 02    N/A    N/A    N/A    N/A    N/A    0,0    0,0   10,9    0,0    4,0  10:48    193
 03    N/A    N/A    N/A    N/A    N/A    0,0    0,0    0,0    0,1    5,4  11:36     56
 04    N/A    N/A    N/A    N/A    N/A    0,0    0,0    0,0    0,0    0,0  00:02     90
 05    N/A    N/A    N/A    N/A    N/A    0,0    0,0   13,5    0,0    7,2  11:00    174
 06    N/A    N/A    N/A    N/A    N/A    0,0    0,0    5,2    0,0    2,9  12:42    171
 07    N/A    N/A    N/A    N/A    N/A    0,0    0,0    1,0    0,2    6,8  13:12    184
 08    N/A    N/A    N/A    N/A    N/A    0,0    0,0    0,0    0,2    8,6  13:10    163
 09    N/A    N/A    N/A    N/A    N/A    0,0    0,0    0,0    0,0    3,2  11:52     95
 10    N/A    N/A    N/A    N/A    N/A    0,0    0,0    0,0    1,2   20,2  15:02    218
 11    N/A    N/A    N/A    N/A    N/A    0,0    0,0    0,0    0,0    4,0  16:18    199
 12    N/A    N/A    N/A    N/A    N/A    0,0    0,0    0,0    0,5   13,3  15:22    189
 13    N/A    N/A    N/A    N/A    N/A    0,0    0,0    0,0    0,1   12,2  14:58    233
 14    3,8    4,4  22:52    3,1  08:10   14,6    0,0    0,0    0,3   14,8  13:18    211
 15    2,7    4,4  09:38    1,3  07:56   15,6    0,0    0,0    0,1    8,6  12:50    176
 16    1,4    4,4  12:30   -0,6  23:20   16,9    0,0    0,0    0,4   10,1  15:52      2
 17    0,1    4,4  16:26   -2,0  03:16   18,2    0,0    0,0    0,3    8,3  20:20    313
 18    0,5    4,4  15:50   -2,1  04:54   17,9    0,0    0,0    0,3    7,9  14:06    265
 19    0,8    2,7  14:12   -0,7  06:32   17,5    0,0    0,0    1,2   11,9  09:54    165
 20    0,9    4,4  14:16   -1,0  23:32   17,4    0,0    0,5    1,6   17,3  05:58     39
 21    1,7    4,4  16:30   -0,7  00:24   16,7    0,0    0,0    0,2    5,0  03:38    325
 22    2,7    4,4  10:18    1,9  02:22   15,7    0,0    0,5    0,3   12,6  15:24    219
 23    4,3    4,4  22:54    4,3  23:20   14,0    0,0    4,1    0,3   14,4  15:24    213
 24    3,8    4,4  11:40    3,1  07:38   14,5    0,0   13,5    0,0    4,7  05:04     59
 25    4,1    4,4  04:20    3,6  23:48   14,3    0,0    0,0    0,1    6,1  13:10     73
 26    3,2    4,4  21:32    2,2  06:00   15,1    0,0    0,0    0,1    6,1  13:40    206
 27    3,2    4,4  22:20    2,1  05:14   15,1    0,0    0,0    1,4   19,1  17:10      1
 28    0,3    4,4  14:32   -2,4  22:54   18,0    0,0    0,0    1,0    8,6  00:18    323
 29   -0,8    4,4  13:56   -3,9  07:38   19,1    0,0    0,0    0,3    8,6  02:22    313
 30    0,2    3,6  12:02   -1,6  07:24   18,1    0,0    0,0    0,8   16,2  13:44    211
---------------------------------------------------------------------------------------
       1,4    4,4     17   -3,9     29  278,8    0,0   79,2    0,4   20,2     10    303
    
Updated: 10/11/2019 13:25:00