Calalzo di Cadore, Italia

46° 26.57' N | 012° 23.33' E | 795 meter | Show on map

Climate Summary December 2018

02/16/19 01:12:00 CET

Station: LaCrosse WS23xx
Software: WeeWX v3.7.0
Weewx uptime: 6 Giorni, 2 Ore, 0 Minuti
Server uptime: 38 Giorni, 11 Ore, 3 Minuti
                   MONTHLY CLIMATOLOGICAL SUMMARY for Dec 2018


NAME: Calalzo di Cadore, Italia                  
ELEV: 795 meter    LAT: 46-26.57 N    LONG: 012-23.33 E


                   TEMPERATURE (°C), RAIN (mm), WIND SPEED (km/h)

                                         HEAT   COOL         AVG
      MEAN                               DEG    DEG          WIND                   DOM
DAY   TEMP   HIGH   TIME    LOW   TIME   DAYS   DAYS   RAIN  SPEED   HIGH   TIME    DIR
---------------------------------------------------------------------------------------
 01    0.6    5.8  12:48   -2.0  00:59   17.8    0.0    0.0    0.1    4.3  13:06     47
 02   -0.2    5.5  13:21   -3.1  06:35   18.5    0.0    0.0    0.1    7.2  15:24    259
 03    2.0    7.7  12:20   -0.7  00:18   16.4    0.0    0.0    0.2    5.8  12:58    286
 04    2.8   10.3  13:51   -0.8  06:55   15.5    0.0    0.0    0.5   10.1  00:50    307
 05    2.7    8.8  13:53   -1.1  06:02   15.7    0.0    0.0    0.4   13.3  13:10    244
 06    3.0    6.9  13:06    1.6  05:56   15.4    0.0    2.1    0.2    6.1  22:30    297
 07    3.5    9.0  13:59    0.9  06:10   14.8    0.0    0.0    0.3   16.6  21:30    242
 08    3.6    8.8  12:57    0.3  21:45   14.8    0.0    2.1    0.6    8.3  11:10    324
 09    2.0    6.3  10:54    0.1  00:10   16.4    0.0    0.0    0.6   12.6  12:00     45
 10    2.8    8.4  14:15   -0.6  23:50   15.6    0.0    0.0    1.7   16.9  15:16    327
 11    0.6    7.4  11:52   -3.2  23:40   17.8    0.0    0.0    1.4   16.9  15:02    344
 12   -2.1    4.9  13:06   -5.1  07:10   20.5    0.0    0.0    0.5    5.0  10:12    327
 13   -2.5    1.5  14:51   -5.9  03:02   20.8    0.0    0.0    0.4   16.6  15:58     25
 14   -2.2    3.5  13:59   -5.9  09:07   20.6    0.0    0.0    1.4   20.2  14:44     37
 15   -4.5    1.8  13:09   -8.1  07:19   22.8    0.0    0.0    0.5    6.5  00:32    325
 16   -3.9    1.2  13:16   -7.7  03:22   22.3    0.0    0.0    0.5   14.8  13:58    211
 17   -2.1    3.9  13:37   -4.2  03:23   20.4    0.0    0.0    0.3    6.1  05:44    322
 18   -2.1    4.5  13:14   -5.4  06:52   20.5    0.0    0.0    0.3    9.0  00:22    306
 19   -2.6    1.3  13:35   -5.7  04:34   20.9    0.0    0.0    0.2    6.1  05:40    251
 20   -0.9    4.9  13:17   -4.1  23:46   19.2    0.0    0.0    0.1    4.7  02:12    336
 21   -2.4    1.3  11:49   -4.9  06:45   20.7    0.0    0.0    0.1    4.7  23:06    253
 22   -1.9    3.4  13:36   -4.4  07:38   20.2    0.0    0.0    0.3    9.4  20:10    315
 23    0.2    6.5  12:51   -2.9  05:43   18.2    0.0    0.0    0.5   11.2  15:14    287
 24    1.9    7.9  14:25   -1.2  23:09   16.5    0.0    1.6    1.7   26.6  14:22    343
 25   -1.1    4.9  13:11   -3.8  07:33   19.4    0.0    0.0    0.5    5.4  13:24    322
 26   -0.5    6.9  12:46   -4.2  00:37   18.9    0.0    0.0    0.4    8.6  14:30    320
 27   -0.2    7.6  12:46   -3.9  08:14   18.5    0.0    0.0    0.4    5.4  10:46    306
 28    0.8    4.7  12:37   -2.1  01:40   17.5    0.0    0.0    0.2    6.1  08:52    304
 29    1.5    8.4  13:33   -1.8  22:58   16.8    0.0    0.0    0.5    6.1  16:30    322
 30    3.5   10.9  11:53   -2.4  01:07   14.8    0.0    0.0    2.4   23.4  18:04    345
 31    1.6    7.9  13:36   -2.1  08:14   16.8    0.0    0.0    0.6    8.3  13:56    323
---------------------------------------------------------------------------------------
       0.1   10.9     30   -8.1     15  564.8    0.0    5.7    0.6   26.6     24    332
    
Updated: 01/01/19 00:00:00