Calalzo di Cadore, Veneto

46° 26.33' N | 012° 22.85' E | 800 meter | Show on map

Climate Summary December 2018

06/26/19 04:50:00 CEST

Station: LaCrosse WS-2357
Software: WeeWX v3.9.1
Weewx uptime: 0 giorni, 16 ore, 37 minuti
Server uptime: 6 giorni, 14 ore, 47 minuti
                   MONTHLY CLIMATOLOGICAL SUMMARY for Dec 2018


NAME: Calalzo di Cadore, Veneto                  
ELEV: 800 meters    LAT: 46-26.33 N    LONG: 012-22.85 E


                   TEMPERATURE (C), RAIN (cm), WIND SPEED (km/h)

                                         HEAT   COOL         AVG
      MEAN                               DEG    DEG          WIND                   DOM
DAY   TEMP   HIGH   TIME    LOW   TIME   DAYS   DAYS   RAIN  SPEED   HIGH   TIME    DIR
---------------------------------------------------------------------------------------
 01    0.5    4.4  14:04   -1.9  01:00   17.9    0.0   0.00    0.1    4.3  13:06     47
 02   -0.2    4.4  14:00   -3.1  06:38   18.6    0.0   0.00    0.1    7.2  15:24    259
 03    0.9    4.4  11:02   -0.7  00:22   17.4    0.0   0.00    0.2    5.8  12:58    286
 04    1.2    4.4  17:30   -0.8  06:58   17.1    0.0   0.00    0.5   10.1  00:50    307
 05    1.2    4.4  16:40   -1.1  07:32   17.1    0.0   0.00    0.4   13.3  13:10    244
 06    2.4    4.4  15:40    1.6  06:00   15.9    0.0   0.21    0.2    6.1  22:30    297
 07    2.6    4.4  10:32    0.9  06:10   15.7    0.0   0.00    0.3   16.6  21:30    242
 08    2.6    4.4  09:54    0.3  21:48   15.8    0.0   0.21    0.6    8.3  11:10    324
 09    1.7    4.4  10:26    0.1  03:22   16.6    0.0   0.00    0.6   12.6  12:00     45
 10    1.9    4.4  11:18   -0.6  23:52   16.5    0.0   0.00    1.7   16.9  15:16    327
 11   -0.3    4.4  12:24   -3.2  23:44   18.7    0.0   0.00    1.4   16.9  15:02    344
 12   -2.2    4.4  13:02   -5.1  07:10   20.5    0.0   0.00    0.5    5.0  10:12    327
 13   -2.5    1.5  14:54   -5.9  03:06   20.8    0.0   0.00    0.4   16.6  15:58     25
 14   -2.2    3.4  14:02   -5.9  09:22   20.6    0.0   0.00    1.4   20.2  14:44     37
 15   -4.5    1.8  13:12   -8.1  07:22   22.8    0.0   0.00    0.5    6.5  00:32    325
 16   -3.9    1.1  13:18   -7.7  03:26   22.3    0.0   0.00    0.5   14.8  13:58    211
 17   -2.1    3.9  13:40   -4.2  03:26   20.4    0.0   0.00    0.3    6.1  05:44    322
 18   -2.1    4.4  13:18   -5.4  06:52   20.5    0.0   0.00    0.3    9.0  00:22    306
 19   -2.6    1.2  13:38   -5.7  05:24   20.9    0.0   0.00    0.2    6.1  05:40    251
 20   -0.9    4.4  13:16   -4.1  23:50   19.2    0.0   0.00    0.1    4.7  02:12    336
 21   -2.4    1.3  11:52   -4.9  06:50   20.7    0.0   0.00    0.1    4.7  23:06    253
 22   -1.9    3.4  13:38   -4.4  07:38   20.2    0.0   0.00    0.3    9.4  20:10    315
 23   -0.5    4.4  14:20   -2.9  05:46   18.8    0.0   0.00    0.5   11.2  15:14    287
 24    0.5    4.4  12:46   -1.2  23:12   17.8    0.0   0.16    1.7   26.6  14:22    343
 25   -1.2    4.4  12:46   -3.7  07:38   19.5    0.0   0.00    0.5    5.4  13:24    322
 26   -1.2    4.4  14:22   -4.1  00:40   19.5    0.0   0.00    0.4    8.6  14:30    320
 27   -0.9    4.4  14:28   -3.9  08:14   19.2    0.0   0.00    0.4    5.4  10:46    306
 28    0.7    4.4  14:38   -2.1  01:40   17.6    0.0   0.00    0.2    6.1  08:52    304
 29    0.1    4.4  16:12   -1.8  22:58   18.2    0.0   0.00    0.5    6.1  16:30    322
 30   -0.4    4.4  21:52   -2.4  01:10   18.8    0.0   0.00    2.4   23.4  18:04    345
 31    0.7    4.4  16:38   -2.0  08:16   17.7    0.0   0.00    0.6    8.3  13:56    323
---------------------------------------------------------------------------------------
      -0.6    4.4     04   -8.1     15  583.3    0.0   0.57    0.6   26.6     24    332