Calalzo di Cadore, Veneto

46° 26.33' N | 012° 22.85' E | 800 meter | Show on map

Climate Summary 2018

28/02/2020 01:20:00 CET

Station: LaCrosse WS-2357
Software: WeeWX v3.9.2
Weewx uptime: 0 giorni, 9 ore, 42 minuti
Server uptime: 4 giorni, 13 ore, 8 minuti
                     CLIMATOLOGICAL SUMMARY FOR 2018


NAME: Calalzo di Cadore, Veneto                  
ELEV: 800 meter    LAT: 46-26.33 N    LONG: 012-22.85 E


                                       TEMPERATURE (°C)

                              HEAT    COOL                              MAX    MAX    MIN    MIN
          MEAN   MEAN         DEG     DEG                                >=     <=     <=     <=
 YR  MO   MAX    MIN    MEAN  DAYS    DAYS      HI  DAY     LOW  DAY     30      0      0    -20
------------------------------------------------------------------------------------------------
2018 01    3,8   -4,8   -0,2  573,2    0,0     4,4   31   -17,8   08      0      0     29      0
2018 02    3,0   -5,9   -1,5  552,6    0,0     4,4   20   -17,8   04      0      3     27      0
2018 03    4,1   -0,3    1,3  503,4    0,0     4,4   18    -8,8   01      0      1     15      0
2018 04    4,4    2,2    2,2  138,1    0,0     4,4   03    -1,8   02      0      0      1      0
2018 05    N/A    N/A    N/A    0,0    0,0     N/A  N/A     N/A  N/A    N/A    N/A    N/A    N/A
2018 06    3,9    3,9    3,9   14,4    0,0     3,9   28     3,9   28      0      0      0      0
2018 07    N/A    N/A    N/A    0,0    0,0     N/A  N/A     N/A  N/A    N/A    N/A    N/A    N/A
2018 08    N/A    N/A    N/A    0,0    0,0     N/A  N/A     N/A  N/A    N/A    N/A    N/A    N/A
2018 09   -1,6   -3,0    2,0   82,9    0,0     4,4   27   -19,7   23      0      1      1      0
2018 10    4,4    2,9    3,1  103,3    0,0     4,4   31     0,1   22      0      0      0      0
2018 11    4,3    0,4    1,4  278,8    0,0     4,4   17    -3,9   29      0      0      9      0
2018 12    3,8   -3,0   -0,6  583,3    0,0     4,4   04    -8,1   15      0      0     27      0
------------------------------------------------------------------------------------------------
           3,7   -2,4   -0,1 2830,2    0,0     4,4  gen   -19,7  set      0      5    109      0


                  PRECIPITATION (mm)

                  MAX         ---DAYS OF RAIN---
                  OBS.               OVER
 YR  MO  TOTAL    DAY  DATE   0.30   3.00  30.00
------------------------------------------------
2018 01   39,9   34,7    09      3      2      1
2018 02   16,1    5,2    01      8      2      0
2018 03   85,5   21,2    31     16      6      0
2018 04   77,2   23,8    12     13     10      0
2018 05  154,9   23,3    24     22     15      0
2018 06   59,0   15,0    02     14      7      0
2018 07  123,8   35,7    20     18     10      1
2018 08  134,2   21,8    26     13     11      0
2018 09   56,5   26,4    06     10      3      0
2018 10  288,0  170,9    29      7      5      3
2018 11   79,2   30,0    01      9      6      1
2018 12    5,7    2,1    06      3      0      0
------------------------------------------------
        1119,9  170,9   ott    136     77      6


           WIND SPEED (km/h)

                                DOM
 YR  MO    AVG     HI   DATE    DIR
-----------------------------------
2018 01    0,6   39,2     17    261 
2018 02    2,0   33,8     26     47 
2018 03    1,9   45,4     24    187 
2018 04    2,3   33,8     25    208 
2018 05    1,0   30,6     13    187 
2018 06    1,7   33,8     23    200 
2018 07    1,6   29,5     28    189 
2018 08    1,3   43,2     26    197 
2018 09    1,0   29,5     21    206 
2018 10    1,4   73,4     29    219 
2018 11    0,4   20,2     10    303 
2018 12    0,6   26,6     24    332 
-----------------------------------
           1,3   73,4    ott    198

Updated: 10/11/2019 13:25:00