Calalzo di Cadore, Italia

46° 26.57' N | 012° 23.33' E | 795 meter | Show on map

Climate Summary January 2019

04/21/19 01:05:00 CEST

Station: LaCrosse WS23xx
Software: WeeWX v3.7.0
Weewx uptime: 1 Giorno, 9 Ore, 44 Minuti
Server uptime: 1 Giorno, 9 Ore, 43 Minuti
                   MONTHLY CLIMATOLOGICAL SUMMARY for Jan 2019


NAME: Calalzo di Cadore, Italia                  
ELEV: 795 meter    LAT: 46-26.57 N    LONG: 012-23.33 E


                   TEMPERATURE (°C), RAIN (mm), WIND SPEED (km/h)

                                         HEAT   COOL         AVG
      MEAN                               DEG    DEG          WIND                   DOM
DAY   TEMP   HIGH   TIME    LOW   TIME   DAYS   DAYS   RAIN  SPEED   HIGH   TIME    DIR
---------------------------------------------------------------------------------------
 01   -1.0    4.5  12:54   -3.9  08:40   19.3    0.0    0.0    0.8   16.6  13:48    267
 02    1.2    7.0  04:58   -3.6  00:28   17.2    0.0    0.0    4.6   29.5  00:00     41
 03   -0.4    3.4  12:09   -2.4  02:05   18.7    0.0    0.0    4.7   27.4  00:44     37
 04   -2.2    3.6  14:21   -4.8  08:53   20.5    0.0    0.0    0.8   10.1  12:20    296
 05   -1.5    6.2  18:19   -7.5  07:31   19.8    0.0    0.0    1.2   17.3  18:08    320
 06    3.2   10.5  11:23   -1.2  07:08   15.1    0.0    0.0    2.9   25.6  13:40     13
 07    0.5    6.5  13:55   -2.9  07:49   17.8    0.0    0.0    1.1   20.2  17:14    240
 08   -0.9    1.6  14:17   -3.1  08:32   19.2    0.0    0.0    0.8   15.8  16:12    261
 09   -0.0    4.9  12:55   -3.6  07:35   18.3    0.0    0.0    1.8   16.9  14:54    349
 10   -0.1    5.6  13:29   -3.6  05:23   18.4    0.0    0.0    2.4   23.0  14:12     31
 11   -1.9    5.2  13:12   -5.2  07:52   20.2    0.0    0.0    0.4    8.3  14:10    322
 12   -2.7    1.6  14:23   -6.1  06:52   21.1    0.0    0.0    0.4    5.8  11:08    302
 13    1.1    8.5  12:27   -3.6  04:33   17.3    0.0    0.0    1.3   20.9  13:34    224
 14    3.1   10.9  13:17   -0.6  00:22   15.3    0.0    0.5    2.3   26.3  15:32    217
 15    1.4    8.4  13:01   -3.0  23:59   16.9    0.0    0.0    2.2   20.9  08:18    212
 16   -1.1    5.8  14:44   -4.7  07:32   19.4    0.0    0.0    0.7   16.6  14:50    257
 17   -1.2    1.4  14:27   -4.2  01:56   19.6    0.0    0.0    0.1    4.7  23:14    223
 18    0.6    6.0  13:18   -1.1  21:52   17.8    0.0    3.1    0.5    9.4  20:04    336
 19   -1.1    3.1  12:26   -3.4  22:51   19.5    0.0    0.0    0.2    6.8  11:22    257
 20   -3.7    3.6  13:46   -8.1  07:32   22.0    0.0    0.0    0.5    7.6  05:58    320
 21   -4.2    3.3  13:48   -8.4  07:09   22.5    0.0    0.0    0.3    5.4  02:36    317
 22   -4.0    3.2  13:13   -8.6  08:48   22.3    0.0    0.0    0.5    7.2  10:18    320
 23   -3.1   -0.5  15:19   -4.6  06:18   21.4    0.0    1.0    0.1    4.7  14:08    229
 24   -3.0    3.2  13:24   -7.6  08:02   21.3    0.0    0.0    0.5    8.6  15:02    336
 25   -2.9    5.9  12:55   -8.1  07:09   21.3    0.0    0.0    0.8    9.7  17:40    318
 26   -2.3    4.9  14:09  -12.0  17:15   20.6    0.0    0.0    1.5   19.8  14:38    234
 27   -2.1    3.2  14:16   -5.4  07:49   20.5    0.0    0.0    0.5   11.9  14:44    220
 28   -1.0    2.9  14:08   -5.6  23:45   19.3    0.0    1.0    0.3    6.8  12:00    341
 29   -3.1    4.9  13:24   -8.1  05:20   21.4    0.0    1.6    0.3    8.3  14:58    311
 30   -3.1    0.2  15:38   -5.7  06:18   21.4    0.0    0.0    0.1    3.6  11:02    227
 31   -1.7    4.6  12:38   -4.1  07:08   20.0    0.0    0.5    1.4   24.8  16:32    218
---------------------------------------------------------------------------------------
      -1.2   10.9     14  -12.0     26  605.5    0.0    7.8    1.2   29.5     03    342
    
Updated: 02/01/19 00:00:00