Calalzo di Cadore, Veneto

46° 26.33' N | 012° 22.85' E | 800 meter | Show on map

Climate Summary January 2019

28/02/2020 01:05:00 CET

Station: LaCrosse WS-2357
Software: WeeWX v3.9.2
Weewx uptime: 0 giorni, 9 ore, 27 minuti
Server uptime: 4 giorni, 12 ore, 53 minuti
                   MONTHLY CLIMATOLOGICAL SUMMARY for gen 2019


NAME: Calalzo di Cadore, Veneto                  
ELEV: 800 meter    LAT: 46-26.33 N    LONG: 012-22.85 E


                   TEMPERATURE (°C), RAIN (mm), WIND SPEED (km/h)

                                         HEAT   COOL         AVG
      MEAN                               DEG    DEG          WIND                   DOM
DAY   TEMP   HIGH   TIME    LOW   TIME   DAYS   DAYS   RAIN  SPEED   HIGH   TIME    DIR
---------------------------------------------------------------------------------------
 01   -1,0    4,4  13:30   -3,9  08:42   19,3    0,0    0,0    0,8   16,6  13:48    267
 02    0,8    4,4  10:56   -3,6  01:30   17,5    0,0    0,0    4,6   29,5  00:00     41
 03   -0,4    3,4  12:44   -2,3  02:06   18,7    0,0    0,0    4,7   27,4  00:44     37
 04   -2,2    3,6  14:24   -4,7  08:56   20,5    0,0    0,0    0,8   10,1  12:20    296
 05   -1,8    4,4  19:32   -7,5  07:34   20,1    0,0    0,0    1,2   17,3  18:08    320
 06    0,7    4,4  17:40   -1,2  07:08   17,7    0,0    0,0    2,9   25,6  13:40     13
 07   -0,1    4,4  12:14   -2,9  07:58   18,5    0,0    0,0    1,1   20,2  17:14    240
 08   -0,9    1,6  14:22   -3,1  08:32   19,2    0,0    0,0    0,8   15,8  16:12    261
 09   -0,1    4,4  14:34   -3,6  07:38   18,5    0,0    0,0    1,8   16,9  14:54    349
 10   -0,7    4,4  12:08   -3,6  05:26   19,0    0,0    0,0    2,4   23,0  14:12     31
 11   -2,0    4,4  13:20   -5,2  07:52   20,3    0,0    0,0    0,4    8,3  14:10    322
 12   -2,7    1,5  14:26   -6,1  06:54   21,1    0,0    0,0    0,4    5,8  11:08    302
 13   -0,5    4,4  16:42   -3,6  04:36   18,8    0,0    0,0    1,3   20,9  13:34    224
 14    1,1    4,4  16:36   -0,6  00:24   17,2    0,0    0,5    2,3   26,3  15:32    217
 15   -0,3    4,4  09:54   -2,9  00:00   18,6    0,0    0,0    2,2   20,9  08:18    212
 16   -1,6    4,4  15:04   -4,7  07:32   19,9    0,0    0,0    0,7   16,6  14:50    257
 17   -1,2    1,4  14:32   -4,2  02:00   19,6    0,0    0,0    0,1    4,7  23:14    223
 18    0,5    4,3  13:08   -1,1  21:52   17,8    0,0    3,1    0,5    9,4  20:04    336
 19   -1,1    3,1  12:30   -3,4  23:02   19,5    0,0    0,0    0,2    6,8  11:22    257
 20   -3,7    3,5  13:48   -8,1  07:34   22,0    0,0    0,0    0,5    7,6  05:58    320
 21   -4,2    3,3  13:52   -8,4  07:12   22,5    0,0    0,0    0,3    5,4  02:36    317
 22   -4,0    3,1  13:14   -8,6  08:52   22,3    0,0    0,0    0,5    7,2  10:18    320
 23   -3,1   -0,6  15:20   -4,6  06:18   21,4    0,0    1,0    0,1    4,7  14:08    229
 24   -3,0    3,1  13:26   -7,6  08:02   21,3    0,0    0,0    0,5    8,6  15:02    336
 25   -3,2    4,4  13:58   -8,1  07:12   21,6    0,0    0,0    0,8    9,7  17:40    318
 26   -2,5    4,4  14:36   -6,8  07:20   20,9    0,0    0,0    1,5   19,8  14:38    234
 27   -2,1    3,2  14:18   -5,4  07:52   20,5    0,0    0,0    0,5   11,9  14:44    220
 28   -1,0    2,9  14:08   -5,6  23:48   19,3    0,0    1,0    0,3    6,8  12:00    341
 29   -3,1    4,4  13:22   -8,1  05:22   21,5    0,0    1,6    0,3    8,3  14:58    311
 30   -3,1    0,2  15:38   -5,7  06:20   21,4    0,0    0,0    0,1    3,6  11:02    227
 31   -1,7    4,4  12:42   -4,1  07:12   20,0    0,0    0,5    1,4   24,8  16:32    218
---------------------------------------------------------------------------------------
      -1,6    4,4     10   -8,6     22  616,4    0,0    7,8    1,2   29,5     03    342
    
Updated: 10/11/2019 13:25:00