Calalzo di Cadore, Italia

46° 26.57' N | 012° 23.33' E | 795 meter | Show on map

Climate Summary February 2019

04/21/19 01:05:00 CEST

Station: LaCrosse WS23xx
Software: WeeWX v3.7.0
Weewx uptime: 1 Giorno, 9 Ore, 44 Minuti
Server uptime: 1 Giorno, 9 Ore, 43 Minuti
                   MONTHLY CLIMATOLOGICAL SUMMARY for Feb 2019


NAME: Calalzo di Cadore, Italia                  
ELEV: 795 meter    LAT: 46-26.57 N    LONG: 012-23.33 E


                   TEMPERATURE (°C), RAIN (mm), WIND SPEED (km/h)

                                         HEAT   COOL         AVG
      MEAN                               DEG    DEG          WIND                   DOM
DAY   TEMP   HIGH   TIME    LOW   TIME   DAYS   DAYS   RAIN  SPEED   HIGH   TIME    DIR
---------------------------------------------------------------------------------------
 01   -1.3    0.6  22:01   -2.4  00:38   19.6    0.0    4.1    0.0    2.5  00:32     77
 02    1.3    2.7  14:24    0.3  07:39   17.1    0.0    8.3    0.1    6.8  21:22    268
 03    0.5    1.3  15:02   -0.2  22:18   17.8    0.0    0.0    0.0    3.6  20:50    306
 04   -0.9    5.6  13:15   -3.9  00:00   19.2    0.0    0.0    0.4    6.1  17:10    324
 05   -2.1    5.6  13:19   -7.1  07:40   20.4    0.0    0.0    0.7    7.2  10:40    334
 06   -0.9    7.6  12:45   -5.6  06:20   19.2    0.0    0.0    0.7    9.0  03:24    328
 07    0.1    7.4  12:31   -5.1  07:40   18.3    0.0    0.0    0.2    5.4  10:08    311
 08    2.5    9.8  11:41   -0.5  06:25   15.8    0.0    0.0    0.6   10.4  14:16    296
 09    1.1    8.2  12:09   -2.6  06:07   17.2    0.0    0.0    0.9   16.9  15:26    243
 10    0.2    1.8  14:18   -1.6  03:26   18.2    0.0    1.6    0.1    5.0  19:30    333
 11    1.8    5.4  12:06   -1.5  22:45   16.6    0.0    0.5    2.2   25.6  15:40     32
 12    2.2   10.2  13:21   -2.8  23:08   16.1    0.0    0.0    2.6   23.0  13:00    295
 13   -0.2    8.4  13:14   -5.6  07:54   18.5    0.0    0.0    0.7    6.8  10:50    315
 14    0.8    9.4  13:23   -3.3  07:56   17.5    0.0    0.0    0.7    6.8  16:54    314
 15    2.4   12.7  12:29   -3.1  06:50   15.9    0.0    0.0    0.8    9.0  14:58    313
 16    2.6   13.9  12:21   -2.8  06:40   15.7    0.0    0.0    0.9   17.3  13:56    302
 17    2.8   13.3  12:24   -2.4  05:47   15.5    0.0    0.0    1.0    7.2  15:12    321
 18    3.0   13.6  12:32   -2.8  08:16   15.3    0.0    0.0    0.9   16.9  14:52    294
 19    2.2    9.9  14:49   -3.1  07:27   16.1    0.0    0.0    1.5   19.1  12:58    237
 20    2.7   13.1  12:29   -2.6  05:46   15.6    0.0    0.0    0.8   15.5  15:10    270
 21    3.9   12.6  12:55   -1.9  06:40   14.4    0.0    0.0    1.3   23.4  15:02    249
 22    5.8   14.5  14:13   -0.7  06:44   12.5    0.0    0.0    3.8   29.5  15:58     38
 23    1.9    8.1  14:36   -2.2  23:31   16.4    0.0    0.0    3.2   26.3  09:00    227
 24    0.9    8.4  13:42   -4.7  07:48   17.4    0.0    0.0    0.9   15.5  14:08    232
 25    4.7   15.0  12:53   -1.9  05:09   13.6    0.0    0.0    0.9   10.4  13:02    315
 26    4.8   11.6  14:26    0.5  07:14   13.6    0.0    0.0    0.8    6.5  10:40    321
 27    7.4   16.4  14:22    0.9  08:00   11.0    0.0    0.0    1.9   21.2  14:30    241
 28    5.7   15.0  13:13   -1.1  06:35   12.6    0.0    0.0    1.7   22.7  15:10    239
---------------------------------------------------------------------------------------
       2.0   16.4     27   -7.1     05  457.2    0.0   14.5    1.1   29.5     22    289
    
Updated: 03/01/19 00:00:00