Calalzo di Cadore, Veneto

46° 26.33' N | 012° 22.85' E | 800 meter | Show on map

Climate Summary February 2019

28/02/2020 00:45:00 CET

Station: LaCrosse WS-2357
Software: WeeWX v3.9.2
Weewx uptime: 0 giorni, 9 ore, 7 minuti
Server uptime: 4 giorni, 12 ore, 33 minuti
                   MONTHLY CLIMATOLOGICAL SUMMARY for feb 2019


NAME: Calalzo di Cadore, Veneto                  
ELEV: 800 meter    LAT: 46-26.33 N    LONG: 012-22.85 E


                   TEMPERATURE (°C), RAIN (mm), WIND SPEED (km/h)

                                         HEAT   COOL         AVG
      MEAN                               DEG    DEG          WIND                   DOM
DAY   TEMP   HIGH   TIME    LOW   TIME   DAYS   DAYS   RAIN  SPEED   HIGH   TIME    DIR
---------------------------------------------------------------------------------------
 01   -1,3    0,6  22:04   -2,4  00:44   19,6    0,0    4,1    0,0    2,5  00:32     77
 02    1,3    2,7  14:26    0,3  07:42   17,1    0,0    8,3    0,1    6,8  21:22    268
 03    0,5    1,3  15:02   -0,2  22:18   17,8    0,0    0,0    0,0    3,6  20:50    306
 04   -1,0    4,4  12:26   -3,9  00:00   19,3    0,0    0,0    0,4    6,1  17:10    324
 05   -2,3    4,3  13:34   -7,1  07:44   20,6    0,0    0,0    0,7    7,2  10:40    334
 06   -1,6    4,4  14:28   -5,6  07:08   19,9    0,0    0,0    0,7    9,0  03:24    328
 07   -0,7    4,4  14:30   -5,1  07:40   19,1    0,0    0,0    0,2    5,4  10:08    311
 08    1,0    4,4  09:58   -0,5  07:40   17,3    0,0    0,0    0,6   10,4  14:16    296
 09   -0,4    4,4  16:30   -2,6  06:10   18,7    0,0    0,0    0,9   16,9  15:26    243
 10    0,2    1,8  14:20   -1,6  03:26   18,2    0,0    1,6    0,1    5,0  19:30    333
 11    0,9    4,4  16:22   -1,4  22:46   17,4    0,0    0,5    2,2   25,6  15:40     32
 12    0,1    4,4  15:40   -2,8  23:12   18,2    0,0    0,0    2,6   23,0  13:00    295
 13   -1,6    4,4  15:32   -5,6  07:58   19,9    0,0    0,0    0,7    6,8  10:50    315
 14   -1,0    4,4  17:12   -3,3  08:00   19,3    0,0    0,0    0,7    6,8  16:54    314
 15   -0,4    4,4  17:52   -3,0  06:52   18,7    0,0    0,0    0,8    9,0  14:58    313
 16   -0,4    4,4  10:16   -2,8  06:44   18,7    0,0    0,0    0,9   17,3  13:56    302
 17   -0,0    4,4  18:28   -2,4  05:50   18,4    0,0    0,0    1,0    7,2  15:12    321
 18   -0,3    4,4  10:18   -2,7  08:22   18,6    0,0    0,0    0,9   16,9  14:52    294
 19   -0,4    4,4  10:16   -3,1  07:30   18,8    0,0    0,0    1,5   19,1  12:58    237
 20   -0,1    4,4  10:30   -2,6  05:46   18,4    0,0    0,0    0,8   15,5  15:10    270
 21    0,4    4,4  20:12   -1,9  06:40   17,9    0,0    0,0    1,3   23,4  15:02    249
 22    1,3    4,4  20:46   -0,7  06:48   17,0    0,0    0,0    3,8   29,5  15:58     38
 23    0,4    4,4  11:00   -2,2  00:00   17,9    0,0    0,0    3,2   26,3  09:00    227
 24   -0,7    4,4  10:46   -4,7  07:48   19,1    0,0    0,0    0,9   15,5  14:08    232
 25    0,2    4,4  20:26   -1,9  05:12   18,2    0,0    0,0    0,9   10,4  13:02    315
 26    1,9    4,4  22:00    0,5  07:14   16,4    0,0    0,0    0,8    6,5  10:40    321
 27    2,8    4,4  01:40    0,9  08:02   15,5    0,0    0,0    1,9   21,2  14:30    241
 28    1,1    4,4  21:08   -1,1  06:38   17,2    0,0    0,0    1,7   22,7  15:10    239
---------------------------------------------------------------------------------------
      -0,1    4,4     16   -7,1     05  513,4    0,0   14,5    1,1   29,5     22    289
    
Updated: 10/11/2019 13:25:00