Calalzo di Cadore, Veneto

46° 26.33' N | 012° 22.85' E | 800 meter | Show on map

Climate Summary March 2019

28/05/2020 03:55:00 CEST

Station: LaCrosse WS-2357
Software: WeeWX v3.9.2
Weewx uptime: 32 giorni, 15 ore, 28 minuti
Server uptime: 32 giorni, 15 ore, 6 minuti
                   MONTHLY CLIMATOLOGICAL SUMMARY for mar 2019


NAME: Calalzo di Cadore, Veneto                  
ELEV: 800 meter    LAT: 46-26.33 N    LONG: 012-22.85 E


                   TEMPERATURE (°C), RAIN (mm), WIND SPEED (km/h)

                                         HEAT   COOL         AVG
      MEAN                               DEG    DEG          WIND                   DOM
DAY   TEMP   HIGH   TIME    LOW   TIME   DAYS   DAYS   RAIN  SPEED   HIGH   TIME    DIR
---------------------------------------------------------------------------------------
 01    1,4    4,4  09:08   -1,0  07:36   17,0    0,0    0,0    0,8   14,0  13:28    240
 02    1,0    4,4  09:16   -0,7  07:20   17,4    0,0    0,0    1,7   20,9  16:06    234
 03    0,5    4,4  21:24   -2,1  07:28   17,9    0,0    0,0    2,2   21,2  15:18    218
 04    2,0    4,4  18:42   -6,9  00:58   16,3    0,0    0,5    2,8   29,5  13:42    206
 05    0,7    4,4  19:42   -2,2  06:44   17,7    0,0    0,0    2,8   25,6  14:56    218
 06   -0,5    4,4  09:52   -2,4  06:14   18,9    0,0    0,0    2,8   29,5  14:38    212
 07    4,1    4,4  21:50    3,8  00:00   14,2    0,0    7,8    0,3   13,7  13:20    315
 08    3,7    4,4  08:58    3,3  06:02   14,6    0,0    0,0    1,9   23,4  15:04    217
 09    2,8    4,4  09:10    1,4  07:00   15,5    0,0    0,0    2,3   27,0  15:28    223
 10    2,8    4,4  00:52    0,9  07:02   15,6    0,0    0,0    1,5   25,2  14:38    208
 11    2,1    4,4  18:10   -0,4  00:00   16,2    0,0    0,0    3,0   31,3  11:46     36
 12    0,2    4,4  18:30   -1,9  02:40   18,1    0,0    0,0    2,7   24,8  15:38    216
 13   -0,5    4,4  18:38   -2,9  06:28   18,8    0,0    0,0    1,9   20,9  14:58    206
 14    0,2    4,4  19:14   -2,8  06:46   18,1    0,0    0,0    3,2   27,4  13:32    214
 15    2,1    4,4  22:30    0,9  06:22   16,2    0,0    0,0    3,3   27,0  12:36    218
 16    1,5    4,4  23:14   -0,1  06:02   16,8    0,0    0,0    3,1   31,0  12:18    216
 17    1,8    4,4  10:14    0,1  05:44   16,6    0,0    0,0    4,1   35,3  15:32    215
 18    1,0    4,4  15:08   -2,1  23:46   17,4    0,0    4,7    1,8   24,5  05:38    327
 19   -1,0    4,4  18:30   -3,6  06:24   19,4    0,0    0,0    1,6   20,9  14:22     59
 20   -0,9    4,4  10:02   -4,1  06:28   19,2    0,0    0,0    1,5   16,9  14:00     27
 21   -0,3    4,4  09:34   -3,1  06:14   18,6    0,0    0,0    1,9   19,1  15:20    203
 22   -0,1    4,4  23:18   -1,9  05:28   18,5    0,0    0,0    2,6   22,7  14:16    221
 23    1,7    4,4  08:16    0,1  05:56   16,7    0,0    0,0    2,2   29,5  16:06    222
 24    2,6    4,4  01:00    1,3  06:46   15,7    0,0    0,0    3,5   32,8  16:32    225
 25    2,8    4,4  01:52    1,6  07:24   15,5    0,0    0,0    3,7   26,6  23:18     75
 26    3,1    4,4  04:20    0,3  00:00   15,2    0,0    0,0    7,1   28,8  01:56     53
 27    0,5    4,4  20:02   -1,9  05:48   17,8    0,0    0,0    2,8   26,6  12:58    220
 28    0,4    4,4  21:04   -2,1  05:46   17,9    0,0    0,0    2,1   18,4  15:26    208
 29    0,8    4,4  22:24   -1,3  06:00   17,6    0,0    0,0    1,8   20,2  16:36    220
 30    0,7    4,2  08:24   -1,1  05:58   17,6    0,0    0,0    2,8   29,5  16:46    221
 31    2,0    4,4  00:06    0,3  07:50   16,3    0,0    0,0    3,1   24,1  18:20    213
---------------------------------------------------------------------------------------
       1,0    4,4     02   -6,9     04  529,3    0,0   13,0    2,5   35,3     17    214
    
Updated: 10/11/2019 13:25:00