Calalzo di Cadore, Veneto

46° 26.33' N | 012° 22.85' E | 800 meter | Show on map

Climate Summary April 2019

28/05/2020 03:55:00 CEST

Station: LaCrosse WS-2357
Software: WeeWX v3.9.2
Weewx uptime: 32 giorni, 15 ore, 28 minuti
Server uptime: 32 giorni, 15 ore, 6 minuti
                   MONTHLY CLIMATOLOGICAL SUMMARY for apr 2019


NAME: Calalzo di Cadore, Veneto                  
ELEV: 800 meter    LAT: 46-26.33 N    LONG: 012-22.85 E


                   TEMPERATURE (°C), RAIN (mm), WIND SPEED (km/h)

                                         HEAT   COOL         AVG
      MEAN                               DEG    DEG          WIND                   DOM
DAY   TEMP   HIGH   TIME    LOW   TIME   DAYS   DAYS   RAIN  SPEED   HIGH   TIME    DIR
---------------------------------------------------------------------------------------
 01    2,6    4,4  02:04    1,3  07:06   15,7    0,0    0,0    1,9   23,4  15:44    130
 02    3,4    4,4  03:42    2,4  06:54   15,0    0,0    0,0    3,0   26,3  14:58    216
 03    N/A    N/A    N/A    N/A    N/A    0,0    0,0    5,2    0,7   16,6  14:36    206
 04    3,6    4,4  05:04   -2,2  13:30   14,8    0,0   43,0    0,7   12,2  11:58     41
 05    3,5    7,4  19:39  -19,4  18:22   14,8    0,0   12,4    1,7   15,1  17:16    204
 06    6,9   10,0  15:28    5,3  06:24   11,4    0,0    0,0    2,9   27,0  15:34    207
 07    7,0    9,9  10:36    5,6  05:58   11,3    0,0    0,0    2,7   26,6  14:58    208
 08    6,9    9,5  16:54    4,5  05:58   11,5    0,0    3,1    0,1    9,0  17:24     32
 09    4,6    9,9  17:46  -19,6  23:08   13,8    0,0    4,1    0,6   11,9  15:32    176
 10   -5,5    9,3  19:58  -19,9  02:04   23,8    0,0    9,3    0,3    8,6  18:00     65
 11    7,7    9,4  12:00    6,7  07:00   10,6    0,0    0,0    1,7   22,7  16:00     53
 12    7,2    9,9  18:00    5,8  07:00   11,2    0,0    0,0    3,7   24,5  16:00    212
 13    6,3    8,6  16:00    5,3  07:00   12,1    0,0    1,0    1,7   19,8  16:00    202
 14    6,2    9,5  18:00    3,9  07:00   12,1    0,0    2,1    1,8   20,9  18:00     49
 15    8,2   15,2  16:02    3,6  06:54   10,1    0,0    0,0    1,4   16,9  17:00     59
 16    8,7   15,3  13:47    3,2  06:41    9,7    0,0    0,0    2,6   23,4  16:15    204
 17   10,2   18,6  15:39    2,4  05:14    8,1    0,0    0,0    3,3   25,2  18:15    214
 18   11,2   18,1  15:04    5,5  06:11    7,2    0,0    0,0    2,4   21,2  15:40    204
 19   12,3   19,2  15:50    6,5  06:26    6,1    0,0    0,0    2,5   29,5  18:40    226
 20   12,3   21,2  15:21    3,6  06:56    6,0    0,0    0,0    2,1   20,9  16:55    222
 21   12,9   20,6  14:27    5,8  05:57    5,5    0,0    0,0    4,4   30,2  17:30    219
 22   11,5   18,3  15:00    4,9  06:24    6,8    0,0    0,0    5,3   31,7  16:20    213
 23    8,9   11,1  13:52    7,3  06:15    9,5    0,0    7,8    0,4   14,4  00:45    186
 24    9,6   15,2  16:22    7,4  02:37    8,7    0,0   17,1    0,7   19,1  18:10    203
 25   11,7   16,5  14:09    8,5  06:33    6,6    0,0    5,2    2,3   27,4  15:50    208
 26   10,2   15,2  13:17    5,3  23:58    8,2    0,0   10,4    0,9   31,3  16:00    233
 27    9,4   16,8  17:12    2,9  04:19    8,9    0,0    0,0    1,3   16,6  20:15    179
 28    3,0    6,8  00:00    0,6  12:12   15,4    0,0   16,6    1,6   22,0  06:30     10
 29    5,6   12,4  15:56    0,7  01:40   12,8    0,0    5,2    1,5   20,2  14:00    204
 30    8,1   15,2  16:26    1,9  03:40   10,2    0,0    0,0    1,8   20,5  12:15    202
---------------------------------------------------------------------------------------
       8,1   21,2     20  -19,9     10  317,5    0,0  142,4    2,0   31,7     22    209
    
Updated: 10/11/2019 13:25:00