Calalzo di Cadore, Veneto

46° 26.33' N | 012° 22.85' E | 800 meter | Show on map

Climate Summary March 2017

28/02/2020 00:25:00 CET

Station: LaCrosse WS-2357
Software: WeeWX v3.9.2
Weewx uptime: 0 giorni, 8 ore, 47 minuti
Server uptime: 4 giorni, 12 ore, 13 minuti
                   MONTHLY CLIMATOLOGICAL SUMMARY for mar 2017


NAME: Calalzo di Cadore, Veneto                  
ELEV: 800 meter    LAT: 46-26.33 N    LONG: 012-22.85 E


                   TEMPERATURE (°C), RAIN (mm), WIND SPEED (km/h)

                                         HEAT   COOL         AVG
      MEAN                               DEG    DEG          WIND                   DOM
DAY   TEMP   HIGH   TIME    LOW   TIME   DAYS   DAYS   RAIN  SPEED   HIGH   TIME    DIR
---------------------------------------------------------------------------------------
 01
 02
 03
 04
 05
 06
 07
 08
 09
 10
 11
 12    1,8    4,4  09:14   -1,8  07:44   16,5    0,0    0,0    4,0  183,6  09:34    197
 13    1,7    4,4  21:00   -1,1  07:40   16,6    0,0    0,0    2,7  183,6  00:40    210
 14    2,0    4,4  23:50  -17,8  03:45   16,3    0,0    0,0    2,3  183,6  02:15    208
 15    2,4    4,4  22:35    0,6  07:05   16,0    0,0    0,0    3,2  183,6  19:54    228
 16    2,1    4,4  23:35  -17,8  02:35   16,2    0,0    0,0    2,7   31,3  16:05    214
 17    1,8    4,4  08:20    0,2  07:00   16,5    0,0    0,0    2,8   26,6  16:00    211
 18    2,7    4,4  00:30    1,6  06:20   15,7    0,0    0,0    2,7   21,6  12:25    218
 19    3,5    4,4  01:09    2,9  05:29   14,8    0,0    0,0    2,9  183,6  01:34    229
 20    3,4    4,4  03:05    2,6  07:30   14,9    0,0    0,0    3,4  183,6  19:20    219
 21    N/A    N/A    N/A    N/A    N/A    0,0    0,0    0,0    1,3  183,6  14:00    207
 22    N/A    N/A    N/A    N/A    N/A    0,0    0,0    0,5    2,9  183,6  12:55    208
 23    N/A    N/A    N/A    N/A    N/A    0,0    0,0    1,6    2,0   22,7  15:10    193
 24    3,5    4,4  08:00    2,9  06:45   14,9    0,0    0,0    1,9   25,2  16:50    208
 25    4,0    4,4  05:05    3,6  07:10   14,4    0,0    0,0    3,0   24,5  16:55    205
 26    4,2    4,4  05:40    3,9  06:45   14,1    0,0    1,6    2,1  183,6  15:40    207
 27    2,9    4,4  01:25    1,5  08:10   15,4    0,0    0,0    3,4  183,6  05:05    209
 28    1,5    4,2  00:05  -17,8  02:15   16,8    0,0    0,0    3,4   27,4  15:35    218
 29    3,3    4,4  02:30    2,6  06:35   15,0    0,0    0,0    2,3   29,2  18:00    227
 30    3,8    4,4  04:40    3,4  07:25   14,5    0,0    0,0    3,5  183,6  00:00    213
 31    4,2    4,4  08:00    4,1  07:15   14,1    0,0    0,0    3,7   29,5  15:10    210
---------------------------------------------------------------------------------------
       2,6    4,4     14  -17,8     14  262,7    0,0    3,6    2,8  183,6     12    212
    
Updated: 10/11/2019 13:25:00