Calalzo di Cadore, Italia

46° 26.57' N | 012° 23.33' E | 795 meter | Show on map

Climate Summary March 2017

02/16/19 01:12:00 CET

Station: LaCrosse WS23xx
Software: WeeWX v3.7.0
Weewx uptime: 6 Giorni, 2 Ore, 0 Minuti
Server uptime: 38 Giorni, 11 Ore, 3 Minuti
                   MONTHLY CLIMATOLOGICAL SUMMARY for mar 2017


NAME: Calalzo di Cadore, Italia                  
ELEV: 795 meter    LAT: 46-26.57 N    LONG: 012-23.33 E


                   TEMPERATURE (°C), RAIN (mm), WIND SPEED (m/s)

                                         HEAT   COOL         AVG
      MEAN                               DEG    DEG          WIND                   DOM
DAY   TEMP   HIGH   TIME    LOW   TIME   DAYS   DAYS   RAIN  SPEED   HIGH   TIME    DIR
---------------------------------------------------------------------------------------
 01
 02
 03
 04
 05
 06
 07
 08
 09
 10
 11
 12    5,7   11,4  13:59   -1,8  07:44   12,7    0,0    0,0    1,1   51,0  09:34    197
 13    5,4   12,9  13:37   -1,2  07:23   13,0    0,0    0,0    0,8   51,0  00:40    210
 14    7,5   16,3  14:09    0,9  07:33   10,8    0,0    0,0    0,6   51,0  02:15    208
 15    6,7   14,3  12:12    0,6  06:54   11,7    0,0    0,0    0,9   51,0  19:54    228
 16    8,1   16,6  13:31    1,8  06:07   10,2    0,0    0,0    0,8    8,7  16:05    214
 17    8,1   17,5  13:56    0,1  06:59   10,2    0,0    0,0    0,8    7,4  16:00    211
 18    7,4   15,3  14:12    1,6  06:13   10,9    0,0    0,0    0,7    6,0  12:25    218
 19    8,1   14,5  15:07    2,9  05:29   10,3    0,0    0,0    0,8   51,0  01:34    229
 20    9,2   16,2  14:39    2,5  07:29    9,2    0,0    0,0    0,9   51,0  19:20    219
 21    9,9   15,8  14:27    7,6  05:30    8,5    0,0    0,0    0,4   51,0  14:00    207
 22    9,7   13,0  14:16    7,8  05:20    8,6    0,0    0,5    0,8   51,0  12:55    208
 23    9,8   14,4  12:22    5,6  23:41    8,5    0,0    1,6    0,6    6,3  15:10    193
 24    9,2   17,5  14:31    2,8  06:41    9,2    0,0    0,0    0,5    7,0  16:50    208
 25   11,2   20,1  13:52    3,6  07:03    7,2    0,0    0,0    0,8    6,8  16:55    205
 26    8,0   16,1  13:19    3,9  06:45   10,3    0,0    1,6    0,6   51,0  15:40    207
 27    7,5   14,6  13:39    1,5  08:03   10,9    0,0    0,0    0,9   51,0  05:05    209
 28    8,6   18,1  15:16  -29,2  20:59    9,8    0,0    0,0    0,9    7,6  15:35    218
 29   10,9   20,9  15:10    2,5  07:40    7,4    0,0    0,0    0,6    8,1  18:00    227
 30   11,6   20,3  14:04    3,4  07:15    6,8    0,0    0,0    1,0   51,0  00:00    213
 31   11,6   19,9  14:35    4,0  07:11    6,7    0,0    0,0    1,0    8,2  15:10    210
---------------------------------------------------------------------------------------
       8,7   20,9     29  -29,2     28  192,7    0,0    3,6    0,8   51,0     12    212