Calalzo di Cadore, Italia

46° 26.57' N | 012° 23.33' E | 795 meter | Show on map

Climate Summary June 2017

04/21/19 01:05:00 CEST

Station: LaCrosse WS23xx
Software: WeeWX v3.7.0
Weewx uptime: 1 Giorno, 9 Ore, 44 Minuti
Server uptime: 1 Giorno, 9 Ore, 43 Minuti
                   MONTHLY CLIMATOLOGICAL SUMMARY for giu 2017

NAME: Calalzo di Cadore, Italia                  
ELEV: 795 meter    LAT: 46-26.57 N    LONG: 012-23.33 E

                   TEMPERATURA(°C), PIOGGIA (mm), VENTO (m/s)

                                             AVG                                     HEAT    COOL
         Temp         Temp.                  WIND                   DOM       MEAN   DEG     DEG
Giorno   MAX   ORA    MINIMA  ORA   PIOGGIA  SPEED   HIGH   TIME    DIR       TEMP   DAYS    DAYS
---------------------------------------------------------------------------------------
  01     25,8  14:00   14,1  05:48     3,6    0,7    7,6  15:25    176  
  02     25,5  14:10   11,9  04:52     4,7    0,5   51,0  06:50    181  
  03     25,9  14:43   11,4  05:57     0,0    0,6   12,6  16:45    181  
  04     22,8  13:48   11,5  23:54     1,0    0,3    9,0  15:05    224  
  05     21,9  17:09   10,3  05:45     2,1    0,3    3,8  20:20    180  
  06     21,5  12:38   11,6  23:53     6,2    0,3    6,0  14:10    193  
  07     21,9  15:04    7,6  23:59    11,9    0,8    9,0  14:20    183  
  08     20,0  15:26    4,8  05:37     0,0    0,5   51,0  20:40    212  
  09     24,5  14:23    8,3  05:44     0,0    0,8   51,0  01:50    204  
  10     25,5  11:49   11,4  05:20     0,0    0,5    6,8  14:10    206  
  11     25,5  14:19   11,5  05:42     0,0    0,7   51,0  22:20    211  
  12     26,3  15:02   13,6  05:21     0,5    0,5    6,0  13:05    213  
  13     27,9  14:06   14,8  05:16     0,0    0,7   51,0  04:00    212  
  14     26,4  11:23   15,4  23:45     8,8    0,2    6,2  12:05    219  
  15     26,5  15:42   14,3  05:11     6,2    0,8   51,0  04:55    204  
  16     26,2  16:56   13,8  05:50     0,0    0,0   51,0  23:25    338  
  17     27,4  16:29   11,6  05:44     0,0    0,3   51,0  09:40    360  
  18     25,1  13:14   10,3  05:38     0,0    0,9    8,3  14:10    204  
  19     25,9  15:10   14,4  05:32     0,0    0,8   10,7  19:15    199  
  20     28,1  14:35   14,4  05:34     5,7    0,8   51,0  23:15    205  
  21     29,3  13:16   16,1  06:15    10,9    0,3    7,4  16:20    213  
  22     29,6  16:13   14,4  05:33     1,6    0,6    9,1  16:20    212  
  23     29,8  13:27   16,5  06:18     0,0    0,7    7,8  16:00    222  
  24     30,4  13:43   19,1  05:36     0,0    0,4   51,0  18:45    205  
  25     22,9  15:28   14,8  23:54    20,7    0,0    1,6  02:05     21  
  26     26,7  15:05   11,8  05:30     0,0    0,8   51,0  15:00    211  
  27     23,7  15:45   15,9  05:55     0,0    0,1    5,6  11:50    207  
  28     25,3  13:38   13,3  23:39    28,0    0,4    7,2  12:45    215  
  29     20,3  14:12   12,3  23:36     3,6    0,6    8,4  15:10    188  
  30     21,3  13:03   10,1  05:13     0,0    0,6   51,0  19:10    201  
---------------------------------------------------------------------------------------
  T.max      Giorno      T.min.   Giorno    Tot.pioggia    vento
  30,4   24    4,8  08  115,5   51,0
  30,4 
  30,7 
   0,5     
 02
    204    18,3