Calalzo di Cadore, Veneto

46° 26.33' N | 012° 22.85' E | 800 meter | Show on map

Climate Summary June 2017

06/26/19 04:50:00 CEST

Station: LaCrosse WS-2357
Software: WeeWX v3.9.1
Weewx uptime: 0 giorni, 16 ore, 37 minuti
Server uptime: 6 giorni, 14 ore, 47 minuti
                   MONTHLY CLIMATOLOGICAL SUMMARY for Jun 2017


NAME: Calalzo di Cadore, Veneto                  
ELEV: 800 meters    LAT: 46-26.33 N    LONG: 012-22.85 E


                   TEMPERATURE (C), RAIN (cm), WIND SPEED (km/h)

                                         HEAT   COOL         AVG
      MEAN                               DEG    DEG          WIND                   DOM
DAY   TEMP   HIGH   TIME    LOW   TIME   DAYS   DAYS   RAIN  SPEED   HIGH   TIME    DIR
---------------------------------------------------------------------------------------
 01    N/A    N/A    N/A    N/A    N/A    0.0    0.0   0.36    2.6   27.4  15:25    176
 02    N/A    N/A    N/A    N/A    N/A    0.0    0.0   0.47    1.9  183.6  06:50    181
 03    N/A    N/A    N/A    N/A    N/A    0.0    0.0   0.00    2.2   45.4  16:45    181
 04    N/A    N/A    N/A    N/A    N/A    0.0    0.0   0.10    1.1   32.4  15:05    224
 05    N/A    N/A    N/A    N/A    N/A    0.0    0.0   0.21    0.9   13.7  20:20    180
 06    N/A    N/A    N/A    N/A    N/A    0.0    0.0   0.62    1.1   21.6  14:10    193
 07    N/A    N/A    N/A    N/A    N/A    0.0    0.0   1.19    2.9   32.4  14:20    183
 08    N/A    N/A    N/A    N/A    N/A    0.0    0.0   0.00    1.7  183.6  20:40    212
 09    N/A    N/A    N/A    N/A    N/A    0.0    0.0   0.00    2.9  183.6  01:50    204
 10    N/A    N/A    N/A    N/A    N/A    0.0    0.0   0.00    1.9   24.5  14:10    206
 11    N/A    N/A    N/A    N/A    N/A    0.0    0.0   0.00    2.5  183.6  22:20    211
 12    N/A    N/A    N/A    N/A    N/A    0.0    0.0   0.05    1.9   21.6  13:05    213
 13    N/A    N/A    N/A    N/A    N/A    0.0    0.0   0.00    2.6  183.6  04:00    212
 14    N/A    N/A    N/A    N/A    N/A    0.0    0.0   0.88    0.6   22.3  12:05    219
 15    N/A    N/A    N/A    N/A    N/A    0.0    0.0   0.62    2.8  183.6  04:55    204
 16    N/A    N/A    N/A    N/A    N/A    0.0    0.0   0.00    0.0  183.6  23:25    338
 17    N/A    N/A    N/A    N/A    N/A    0.0    0.0   0.00    0.9  183.6  09:40    360
 18    N/A    N/A    N/A    N/A    N/A    0.0    0.0   0.00    3.2   29.9  14:10    204
 19    N/A    N/A    N/A    N/A    N/A    0.0    0.0   0.00    2.8   38.5  19:15    199
 20    N/A    N/A    N/A    N/A    N/A    0.0    0.0   0.57    2.9  183.6  23:15    205
 21    N/A    N/A    N/A    N/A    N/A    0.0    0.0   1.09    1.0   26.6  16:20    213
 22    N/A    N/A    N/A    N/A    N/A    0.0    0.0   0.16    2.2   32.8  16:20    212
 23    N/A    N/A    N/A    N/A    N/A    0.0    0.0   0.00    2.6   28.1  16:00    222
 24    N/A    N/A    N/A    N/A    N/A    0.0    0.0   0.00    1.5  183.6  18:45    205
 25    N/A    N/A    N/A    N/A    N/A    0.0    0.0   2.07    0.0    5.8  02:05     21
 26    N/A    N/A    N/A    N/A    N/A    0.0    0.0   0.00    3.1  183.6  15:00    211
 27    N/A    N/A    N/A    N/A    N/A    0.0    0.0   0.00    0.5   20.2  11:50    207
 28    N/A    N/A    N/A    N/A    N/A    0.0    0.0   2.80    1.3   25.9  12:45    215
 29    N/A    N/A    N/A    N/A    N/A    0.0    0.0   0.36    2.3   30.2  15:10    188
 30    N/A    N/A    N/A    N/A    N/A    0.0    0.0   0.00    2.1  183.6  19:10    201
---------------------------------------------------------------------------------------
       N/A    N/A       N/A    N/A       N/A    0.0    0.0  11.55    1.9  183.6     02    204