Calalzo di Cadore, Veneto

46° 26.33' N | 012° 22.85' E | 800 meter | Show on map

Climate Summary April 2018

28/02/2020 00:05:00 CET

Station: LaCrosse WS-2357
Software: WeeWX v3.9.2
Weewx uptime: 0 giorni, 8 ore, 27 minuti
Server uptime: 4 giorni, 11 ore, 53 minuti
                   MONTHLY CLIMATOLOGICAL SUMMARY for apr 2018


NAME: Calalzo di Cadore, Veneto                  
ELEV: 800 meter    LAT: 46-26.33 N    LONG: 012-22.85 E


                   TEMPERATURE (°C), RAIN (mm), WIND SPEED (km/h)

                                         HEAT   COOL         AVG
      MEAN                               DEG    DEG          WIND                   DOM
DAY   TEMP   HIGH   TIME    LOW   TIME   DAYS   DAYS   RAIN  SPEED   HIGH   TIME    DIR
---------------------------------------------------------------------------------------
 01    1,9    4,4  09:38    0,9  03:14   16,4    0,0    0,0    1,8   23,0  13:50    203
 02   -0,2    4,4  09:30   -1,8  06:58   18,5    0,0    0,0    4,5   31,7  16:26    215
 03    4,0    4,4  03:28    3,5  07:54   14,4    0,0    0,5    2,5   28,8  13:28    213
 04    N/A    N/A    N/A    N/A    N/A    0,0    0,0    7,8    0,5   13,3  15:34    181
 05    4,3    4,4  23:44    4,1  00:00   14,0    0,0    0,0    2,3   27,0  16:44    200
 06    1,8    4,4  08:40    0,2  07:54   16,5    0,0    0,0    2,4   27,0  16:48    206
 07    3,5    4,4  02:14    2,5  07:12   14,8    0,0    0,0    3,3   31,3  16:30    211
 08    N/A    N/A    N/A    N/A    N/A    0,0    0,0    0,0    4,3   32,4  13:44    211
 09    4,1    4,4  05:02    3,8  06:12   14,2    0,0    2,1    1,0   22,7  17:08    214
 10    N/A    N/A    N/A    N/A    N/A    0,0    0,0    3,1    2,5   29,2  17:14    207
 11    N/A    N/A    N/A    N/A    N/A    0,0    0,0    6,2    1,5   20,2  17:44    172
 12    N/A    N/A    N/A    N/A    N/A    0,0    0,0   23,8    0,6    9,4  18:42     65
 13    N/A    N/A    N/A    N/A    N/A    0,0    0,0    5,2    1,8   31,7  15:16    201
 14    3,1    4,4  03:14    2,3  06:42   15,2    0,0    0,0    1,7   24,5  17:54    210
 15    N/A    N/A    N/A    N/A    N/A    0,0    0,0    7,8    0,6    9,7  15:46     32
 16    N/A    N/A    N/A    N/A    N/A    0,0    0,0    4,1    1,6   22,7  16:06    148
 17    N/A    N/A    N/A    N/A    N/A    0,0    0,0    0,0    1,9   18,7  16:54     53
 18    4,3    4,4  07:06    4,2  06:30   14,0    0,0    0,0    1,5   16,6  14:46     38
 19    N/A    N/A    N/A    N/A    N/A    0,0    0,0    0,0    1,7   22,0  16:46    216
 20    N/A    N/A    N/A    N/A    N/A    0,0    0,0    0,0    0,8   18,0  17:16    249
 21    N/A    N/A    N/A    N/A    N/A    0,0    0,0    0,0    3,0   25,9  16:50    213
 22    N/A    N/A    N/A    N/A    N/A    0,0    0,0    0,0    3,9   29,9  17:24    214
 23    N/A    N/A    N/A    N/A    N/A    0,0    0,0    7,8    2,1   23,8  14:26    207
 24    N/A    N/A    N/A    N/A    N/A    0,0    0,0    0,0    3,0   29,9  18:06    215
 25    N/A    N/A    N/A    N/A    N/A    0,0    0,0    0,0    4,5   33,8  16:34    217
 26    N/A    N/A    N/A    N/A    N/A    0,0    0,0    0,5    3,2   32,0  13:48    208
 27    N/A    N/A    N/A    N/A    N/A    0,0    0,0    0,0    1,1   10,8  16:22     43
 28    N/A    N/A    N/A    N/A    N/A    0,0    0,0    0,0    2,4   27,7  14:24    205
 29    N/A    N/A    N/A    N/A    N/A    0,0    0,0    3,6    2,1   27,0  15:30    209
 30    N/A    N/A    N/A    N/A    N/A    0,0    0,0    4,7    4,1   29,5  14:40    211
---------------------------------------------------------------------------------------
       2,2    4,4     03   -1,8     02  138,1    0,0   77,2    2,3   33,8     25    208
    
Updated: 10/11/2019 13:25:00