Calalzo di Cadore, Italia

46° 26.57' N | 012° 23.33' E | 795 meter | Show on map

Climate Summary April 2018

02/16/19 01:12:00 CET

Station: LaCrosse WS23xx
Software: WeeWX v3.7.0
Weewx uptime: 6 Giorni, 2 Ore, 0 Minuti
Server uptime: 38 Giorni, 11 Ore, 3 Minuti
                   MONTHLY CLIMATOLOGICAL SUMMARY for Apr 2018


NAME: Calalzo di Cadore, Italia                  
ELEV: 795 meter    LAT: 46-26.57 N    LONG: 012-23.33 E


                   TEMPERATURE (°C), RAIN (mm), WIND SPEED (km/h)

                                         HEAT   COOL         AVG
      MEAN                               DEG    DEG          WIND                   DOM
DAY   TEMP   HIGH   TIME    LOW   TIME   DAYS   DAYS   RAIN  SPEED   HIGH   TIME    DIR
---------------------------------------------------------------------------------------
 01    5.5   12.4  14:00    0.9  03:08   12.9    0.0    0.0    1.8   23.0  13:50    203
 02    5.9   13.3  14:59   -1.8  06:58   12.5    0.0    0.0    4.5   31.7  16:26    215
 03    7.1   12.3  12:29    3.5  07:16   11.3    0.0    0.5    2.5   28.8  13:28    213
 04    6.6    8.9  17:52    4.6  07:38   11.8    0.0    7.8    0.5   13.3  15:34    181
 05    8.5   15.3  14:28    4.1  23:57    9.8    0.0    0.0    2.3   27.0  16:44    200
 06    8.3   17.1  15:08    0.2  07:46   10.0    0.0    0.0    2.4   27.0  16:48    206
 07    9.6   17.6  14:48    2.5  07:09    8.7    0.0    0.0    3.3   31.3  16:30    211
 08   10.8   17.7  15:26    5.3  06:54    7.5    0.0    0.0    4.3   32.4  13:44    211
 09    7.9   14.1  14:38    3.8  06:08   10.5    0.0    2.1    1.0   22.7  17:08    214
 10    8.5   14.5  15:43    6.1  06:52    9.8    0.0    3.1    2.5   29.2  17:14    207
 11    8.9   14.6  15:13    5.4  06:14    9.4    0.0    6.2    1.5   20.2  17:44    172
 12    6.0    7.6  16:10    4.4  08:06   12.4    0.0   23.8    0.6    9.4  18:42     65
 13    7.3   12.8  12:57    4.6  04:24   11.0    0.0    5.2    1.8   31.7  15:16    201
 14   10.2   20.4  15:52    2.3  06:42    8.1    0.0    0.0    1.7   24.5  17:54    210
 15    9.6   15.9  13:31    5.1  05:22    8.7    0.0    7.8    0.6    9.7  15:46     32
 16   12.2   20.1  14:56    8.1  00:00    6.2    0.0    4.1    1.6   22.7  16:06    148
 17   12.9   21.3  14:40    5.9  06:34    5.4    0.0    0.0    1.9   18.7  16:54     53
 18   13.3   23.8  15:10    4.2  06:25    5.1    0.0    0.0    1.5   16.6  14:46     38
 19   14.3   24.8  14:03    5.4  06:20    4.0    0.0    0.0    1.7   22.0  16:46    216
 20   15.5   26.6  15:33    5.8  06:32    2.9    0.0    0.0    0.8   18.0  17:16    249
 21   15.7   25.1  14:19    6.8  06:13    2.6    0.0    0.0    3.0   25.9  16:50    213
 22   15.5   22.9  13:56    7.9  06:29    2.9    0.0    0.0    3.9   29.9  17:24    214
 23   13.8   24.0  14:42    8.0  06:39    4.6    0.0    7.8    2.1   23.8  14:26    207
 24   14.3   22.4  14:24    8.1  04:48    4.0    0.0    0.0    3.0   29.9  18:06    215
 25   15.9   22.1  13:31    9.8  04:56    2.4    0.0    0.0    4.5   33.8  16:34    217
 26   15.6   21.6  12:37   11.4  23:58    2.7    0.0    0.5    3.2   32.0  13:48    208
 27   12.8   18.5  17:25   10.3  06:26    5.6    0.0    0.0    1.1   10.8  16:22     43
 28   14.9   23.2  16:01    8.1  06:48    3.4    0.0    0.0    2.4   27.7  14:24    205
 29   14.9   22.6  15:00    8.2  06:00    3.4    0.0    3.6    2.1   27.0  15:30    209
 30   13.6   18.7  14:06    9.3  23:15    4.8    0.0    4.7    4.1   29.5  14:40    211
---------------------------------------------------------------------------------------
      11.2   26.6     20   -1.8     02  214.3    0.0   77.2    2.3   33.8     25    208
    
Updated: 05/01/18 00:00:00