Calalzo di Cadore, Italia

46° 26.57' N | 012° 23.33' E | 795 meter | Show on map

Climate Summary May 2018

02/16/19 01:12:00 CET

Station: LaCrosse WS23xx
Software: WeeWX v3.7.0
Weewx uptime: 6 Giorni, 2 Ore, 0 Minuti
Server uptime: 38 Giorni, 11 Ore, 3 Minuti
                   MONTHLY CLIMATOLOGICAL SUMMARY for May 2018


NAME: Calalzo di Cadore, Italia                  
ELEV: 795 meter    LAT: 46-26.57 N    LONG: 012-23.33 E


                   TEMPERATURE (°C), RAIN (mm), WIND SPEED (km/h)

                                         HEAT   COOL         AVG
      MEAN                               DEG    DEG          WIND                   DOM
DAY   TEMP   HIGH   TIME    LOW   TIME   DAYS   DAYS   RAIN  SPEED   HIGH   TIME    DIR
---------------------------------------------------------------------------------------
 01   10.4   15.3  17:00    4.4  06:15    7.9    0.0    1.0    1.7   19.4  15:12    210
 02   10.8   16.8  17:40    7.2  06:52    7.5    0.0    5.2    0.0    0.0  00:02     90
 03   14.0   21.8  14:24   10.1  04:06    4.4    0.0   15.5    0.7   20.5  15:28     24
 04   12.0   14.0  11:01    9.2  23:56    6.3    0.0   15.5    1.2   19.4  00:14     28
 05   12.6   17.6  16:10    8.6  02:13    5.8    0.0    1.6    0.3   19.1  20:52     68
 06   15.2   25.3  13:53    9.3  06:25    3.2    0.0    5.7    1.3   23.4  16:56    163
 07   14.3   21.3  13:40    9.1  05:59    4.1    0.0    0.0    1.0   14.8  12:36    183
 08   13.0   20.5  12:27    8.3  05:59    5.3    0.0    6.2    1.9   23.0  11:34    200
 09   11.3   15.1  12:40    8.4  06:02    7.1    0.0    0.5    0.6   11.2  12:54    180
 10   13.2   21.0  15:12    8.1  05:52    5.1    0.0    0.0    0.6   15.8  14:56    205
 11   14.0   19.8  13:09   10.1  06:10    4.3    0.0   10.9    0.7   11.9  16:32    110
 12   14.7   22.3  14:22   10.3  06:27    3.6    0.0    1.0    2.0   23.0  18:02    184
 13   13.2   19.3  13:20    8.5  05:51    5.2    0.0    1.6    1.8   30.6  15:34    193
 14   10.9   12.9  10:58    8.4  23:33    7.4    0.0   14.0    0.5   14.0  11:30    193
 15    7.8    8.7  02:46    6.4  00:00   10.5    0.0   18.7    0.4   14.4  07:50    169
 16    9.2   14.9  12:18    5.1  02:24    9.2    0.0    4.7    0.8   18.0  13:16    172
 17   11.4   18.7  14:59    7.0  04:33    6.9    0.0    4.2    2.0   24.5  15:32    192
 18   12.8   20.1  15:07    6.9  05:53    5.5    0.0    0.5    0.1    6.8  13:36    179
 19   12.0   19.1  12:09    7.4  05:45    6.4    0.0    1.6    0.1    8.3  13:38    197
 20   13.0   18.5  12:50    8.8  05:55    5.3    0.0    0.0    1.1   24.5  14:38     52
 21   13.6   21.8  16:03    8.4  05:44    4.8    0.0    0.0    0.9   25.2  16:38    130
 22   12.0   14.4  14:07    9.6  06:06    6.4    0.0    8.3    0.1   10.1  13:32     54
 23   14.7   20.4  17:08   10.6  05:52    3.6    0.0    4.1    0.0    0.0  00:02     90
 24   13.9   20.2  16:34   11.9  23:45    4.4    0.0   23.3    0.0    0.0  00:02     90
 25   17.1   24.4  13:47   10.1  05:48    1.2    0.0    0.0    1.7   21.6  14:52    205
 26   19.1   24.7  15:15   13.4  05:51    0.0    0.8    0.0    2.6   26.6  15:46    198
 27   17.3   24.4  11:49   13.6  06:01    1.1    0.0    5.7    0.7   15.5  13:02    172
 28   20.4   24.3  15:11   14.8  23:59    0.0    2.1    0.0    1.4   14.4  13:35    170
 29   15.1   18.9  11:48   12.1  05:54    3.2    0.0    5.2    0.3    8.3  14:14    137
 30   18.3   25.1  15:04   13.1  06:05    0.0    0.0    0.0    2.0   21.2  14:56    185
 31   19.5   25.9  14:10   13.3  05:06    0.0    1.1    0.0    3.1   23.4  15:52    194
---------------------------------------------------------------------------------------
      13.6   25.9     31    4.4     01  145.7    4.0  154.9    1.0   30.6     13    187
    
Updated: 06/01/18 00:00:00