Calalzo di Cadore, Veneto

46° 26.33' N | 012° 22.85' E | 800 meter | Show on map

Climate Summary May 2018

27/02/2020 23:45:00 CET

Station: LaCrosse WS-2357
Software: WeeWX v3.9.2
Weewx uptime: 0 giorni, 8 ore, 7 minuti
Server uptime: 4 giorni, 11 ore, 33 minuti
                   MONTHLY CLIMATOLOGICAL SUMMARY for mag 2018


NAME: Calalzo di Cadore, Veneto                  
ELEV: 800 meter    LAT: 46-26.33 N    LONG: 012-22.85 E


                   TEMPERATURE (°C), RAIN (mm), WIND SPEED (km/h)

                                         HEAT   COOL         AVG
      MEAN                               DEG    DEG          WIND                   DOM
DAY   TEMP   HIGH   TIME    LOW   TIME   DAYS   DAYS   RAIN  SPEED   HIGH   TIME    DIR
---------------------------------------------------------------------------------------
 01    N/A    N/A    N/A    N/A    N/A    0,0    0,0    1,0    1,7   19,4  15:12    210
 02    N/A    N/A    N/A    N/A    N/A    0,0    0,0    5,2    0,0    0,0  00:02     90
 03    N/A    N/A    N/A    N/A    N/A    0,0    0,0   15,5    0,7   20,5  15:28     24
 04    N/A    N/A    N/A    N/A    N/A    0,0    0,0   15,5    1,2   19,4  00:14     28
 05    N/A    N/A    N/A    N/A    N/A    0,0    0,0    1,6    0,3   19,1  20:52     68
 06    N/A    N/A    N/A    N/A    N/A    0,0    0,0    5,7    1,3   23,4  16:56    163
 07    N/A    N/A    N/A    N/A    N/A    0,0    0,0    0,0    1,0   14,8  12:36    183
 08    N/A    N/A    N/A    N/A    N/A    0,0    0,0    6,2    1,9   23,0  11:34    200
 09    N/A    N/A    N/A    N/A    N/A    0,0    0,0    0,5    0,6   11,2  12:54    180
 10    N/A    N/A    N/A    N/A    N/A    0,0    0,0    0,0    0,6   15,8  14:56    205
 11    N/A    N/A    N/A    N/A    N/A    0,0    0,0   10,9    0,7   11,9  16:32    110
 12    N/A    N/A    N/A    N/A    N/A    0,0    0,0    1,0    2,0   23,0  18:02    184
 13    N/A    N/A    N/A    N/A    N/A    0,0    0,0    1,6    1,8   30,6  15:34    193
 14    N/A    N/A    N/A    N/A    N/A    0,0    0,0   14,0    0,5   14,0  11:30    193
 15    N/A    N/A    N/A    N/A    N/A    0,0    0,0   18,7    0,4   14,4  07:50    169
 16    N/A    N/A    N/A    N/A    N/A    0,0    0,0    4,7    0,8   18,0  13:16    172
 17    N/A    N/A    N/A    N/A    N/A    0,0    0,0    4,2    2,0   24,5  15:32    192
 18    N/A    N/A    N/A    N/A    N/A    0,0    0,0    0,5    0,1    6,8  13:36    179
 19    N/A    N/A    N/A    N/A    N/A    0,0    0,0    1,6    0,1    8,3  13:38    197
 20    N/A    N/A    N/A    N/A    N/A    0,0    0,0    0,0    1,1   24,5  14:38     52
 21    N/A    N/A    N/A    N/A    N/A    0,0    0,0    0,0    0,9   25,2  16:38    130
 22    N/A    N/A    N/A    N/A    N/A    0,0    0,0    8,3    0,1   10,1  13:32     54
 23    N/A    N/A    N/A    N/A    N/A    0,0    0,0    4,1    0,0    0,0  00:02     90
 24    N/A    N/A    N/A    N/A    N/A    0,0    0,0   23,3    0,0    0,0  00:02     90
 25    N/A    N/A    N/A    N/A    N/A    0,0    0,0    0,0    1,7   21,6  14:52    205
 26    N/A    N/A    N/A    N/A    N/A    0,0    0,0    0,0    2,6   26,6  15:46    198
 27    N/A    N/A    N/A    N/A    N/A    0,0    0,0    5,7    0,7   15,5  13:02    172
 28    N/A    N/A    N/A    N/A    N/A    0,0    0,0    0,0    1,4   14,4  13:35    170
 29    N/A    N/A    N/A    N/A    N/A    0,0    0,0    5,2    0,3    8,3  14:14    137
 30    N/A    N/A    N/A    N/A    N/A    0,0    0,0    0,0    2,0   21,2  14:56    185
 31    N/A    N/A    N/A    N/A    N/A    0,0    0,0    0,0    3,1   23,4  15:52    194
---------------------------------------------------------------------------------------
       N/A    N/A       N/A    N/A       N/A    0,0    0,0  154,9    1,0   30,6     13    187
    
Updated: 10/11/2019 13:25:00