MONTHLY CLIMATOLOGICAL SUMMARY for lug 2023 / DATI METEOROLOGICI MESE lug 2023 NAME: Calalzo di Cadore, IT ITALY ELEV: 800 meter LAT: 46-26.80 N TEMPERATURE (°C), RAIN (mm), WIND SPEED (km/h) LONG: 012-22.82 E T Max Day T Min Day tot.rain wind max Day 31,3 17 7,1 27 104,6 29,5 15 203 1,4 19,6 10,5 49,7 --------------------------------------------------------------------------------------- AVG HEAT COOL WIND DOM MEAN DEG DEG DAY T MAX TIME T MIN TIME RAIN HIGH TIME DIR SPED TEMP DAYS DAYS --------------------------------------------------------------------------------------- 01 22,6 13:50 15,1 00:05 0,0 8,6 15:00 179 0,6 17,7 0,7 0,0 02 24,1 13:45 15,5 05:50 0,0 20,9 13:55 172 1,1 19,4 0,0 1,0 03 22,6 14:35 13,4 21:10 18,7 10,1 15:00 151 1,1 17,8 0,5 0,0 04 26,3 15:20 12,5 06:15 0,0 18,7 14:55 178 1,3 18,8 0,0 0,4 05 25,7 14:15 12,3 05:45 12,4 18,4 16:40 204 1,9 18,0 0,4 0,0 06 23,8 16:25 12,9 05:25 1,0 7,6 15:15 181 0,4 16,1 2,2 0,0 07 26,2 15:35 11,4 05:50 0,0 23,0 17:10 207 1,9 18,7 0,0 0,4 08 27,2 13:40 14,6 05:55 0,0 15,8 12:35 203 1,1 20,3 0,0 1,9 09 30,0 14:50 14,6 06:00 0,0 15,1 17:25 205 1,9 22,4 0,0 4,0 10 30,3 15:05 15,9 05:50 3,1 18,4 14:25 232 1,6 22,1 0,0 3,8 11 30,9 14:20 15,9 06:15 3,1 14,8 14:45 133 1,2 21,9 0,0 3,6 12 26,4 16:25 16,4 06:45 11,4 19,8 02:35 328 1,2 19,9 0,0 1,6 13 26,6 14:45 14,8 06:05 9,3 18,0 15:45 220 1,3 18,5 0,0 0,1 14 27,2 12:40 12,9 05:50 0,0 19,1 15:20 200 1,7 19,8 0,0 1,4 15 28,5 14:55 13,9 06:00 0,0 29,5 17:55 210 2,4 21,7 0,0 3,3 16 31,1 15:45 18,4 03:20 0,0 20,2 12:25 213 2,2 23,9 0,0 5,6 17 31,3 15:50 18,9 05:15 0,0 22,0 16:10 214 1,6 24,4 0,0 6,0 18 31,0 14:30 15,2 00:00 5,7 18,4 14:55 209 2,5 23,1 0,0 4,7 19 26,4 16:00 14,9 06:35 8,3 16,6 17:15 49 1,6 19,3 0,0 1,0 20 27,5 15:05 14,2 05:55 0,0 11,2 20:40 69 1,1 20,2 0,0 1,9 21 25,3 10:55 15,6 04:30 3,1 4,7 12:05 326 0,5 18,4 0,0 0,1 22 25,7 13:40 14,2 07:15 1,5 12,6 17:10 57 1,0 19,0 0,0 0,7 23 26,9 14:35 17,9 00:00 0,0 19,1 14:45 211 2,5 22,9 0,0 4,5 24 24,9 11:30 16,2 23:10 10,4 16,6 13:40 246 0,7 18,6 0,0 0,3 25 25,3 15:20 13,3 23:50 8,8 18,0 19:40 136 2,0 17,5 0,8 0,0 26 23,8 16:45 10,4 00:00 0,0 9,4 19:45 12 0,7 15,9 2,5 0,0 27 22,3 14:55 7,1 06:15 0,0 19,8 13:45 218 2,4 14,9 3,4 0,0 28 24,7 13:50 12,5 06:35 0,0 19,8 14:40 199 2,2 18,5 0,0 0,1 29 27,5 15:00 13,4 04:55 1,5 20,9 15:05 191 2,0 19,8 0,0 1,5 30 26,2 14:25 15,3 06:30 6,2 9,4 12:55 168 0,8 19,5 0,0 1,2 31 24,2 12:15 13,6 06:10 0,0 10,8 12:20 182 0,7 18,9 0,0 0,6 --------------------------------------------------------------------------------------- T Max Day T Min Day tot.rain wind max Day 31,3 17 7,1 27 104,6 29,5 15 203 1,4 19,6 10,5 49,7 Updated: 29/12/2023 09:00:00